{"id":30,"date":"2018-11-21T12:14:45","date_gmt":"2018-11-21T11:14:45","guid":{"rendered":"http:\/\/wp.catedu.es\/abpteruel\/?page_id=30"},"modified":"2019-02-27T10:35:10","modified_gmt":"2019-02-27T09:35:10","slug":"proyectos","status":"publish","type":"page","link":"https:\/\/wp.catedu.es\/abpteruel\/proyectos\/","title":{"rendered":"PROYECTOS"},"content":{"rendered":"\n\n<table id=\"tablepress-1\" class=\"tablepress tablepress-id-1\">\n<thead>\n<tr class=\"row-1\">\n\t<th class=\"column-1\">T\u00cdTULO<\/th><th class=\"column-2\">CENTRO<\/th><th class=\"column-3\">NIVEL\/CURSO<\/th><th class=\"column-4\">\u00c1REAS IMPLICADAS<\/th><th class=\"column-5\">ENLACE<\/th>\n<\/tr>\n<\/thead>\n<tbody class=\"row-striping row-hover\">\n<tr class=\"row-2\">\n\t<td class=\"column-1\">\u201cANTES DE ESCRIBIR... \u00bfCONOCES LA PREHISTORIA?\u201d<\/td><td class=\"column-2\">CRA Cuna del Jiloca<\/td><td class=\"column-3\">3\u00ba y 4\u00ba de Educaci\u00f3n Primaria.<\/td><td class=\"column-4\">Ciencias Sociales y Naturales, Lengua Castellana y Ed. F\u00edsica.<br \/>\n<br \/>\nActividades puntuales de Art\u00edstica, Ingl\u00e9s y Matem\u00e1ticas.<\/td><td class=\"column-5\"><a href=\"https:\/\/drive.google.com\/drive\/folders\/1c-CicABwU6bU0-Xt3VttXYzOu1bSNmvu?usp=sharing\" rel=\"noopener\" target=\"_blank\">PINCHA AQU\u00cd<\/a><\/td>\n<\/tr>\n<tr class=\"row-3\">\n\t<td class=\"column-1\">YO SOY MATER\u00cdA, \u00bfY T\u00da?<\/td><td class=\"column-2\">CRA Somontano Bajo Arag\u00f3n<\/td><td class=\"column-3\">Infantil<br \/>\nPrimaria<\/td><td class=\"column-4\">Ciencias Naturales<\/td><td class=\"column-5\"><a href=\"https:\/\/drive.google.com\/drive\/folders\/1Yjhr84zqZmwqt9unE7jhYOnfq4t1ptjW?usp=sharing\" rel=\"noopener\" target=\"_blank\">PINCHA AQU\u00cd<\/a><\/td>\n<\/tr>\n<tr class=\"row-4\">\n\t<td class=\"column-1\">WE ARE ARCHITECTS!<\/td><td class=\"column-2\">CRA Somontano Bajo Arag\u00f3n<\/td><td class=\"column-3\">Primaria<\/td><td class=\"column-4\">Ingl\u00e9s<\/td><td class=\"column-5\"><a href=\"https:\/\/drive.google.com\/drive\/folders\/1aTFaiSbQOR20Evh7szEtxZ_sZdubBn7e?usp=sharing\" rel=\"noopener\" target=\"_blank\">PINCHA AQU\u00cd<\/a><\/td>\n<\/tr>\n<tr class=\"row-5\">\n\t<td class=\"column-1\"><\/td><td class=\"column-2\"><\/td><td class=\"column-3\"><\/td><td class=\"column-4\"><\/td><td class=\"column-5\"><\/td>\n<\/tr>\n<\/tbody>\n<\/table>\n\n","protected":false},"excerpt":{"rendered":"","protected":false},"author":105,"featured_media":0,"parent":0,"menu_order":0,"comment_status":"closed","ping_status":"closed","template":"","meta":{"footnotes":""},"class_list":["post-30","page","type-page","status-publish","hentry","nodate","item-wrap"],"_links":{"self":[{"href":"https:\/\/wp.catedu.es\/abpteruel\/wp-json\/wp\/v2\/pages\/30","targetHints":{"allow":["GET"]}}],"collection":[{"href":"https:\/\/wp.catedu.es\/abpteruel\/wp-json\/wp\/v2\/pages"}],"about":[{"href":"https:\/\/wp.catedu.es\/abpteruel\/wp-json\/wp\/v2\/types\/page"}],"author":[{"embeddable":true,"href":"https:\/\/wp.catedu.es\/abpteruel\/wp-json\/wp\/v2\/users\/105"}],"replies":[{"embeddable":true,"href":"https:\/\/wp.catedu.es\/abpteruel\/wp-json\/wp\/v2\/comments?post=30"}],"version-history":[{"count":3,"href":"https:\/\/wp.catedu.es\/abpteruel\/wp-json\/wp\/v2\/pages\/30\/revisions"}],"predecessor-version":[{"id":60,"href":"https:\/\/wp.catedu.es\/abpteruel\/wp-json\/wp\/v2\/pages\/30\/revisions\/60"}],"wp:attachment":[{"href":"https:\/\/wp.catedu.es\/abpteruel\/wp-json\/wp\/v2\/media?parent=30"}],"curies":[{"name":"wp","href":"https:\/\/api.w.org\/{rel}","templated":true}]}}