{"id":27,"date":"2016-09-21T18:23:20","date_gmt":"2016-09-21T17:23:20","guid":{"rendered":"http:\/\/wp.catedu.es\/afdpiramidefp\/?page_id=27"},"modified":"2016-09-21T18:41:00","modified_gmt":"2016-09-21T17:41:00","slug":"tecnico-superior-en-animacion-de-actividades-fisico-deportivas","status":"publish","type":"page","link":"https:\/\/wp.catedu.es\/afdpiramidefp\/ensenanzas\/tecnico-superior-en-animacion-de-actividades-fisico-deportivas\/","title":{"rendered":"T\u00e9cnico Superior en Animaci\u00f3n de Actividades F\u00edsico Deportivas"},"content":{"rendered":"<p><iframe loading=\"lazy\" src=\"https:\/\/docs.google.com\/presentation\/d\/1TgxJcNiOynKso0wn1DyjMhpjMhoECM1-KbaJm_AjfAw\/embed?start=false&amp;loop=false&amp;delayms=3000\" width=\"900\" height=\"749\" frameborder=\"0\" allowfullscreen=\"allowfullscreen\"><\/iframe><\/p>\n<h1><\/h1>\n<h1>M\u00c1S INFORMACI\u00d3N EN:<\/h1>\n<h1><a href=\"http:\/\/www.cpifppiramide.com\/p19.htm#s6\" target=\"_blank\">http:\/\/www.cpifppiramide.com\/p19.htm#s6<\/a><\/h1>\n","protected":false},"excerpt":{"rendered":"<p>M\u00c1S INFORMACI\u00d3N EN: http:\/\/www.cpifppiramide.com\/p19.htm#s6<\/p>\n","protected":false},"author":5,"featured_media":0,"parent":24,"menu_order":0,"comment_status":"closed","ping_status":"closed","template":"template-onecolumn.php","meta":{"jetpack_post_was_ever_published":false,"footnotes":""},"class_list":["post-27","page","type-page","status-publish","hentry","nodate","item-wrap"],"jetpack_sharing_enabled":true,"jetpack_shortlink":"https:\/\/wp.me\/P7Vg2L-r","jetpack-related-posts":[],"_links":{"self":[{"href":"https:\/\/wp.catedu.es\/afdpiramidefp\/wp-json\/wp\/v2\/pages\/27","targetHints":{"allow":["GET"]}}],"collection":[{"href":"https:\/\/wp.catedu.es\/afdpiramidefp\/wp-json\/wp\/v2\/pages"}],"about":[{"href":"https:\/\/wp.catedu.es\/afdpiramidefp\/wp-json\/wp\/v2\/types\/page"}],"author":[{"embeddable":true,"href":"https:\/\/wp.catedu.es\/afdpiramidefp\/wp-json\/wp\/v2\/users\/5"}],"replies":[{"embeddable":true,"href":"https:\/\/wp.catedu.es\/afdpiramidefp\/wp-json\/wp\/v2\/comments?post=27"}],"version-history":[{"count":5,"href":"https:\/\/wp.catedu.es\/afdpiramidefp\/wp-json\/wp\/v2\/pages\/27\/revisions"}],"predecessor-version":[{"id":44,"href":"https:\/\/wp.catedu.es\/afdpiramidefp\/wp-json\/wp\/v2\/pages\/27\/revisions\/44"}],"up":[{"embeddable":true,"href":"https:\/\/wp.catedu.es\/afdpiramidefp\/wp-json\/wp\/v2\/pages\/24"}],"wp:attachment":[{"href":"https:\/\/wp.catedu.es\/afdpiramidefp\/wp-json\/wp\/v2\/media?parent=27"}],"curies":[{"name":"wp","href":"https:\/\/api.w.org\/{rel}","templated":true}]}}