{"id":47,"date":"2016-09-23T09:57:04","date_gmt":"2016-09-23T08:57:04","guid":{"rendered":"http:\/\/wp.catedu.es\/afdpiramidefp\/?page_id=47"},"modified":"2016-09-23T09:57:04","modified_gmt":"2016-09-23T08:57:04","slug":"area-de-trabajo","status":"publish","type":"page","link":"https:\/\/wp.catedu.es\/afdpiramidefp\/area-de-trabajo\/","title":{"rendered":"\u00c1rea de trabajo"},"content":{"rendered":"<p>En este \u00e1rea iremos colgando diferentes noticias, fuentes de informaci\u00f3n, actividades y tareas, para el trabajo diario con los alumnos. En algunos casos la entrada ser\u00e1 restringida.<\/p>\n","protected":false},"excerpt":{"rendered":"<p>En este \u00e1rea iremos colgando diferentes noticias, fuentes de informaci\u00f3n, actividades y tareas, para el trabajo diario con los alumnos. En algunos casos la entrada ser\u00e1 restringida.<\/p>\n","protected":false},"author":5,"featured_media":0,"parent":0,"menu_order":0,"comment_status":"closed","ping_status":"closed","template":"","meta":{"jetpack_post_was_ever_published":false,"footnotes":""},"class_list":["post-47","page","type-page","status-publish","hentry","nodate","item-wrap"],"jetpack_sharing_enabled":true,"jetpack_shortlink":"https:\/\/wp.me\/P7Vg2L-L","jetpack-related-posts":[],"_links":{"self":[{"href":"https:\/\/wp.catedu.es\/afdpiramidefp\/wp-json\/wp\/v2\/pages\/47","targetHints":{"allow":["GET"]}}],"collection":[{"href":"https:\/\/wp.catedu.es\/afdpiramidefp\/wp-json\/wp\/v2\/pages"}],"about":[{"href":"https:\/\/wp.catedu.es\/afdpiramidefp\/wp-json\/wp\/v2\/types\/page"}],"author":[{"embeddable":true,"href":"https:\/\/wp.catedu.es\/afdpiramidefp\/wp-json\/wp\/v2\/users\/5"}],"replies":[{"embeddable":true,"href":"https:\/\/wp.catedu.es\/afdpiramidefp\/wp-json\/wp\/v2\/comments?post=47"}],"version-history":[{"count":1,"href":"https:\/\/wp.catedu.es\/afdpiramidefp\/wp-json\/wp\/v2\/pages\/47\/revisions"}],"predecessor-version":[{"id":48,"href":"https:\/\/wp.catedu.es\/afdpiramidefp\/wp-json\/wp\/v2\/pages\/47\/revisions\/48"}],"wp:attachment":[{"href":"https:\/\/wp.catedu.es\/afdpiramidefp\/wp-json\/wp\/v2\/media?parent=47"}],"curies":[{"name":"wp","href":"https:\/\/api.w.org\/{rel}","templated":true}]}}