{"id":180,"date":"2022-12-29T19:51:23","date_gmt":"2022-12-29T18:51:23","guid":{"rendered":"https:\/\/wp.catedu.es\/anaepa\/?page_id=180"},"modified":"2022-12-29T19:51:23","modified_gmt":"2022-12-29T18:51:23","slug":"biblioteca","status":"publish","type":"page","link":"https:\/\/wp.catedu.es\/anaepa\/biblioteca\/","title":{"rendered":"BIBLIOTECA"},"content":{"rendered":"<h1 class=\"post-title entry-title\">Lecturas por y para la igualdad<\/h1>\n<div class=\"entry-content clearfix\">\n<p>Recuerda que la biblioteca del CPEPA Concepci\u00f3n Arenal dedica varios de sus estantes a las lecturas por y para la igualdad<\/p>\n<p>Muy pronto, llegar\u00e1n las novedades a la biblioteca del centro: nuevas lecturas que se han adquirido gracias a la aportaci\u00f3n econ\u00f3mica recibida desde la DGA para poner en marcha acciones encaminadas a reducir todo tipo de desigualdades. Para que vayas abriendo boca, estos son algunos de los t\u00edtulos de los que muy pronto podr\u00e1s disfrutar:<\/p>\n<div class=\"wp-block-file\"><object><\/object><a id=\"wp-block-file--media-0527448f-7da3-4ad3-bf10-d3653b5c3ee8\" href=\"https:\/\/epaarenal.catedu.es\/wp-content\/uploads\/sites\/335\/2022\/11\/LIBROS-PLAN-IGUALDAD-NOVEDADES-CURSO-2022-2023.pdf\"><\/a><\/div>\n<div class=\"wp-block-file\">LIBROS PLAN IGUALDAD NOVEDADES CURSO 2022-2023<\/div>\n<div class=\"wp-block-file\"><a class=\"wp-block-file__button wp-element-button\" href=\"https:\/\/epaarenal.catedu.es\/wp-content\/uploads\/sites\/335\/2022\/11\/LIBROS-PLAN-IGUALDAD-NOVEDADES-CURSO-2022-2023.pdf\" aria-describedby=\"wp-block-file--media-0527448f-7da3-4ad3-bf10-d3653b5c3ee8\">Descarga<\/a><\/div>\n<p><a href=\"https:\/\/epaarenal.catedu.es\/wp-content\/uploads\/sites\/335\/2022\/11\/LIBROS-PLAN-IGUALDAD-NOVEDADES-CURSO-2022-2023.pdf\">LIBROS PLAN IGUALDAD NOVEDADES CURSO 2022 2023 Descarga<\/a><\/p>\n<p>Algunas de las lecturas de las que ya puedes disfrutar:<\/p>\n<figure class=\"is-layout-flex wp-block-gallery-1 wp-block-gallery has-nested-images columns-default is-cropped\">\n<figure class=\"wp-block-image size-large\"><img loading=\"lazy\" decoding=\"async\" class=\"wp-image-806\" src=\"https:\/\/epaarenal.catedu.es\/wp-content\/uploads\/sites\/335\/2022\/11\/IMG_4016-768x1024.jpg\" alt=\"\" width=\"768\" height=\"1024\" data-id=\"806\" \/><\/figure>\n<figure class=\"wp-block-image size-large\"><img loading=\"lazy\" decoding=\"async\" class=\"wp-image-804\" src=\"https:\/\/epaarenal.catedu.es\/wp-content\/uploads\/sites\/335\/2022\/11\/IMG_4015-768x1024.jpg\" alt=\"\" width=\"768\" height=\"1024\" data-id=\"804\" \/><\/figure>\n<figure class=\"wp-block-image size-large\"><img loading=\"lazy\" decoding=\"async\" class=\"wp-image-803\" src=\"https:\/\/epaarenal.catedu.es\/wp-content\/uploads\/sites\/335\/2022\/11\/IMG_4011-1024x768.jpg\" alt=\"\" width=\"1024\" height=\"768\" data-id=\"803\" \/><\/figure>\n<figure class=\"wp-block-image size-large\"><img loading=\"lazy\" decoding=\"async\" class=\"wp-image-802\" src=\"https:\/\/epaarenal.catedu.es\/wp-content\/uploads\/sites\/335\/2022\/11\/IMG_4019-768x1024.jpg\" alt=\"\" width=\"768\" height=\"1024\" data-id=\"802\" \/><\/figure>\n<figure class=\"wp-block-image size-large\"><img loading=\"lazy\" decoding=\"async\" class=\"wp-image-801\" src=\"https:\/\/epaarenal.catedu.es\/wp-content\/uploads\/sites\/335\/2022\/11\/IMG_4014-768x1024.jpg\" alt=\"\" width=\"768\" height=\"1024\" data-id=\"801\" \/><\/figure>\n<figure class=\"wp-block-image size-large\"><img loading=\"lazy\" decoding=\"async\" class=\"wp-image-800\" src=\"https:\/\/epaarenal.catedu.es\/wp-content\/uploads\/sites\/335\/2022\/11\/IMG_4018-768x1024.jpg\" alt=\"\" width=\"768\" height=\"1024\" data-id=\"800\" \/><\/figure>\n<figure class=\"wp-block-image size-large\"><img loading=\"lazy\" decoding=\"async\" class=\"wp-image-791\" src=\"https:\/\/epaarenal.catedu.es\/wp-content\/uploads\/sites\/335\/2022\/11\/IMG_3999-1024x768.jpg\" alt=\"\" width=\"1024\" height=\"768\" data-id=\"791\" \/><\/figure>\n<figure class=\"wp-block-image size-large\"><img loading=\"lazy\" decoding=\"async\" class=\"wp-image-793\" src=\"https:\/\/epaarenal.catedu.es\/wp-content\/uploads\/sites\/335\/2022\/11\/IMG_4003-768x1024.jpg\" alt=\"\" width=\"768\" height=\"1024\" data-id=\"793\" \/><\/figure>\n<figure class=\"wp-block-image size-large\"><img loading=\"lazy\" decoding=\"async\" class=\"wp-image-797\" src=\"https:\/\/epaarenal.catedu.es\/wp-content\/uploads\/sites\/335\/2022\/11\/IMG_4013-1024x768.jpg\" alt=\"\" width=\"1024\" height=\"768\" data-id=\"797\" \/><\/figure>\n<figure class=\"wp-block-image size-large\"><img loading=\"lazy\" decoding=\"async\" class=\"wp-image-790\" src=\"https:\/\/epaarenal.catedu.es\/wp-content\/uploads\/sites\/335\/2022\/11\/IMG_4001-1024x768.jpg\" alt=\"\" width=\"1024\" height=\"768\" data-id=\"790\" \/><\/figure>\n<\/figure>\n<div id=\"fcbkbttn_right\" class=\"fcbkbttn_buttons_block\"><\/div>\n<div class=\"addtoany_share_save_container addtoany_content addtoany_content_bottom\">\n<div class=\"a2a_kit a2a_kit_size_32 addtoany_list\" data-a2a-url=\"https:\/\/epaarenal.catedu.es\/biblioteca\/la-biblioteca-del-cpepa-concepcion-arenal-dedica-varios-de-sus-estantes-a-las-lecturas-por-y-para-la-igualdad\/\" data-a2a-title=\"Lecturas por y para la igualdad\"><a class=\"a2a_button_facebook\" title=\"Facebook\" href=\"https:\/\/epaarenal.catedu.es\/#facebook\" target=\"_blank\" rel=\"nofollow noopener\"><span class=\"a2a_label\">Facebook<\/span><\/a><a class=\"a2a_button_twitter\" title=\"Twitter\" href=\"https:\/\/epaarenal.catedu.es\/#twitter\" target=\"_blank\" rel=\"nofollow noopener\"><span class=\"a2a_label\">Twitter<\/span><\/a><a class=\"a2a_button_email\" title=\"Email\" href=\"https:\/\/epaarenal.catedu.es\/#email\" target=\"_blank\" rel=\"nofollow noopener\"><span class=\"a2a_label\">Email<\/span><\/a><a class=\"a2a_dd addtoany_share_save addtoany_share\" href=\"https:\/\/www.addtoany.com\/share#url=https%3A%2F%2Fepaarenal.catedu.es%2Fbiblioteca%2Fla-biblioteca-del-cpepa-concepcion-arenal-dedica-varios-de-sus-estantes-a-las-lecturas-por-y-para-la-igualdad%2F&amp;title=Lecturas%20por%20y%20para%20la%20igualdad\"><span class=\"a2a_label a2a_localize\" data-a2a-localize=\"inner,Share\">Compartir<\/span><\/a><\/div>\n<\/div>\n<\/div>\n","protected":false},"excerpt":{"rendered":"Lecturas por y para la igualdad Recuerda que la biblioteca del CPEPA Concepci\u00f3n Arenal dedica varios de sus estantes a las lecturas por \n<a class=\"moretag\" href=\"https:\/\/wp.catedu.es\/anaepa\/biblioteca\/\"> [...]<\/a>","protected":false},"author":397,"featured_media":0,"parent":0,"menu_order":0,"comment_status":"closed","ping_status":"closed","template":"","meta":{"footnotes":""},"class_list":["post-180","page","type-page","status-publish","hentry"],"_links":{"self":[{"href":"https:\/\/wp.catedu.es\/anaepa\/wp-json\/wp\/v2\/pages\/180","targetHints":{"allow":["GET"]}}],"collection":[{"href":"https:\/\/wp.catedu.es\/anaepa\/wp-json\/wp\/v2\/pages"}],"about":[{"href":"https:\/\/wp.catedu.es\/anaepa\/wp-json\/wp\/v2\/types\/page"}],"author":[{"embeddable":true,"href":"https:\/\/wp.catedu.es\/anaepa\/wp-json\/wp\/v2\/users\/397"}],"replies":[{"embeddable":true,"href":"https:\/\/wp.catedu.es\/anaepa\/wp-json\/wp\/v2\/comments?post=180"}],"version-history":[{"count":1,"href":"https:\/\/wp.catedu.es\/anaepa\/wp-json\/wp\/v2\/pages\/180\/revisions"}],"predecessor-version":[{"id":181,"href":"https:\/\/wp.catedu.es\/anaepa\/wp-json\/wp\/v2\/pages\/180\/revisions\/181"}],"wp:attachment":[{"href":"https:\/\/wp.catedu.es\/anaepa\/wp-json\/wp\/v2\/media?parent=180"}],"curies":[{"name":"wp","href":"https:\/\/api.w.org\/{rel}","templated":true}]}}