{"id":162,"date":"2015-06-27T12:16:16","date_gmt":"2015-06-27T11:16:16","guid":{"rendered":"http:\/\/wp.catedu.es\/bibliotecaceipemilianolabarta\/?page_id=162"},"modified":"2015-06-27T12:16:44","modified_gmt":"2015-06-27T11:16:44","slug":"proyeccion-pml","status":"publish","type":"page","link":"https:\/\/wp.catedu.es\/bibliotecaceipemilianolabarta\/plan-municipal-lectura\/proyeccion-pml\/","title":{"rendered":"Proyecci\u00f3n PML"},"content":{"rendered":"<p style=\"text-align: justify;\"><a href=\"http:\/\/wp.catedu.es\/bibliotecaceipemilianolabarta\/wp-content\/uploads\/sites\/20\/2015\/06\/V-encuentros-cabecera.png\"><img loading=\"lazy\" decoding=\"async\" data-attachment-id=\"164\" data-permalink=\"https:\/\/wp.catedu.es\/bibliotecaceipemilianolabarta\/plan-municipal-lectura\/proyeccion-pml\/v-encuentros-cabecera\/\" data-orig-file=\"https:\/\/wp.catedu.es\/bibliotecaceipemilianolabarta\/wp-content\/uploads\/sites\/20\/2015\/06\/V-encuentros-cabecera.png\" data-orig-size=\"950,172\" data-comments-opened=\"0\" data-image-meta=\"{&quot;aperture&quot;:&quot;0&quot;,&quot;credit&quot;:&quot;&quot;,&quot;camera&quot;:&quot;&quot;,&quot;caption&quot;:&quot;&quot;,&quot;created_timestamp&quot;:&quot;0&quot;,&quot;copyright&quot;:&quot;&quot;,&quot;focal_length&quot;:&quot;0&quot;,&quot;iso&quot;:&quot;0&quot;,&quot;shutter_speed&quot;:&quot;0&quot;,&quot;title&quot;:&quot;&quot;,&quot;orientation&quot;:&quot;0&quot;}\" data-image-title=\"V-encuentros-cabecera\" data-image-description=\"\" data-image-caption=\"\" data-large-file=\"https:\/\/wp.catedu.es\/bibliotecaceipemilianolabarta\/wp-content\/uploads\/sites\/20\/2015\/06\/V-encuentros-cabecera.png\" class=\"  wp-image-164 aligncenter\" src=\"http:\/\/wp.catedu.es\/bibliotecaceipemilianolabarta\/wp-content\/uploads\/sites\/20\/2015\/06\/V-encuentros-cabecera-300x54.png\" alt=\"V-encuentros-cabecera\" width=\"477\" height=\"86\" srcset=\"https:\/\/wp.catedu.es\/bibliotecaceipemilianolabarta\/wp-content\/uploads\/sites\/20\/2015\/06\/V-encuentros-cabecera-300x54.png 300w, https:\/\/wp.catedu.es\/bibliotecaceipemilianolabarta\/wp-content\/uploads\/sites\/20\/2015\/06\/V-encuentros-cabecera-100x18.png 100w, https:\/\/wp.catedu.es\/bibliotecaceipemilianolabarta\/wp-content\/uploads\/sites\/20\/2015\/06\/V-encuentros-cabecera-150x27.png 150w, https:\/\/wp.catedu.es\/bibliotecaceipemilianolabarta\/wp-content\/uploads\/sites\/20\/2015\/06\/V-encuentros-cabecera-200x36.png 200w, https:\/\/wp.catedu.es\/bibliotecaceipemilianolabarta\/wp-content\/uploads\/sites\/20\/2015\/06\/V-encuentros-cabecera-450x81.png 450w, https:\/\/wp.catedu.es\/bibliotecaceipemilianolabarta\/wp-content\/uploads\/sites\/20\/2015\/06\/V-encuentros-cabecera-600x109.png 600w, https:\/\/wp.catedu.es\/bibliotecaceipemilianolabarta\/wp-content\/uploads\/sites\/20\/2015\/06\/V-encuentros-cabecera-900x163.png 900w, https:\/\/wp.catedu.es\/bibliotecaceipemilianolabarta\/wp-content\/uploads\/sites\/20\/2015\/06\/V-encuentros-cabecera.png 950w\" sizes=\"auto, (max-width: 477px) 100vw, 477px\" \/><\/a><\/p>\n<p style=\"text-align: justify;\">El Plan Municipal de Lectura fue presentado en el <strong>V Encuentro de Bibliotecas y Municipio<\/strong>, que se celebra cada dos a\u00f1os en Madrid y que promueve el Ministerio de Educaci\u00f3n, Cultura y Deporte.\u00a0La participaci\u00f3n en este foro tuvo una notable repercusi\u00f3n en los medios de comunicaci\u00f3n auton\u00f3micos y despert\u00f3 gran inter\u00e9s en otras comunidades aut\u00f3nomas. La informaci\u00f3n completa sobre las jornadas puede encontrarse en el enlace.<\/p>\n<p>http:\/\/www.mecd.gob.es\/cultura-mecd\/areas-cultura\/bibliotecas\/mc\/encuentrobm\/2013\/ponencias\/puebla-alfinden.html<\/p>\n<p style=\"text-align: justify;\">Muchos profesionales del mundo de las bibliotecas se interesaron por el sistema de trabajo que se lleva a cabo en este municipio.Este inter\u00e9s impuls\u00f3 la creaci\u00f3n de un Grupo de Trabajo de \u00e1mbito nacional, para la elaboraci\u00f3n de un Plan Local de Lectura; este grupo est\u00e1 formado por representantes de bibliotecas p\u00fablicas y bibliotecas escolares y toma c\u00f3mo modelo y punto de partida el Plan Municipal de Lectura de La Puebla de Alfind\u00e9n. Este grupo de trabajo tiene c\u00f3mo cometido elaborar un documento base en el que se recojan posibles maneras de organizaci\u00f3n, procedimientos y financiaci\u00f3n que debe tener un Plan de Lectura. Lo coordinan Beatriz Call\u00e9n, gestor cultural del Ayuntamiento de La Puebla de Alfind\u00e9n y coordinadora de este Plan Municipal y Pilar Bes, coordinadora de bibliotecas del Ayuntamiento de Zaragoza.<\/p>\n<p style=\"text-align: justify;\">\u00a0 El presente curso, s<a href=\"http:\/\/wp.catedu.es\/bibliotecaceipemilianolabarta\/wp-content\/uploads\/sites\/20\/2015\/06\/jorn-extremadura.jpg\"><img loading=\"lazy\" decoding=\"async\" data-attachment-id=\"163\" data-permalink=\"https:\/\/wp.catedu.es\/bibliotecaceipemilianolabarta\/plan-municipal-lectura\/proyeccion-pml\/jorn-extremadura\/\" data-orig-file=\"https:\/\/wp.catedu.es\/bibliotecaceipemilianolabarta\/wp-content\/uploads\/sites\/20\/2015\/06\/jorn-extremadura.jpg\" data-orig-size=\"1134,1701\" data-comments-opened=\"0\" data-image-meta=\"{&quot;aperture&quot;:&quot;0&quot;,&quot;credit&quot;:&quot;&quot;,&quot;camera&quot;:&quot;&quot;,&quot;caption&quot;:&quot;&quot;,&quot;created_timestamp&quot;:&quot;0&quot;,&quot;copyright&quot;:&quot;&quot;,&quot;focal_length&quot;:&quot;0&quot;,&quot;iso&quot;:&quot;0&quot;,&quot;shutter_speed&quot;:&quot;0&quot;,&quot;title&quot;:&quot;&quot;,&quot;orientation&quot;:&quot;0&quot;}\" data-image-title=\"jorn extremadura\" data-image-description=\"\" data-image-caption=\"\" data-large-file=\"https:\/\/wp.catedu.es\/bibliotecaceipemilianolabarta\/wp-content\/uploads\/sites\/20\/2015\/06\/jorn-extremadura-683x1024.jpg\" class=\"  wp-image-163 alignleft\" src=\"http:\/\/wp.catedu.es\/bibliotecaceipemilianolabarta\/wp-content\/uploads\/sites\/20\/2015\/06\/jorn-extremadura-200x300.jpg\" alt=\"jorn extremadura\" width=\"193\" height=\"290\" srcset=\"https:\/\/wp.catedu.es\/bibliotecaceipemilianolabarta\/wp-content\/uploads\/sites\/20\/2015\/06\/jorn-extremadura-200x300.jpg 200w, https:\/\/wp.catedu.es\/bibliotecaceipemilianolabarta\/wp-content\/uploads\/sites\/20\/2015\/06\/jorn-extremadura-683x1024.jpg 683w, https:\/\/wp.catedu.es\/bibliotecaceipemilianolabarta\/wp-content\/uploads\/sites\/20\/2015\/06\/jorn-extremadura-100x150.jpg 100w, https:\/\/wp.catedu.es\/bibliotecaceipemilianolabarta\/wp-content\/uploads\/sites\/20\/2015\/06\/jorn-extremadura-150x225.jpg 150w, https:\/\/wp.catedu.es\/bibliotecaceipemilianolabarta\/wp-content\/uploads\/sites\/20\/2015\/06\/jorn-extremadura-300x450.jpg 300w, https:\/\/wp.catedu.es\/bibliotecaceipemilianolabarta\/wp-content\/uploads\/sites\/20\/2015\/06\/jorn-extremadura-450x675.jpg 450w, https:\/\/wp.catedu.es\/bibliotecaceipemilianolabarta\/wp-content\/uploads\/sites\/20\/2015\/06\/jorn-extremadura-600x900.jpg 600w, https:\/\/wp.catedu.es\/bibliotecaceipemilianolabarta\/wp-content\/uploads\/sites\/20\/2015\/06\/jorn-extremadura-900x1350.jpg 900w, https:\/\/wp.catedu.es\/bibliotecaceipemilianolabarta\/wp-content\/uploads\/sites\/20\/2015\/06\/jorn-extremadura.jpg 1134w\" sizes=\"auto, (max-width: 193px) 100vw, 193px\" \/><\/a>e invit\u00f3 a contar este plan en las 3as Jornadas de\u00a0\u00a0 Bibliotecas de Extremadura, celebradas en M\u00e9rida el 15 de octubre de 2014.\u00a0\u00a0 La comunicaci\u00f3n fue \u00abExperiencias de cooperaci\u00f3n entre bibliotecas p\u00fablicas y escolares: La Puebla de alfind\u00e9n\u00bb a cargo de M\u00aa Jes\u00fas Cruz, del Departamento de Educaci\u00f3n, Universidad, Cultura y Deporte del\u00a0 Gobierno de Arag\u00f3n; Beatriz CAll\u00e9n, Biblioteca Municipal; Mar\u00eda Salmer\u00f3n, CEIP Los Albares.<\/p>\n<p style=\"text-align: justify;\">Toda la informaci\u00f3n sobre estas jornadas, incluido el audio de la ponencia citada, se puede encontrar en el enlace.<\/p>\n<p>http:\/\/jornadabibliotecas.educarex.es\/jornadas\/<\/p>\n","protected":false},"excerpt":{"rendered":"<p>El Plan Municipal de Lectura fue presentado en el V Encuentro de Bibliotecas y Municipio, que se celebra cada dos a\u00f1os en Madrid y que promueve el Ministerio de Educaci\u00f3n, Cultura y Deporte.\u00a0La participaci\u00f3n en este foro tuvo una notable &hellip;<\/p>\n<p class=\"read-more\"> <a class=\"more-link\" href=\"https:\/\/wp.catedu.es\/bibliotecaceipemilianolabarta\/plan-municipal-lectura\/proyeccion-pml\/\"> <span class=\"screen-reader-text\">Proyecci\u00f3n PML<\/span> Leer m\u00e1s \u00bb<\/a><\/p>\n","protected":false},"author":65,"featured_media":0,"parent":155,"menu_order":0,"comment_status":"closed","ping_status":"closed","template":"","meta":{"jetpack_post_was_ever_published":false,"footnotes":""},"class_list":["post-162","page","type-page","status-publish","hentry"],"jetpack_sharing_enabled":true,"jetpack_shortlink":"https:\/\/wp.me\/P64L9T-2C","jetpack-related-posts":[],"jetpack_likes_enabled":true,"_links":{"self":[{"href":"https:\/\/wp.catedu.es\/bibliotecaceipemilianolabarta\/wp-json\/wp\/v2\/pages\/162","targetHints":{"allow":["GET"]}}],"collection":[{"href":"https:\/\/wp.catedu.es\/bibliotecaceipemilianolabarta\/wp-json\/wp\/v2\/pages"}],"about":[{"href":"https:\/\/wp.catedu.es\/bibliotecaceipemilianolabarta\/wp-json\/wp\/v2\/types\/page"}],"author":[{"embeddable":true,"href":"https:\/\/wp.catedu.es\/bibliotecaceipemilianolabarta\/wp-json\/wp\/v2\/users\/65"}],"replies":[{"embeddable":true,"href":"https:\/\/wp.catedu.es\/bibliotecaceipemilianolabarta\/wp-json\/wp\/v2\/comments?post=162"}],"version-history":[{"count":2,"href":"https:\/\/wp.catedu.es\/bibliotecaceipemilianolabarta\/wp-json\/wp\/v2\/pages\/162\/revisions"}],"predecessor-version":[{"id":166,"href":"https:\/\/wp.catedu.es\/bibliotecaceipemilianolabarta\/wp-json\/wp\/v2\/pages\/162\/revisions\/166"}],"up":[{"embeddable":true,"href":"https:\/\/wp.catedu.es\/bibliotecaceipemilianolabarta\/wp-json\/wp\/v2\/pages\/155"}],"wp:attachment":[{"href":"https:\/\/wp.catedu.es\/bibliotecaceipemilianolabarta\/wp-json\/wp\/v2\/media?parent=162"}],"curies":[{"name":"wp","href":"https:\/\/api.w.org\/{rel}","templated":true}]}}

Proyección PML

<p style="text-align: justify;"><a href="http://wp.catedu.es/bibliotecaceipemilianolabarta/wp-content/uploads/sites/20/2015/06/V-encuentros-cabecera.png"><img loading="lazy" decoding="async" data-attachment-id="164" data-permalink="https://wp.catedu.es/bibliotecaceipemilianolabarta/plan-municipal-lectura/proyeccion-pml/v-encuentros-cabecera/" data-orig-file="https://wp.catedu.es/bibliotecaceipemilianolabarta/wp-content/uploads/sites/20/2015/06/V-encuentros-cabecera.png" data-orig-size="950,172" data-comments-opened="0" data-image-meta="{&quot;aperture&quot;:&quot;0&quot;,&quot;credit&quot;:&quot;&quot;,&quot;camera&quot;:&quot;&quot;,&quot;caption&quot;:&quot;&quot;,&quot;created_timestamp&quot;:&quot;0&quot;,&quot;copyright&quot;:&quot;&quot;,&quot;focal_length&quot;:&quot;0&quot;,&quot;iso&quot;:&quot;0&quot;,&quot;shutter_speed&quot;:&quot;0&quot;,&quot;title&quot;:&quot;&quot;,&quot;orientation&quot;:&quot;0&quot;}" data-image-title="V-encuentros-cabecera" data-image-description="" data-image-caption="" data-large-file="https://wp.catedu.es/bibliotecaceipemilianolabarta/wp-content/uploads/sites/20/2015/06/V-encuentros-cabecera.png" class="  wp-image-164 aligncenter" src="http://wp.catedu.es/bibliotecaceipemilianolabarta/wp-content/uploads/sites/20/2015/06/V-encuentros-cabecera-300x54.png" alt="V-encuentros-cabecera" width="477" height="86" srcset="https://wp.catedu.es/bibliotecaceipemilianolabarta/wp-content/uploads/sites/20/2015/06/V-encuentros-cabecera-300x54.png 300w, https://wp.catedu.es/bibliotecaceipemilianolabarta/wp-content/uploads/sites/20/2015/06/V-encuentros-cabecera-100x18.png 100w, https://wp.catedu.es/bibliotecaceipemilianolabarta/wp-content/uploads/sites/20/2015/06/V-encuentros-cabecera-150x27.png 150w, https://wp.catedu.es/bibliotecaceipemilianolabarta/wp-content/uploads/sites/20/2015/06/V-encuentros-cabecera-200x36.png 200w, https://wp.catedu.es/bibliotecaceipemilianolabarta/wp-content/uploads/sites/20/2015/06/V-encuentros-cabecera-450x81.png 450w, https://wp.catedu.es/bibliotecaceipemilianolabarta/wp-content/uploads/sites/20/2015/06/V-encuentros-cabecera-600x109.png 600w, https://wp.catedu.es/bibliotecaceipemilianolabarta/wp-content/uploads/sites/20/2015/06/V-encuentros-cabecera-900x163.png 900w, https://wp.catedu.es/bibliotecaceipemilianolabarta/wp-content/uploads/sites/20/2015/06/V-encuentros-cabecera.png 950w" sizes="auto, (max-width: 477px) 100vw, 477px" /></a></p>
<p style="text-align: justify;">El Plan Municipal de Lectura fue presentado en el <strong>V Encuentro de Bibliotecas y Municipio</strong>, que se celebra cada dos años en Madrid y que promueve el Ministerio de Educación, Cultura y Deporte. La participación en este foro tuvo una notable repercusión en los medios de comunicación autonómicos y despertó gran interés en otras comunidades autónomas. La información completa sobre las jornadas puede encontrarse en el enlace.</p>
<p>http://www.mecd.gob.es/cultura-mecd/areas-cultura/bibliotecas/mc/encuentrobm/2013/ponencias/puebla-alfinden.html</p>
<p style="text-align: justify;">Muchos profesionales del mundo de las bibliotecas se interesaron por el sistema de trabajo que se lleva a cabo en este municipio.Este interés impulsó la creación de un Grupo de Trabajo de ámbito nacional, para la elaboración de un Plan Local de Lectura; este grupo está formado por representantes de bibliotecas públicas y bibliotecas escolares y toma cómo modelo y punto de partida el Plan Municipal de Lectura de La Puebla de Alfindén. Este grupo de trabajo tiene cómo cometido elaborar un documento base en el que se recojan posibles maneras de organización, procedimientos y financiación que debe tener un Plan de Lectura. Lo coordinan Beatriz Callén, gestor cultural del Ayuntamiento de La Puebla de Alfindén y coordinadora de este Plan Municipal y Pilar Bes, coordinadora de bibliotecas del Ayuntamiento de Zaragoza.</p>
<p style="text-align: justify;">  El presente curso, s<a href="http://wp.catedu.es/bibliotecaceipemilianolabarta/wp-content/uploads/sites/20/2015/06/jorn-extremadura.jpg"><img loading="lazy" decoding="async" data-attachment-id="163" data-permalink="https://wp.catedu.es/bibliotecaceipemilianolabarta/plan-municipal-lectura/proyeccion-pml/jorn-extremadura/" data-orig-file="https://wp.catedu.es/bibliotecaceipemilianolabarta/wp-content/uploads/sites/20/2015/06/jorn-extremadura.jpg" data-orig-size="1134,1701" data-comments-opened="0" data-image-meta="{&quot;aperture&quot;:&quot;0&quot;,&quot;credit&quot;:&quot;&quot;,&quot;camera&quot;:&quot;&quot;,&quot;caption&quot;:&quot;&quot;,&quot;created_timestamp&quot;:&quot;0&quot;,&quot;copyright&quot;:&quot;&quot;,&quot;focal_length&quot;:&quot;0&quot;,&quot;iso&quot;:&quot;0&quot;,&quot;shutter_speed&quot;:&quot;0&quot;,&quot;title&quot;:&quot;&quot;,&quot;orientation&quot;:&quot;0&quot;}" data-image-title="jorn extremadura" data-image-description="" data-image-caption="" data-large-file="https://wp.catedu.es/bibliotecaceipemilianolabarta/wp-content/uploads/sites/20/2015/06/jorn-extremadura-683x1024.jpg" class="  wp-image-163 alignleft" src="http://wp.catedu.es/bibliotecaceipemilianolabarta/wp-content/uploads/sites/20/2015/06/jorn-extremadura-200x300.jpg" alt="jorn extremadura" width="193" height="290" srcset="https://wp.catedu.es/bibliotecaceipemilianolabarta/wp-content/uploads/sites/20/2015/06/jorn-extremadura-200x300.jpg 200w, https://wp.catedu.es/bibliotecaceipemilianolabarta/wp-content/uploads/sites/20/2015/06/jorn-extremadura-683x1024.jpg 683w, https://wp.catedu.es/bibliotecaceipemilianolabarta/wp-content/uploads/sites/20/2015/06/jorn-extremadura-100x150.jpg 100w, https://wp.catedu.es/bibliotecaceipemilianolabarta/wp-content/uploads/sites/20/2015/06/jorn-extremadura-150x225.jpg 150w, https://wp.catedu.es/bibliotecaceipemilianolabarta/wp-content/uploads/sites/20/2015/06/jorn-extremadura-300x450.jpg 300w, https://wp.catedu.es/bibliotecaceipemilianolabarta/wp-content/uploads/sites/20/2015/06/jorn-extremadura-450x675.jpg 450w, https://wp.catedu.es/bibliotecaceipemilianolabarta/wp-content/uploads/sites/20/2015/06/jorn-extremadura-600x900.jpg 600w, https://wp.catedu.es/bibliotecaceipemilianolabarta/wp-content/uploads/sites/20/2015/06/jorn-extremadura-900x1350.jpg 900w, https://wp.catedu.es/bibliotecaceipemilianolabarta/wp-content/uploads/sites/20/2015/06/jorn-extremadura.jpg 1134w" sizes="auto, (max-width: 193px) 100vw, 193px" /></a>e invitó a contar este plan en las 3as Jornadas de   Bibliotecas de Extremadura, celebradas en Mérida el 15 de octubre de 2014.   La comunicación fue «Experiencias de cooperación entre bibliotecas públicas y escolares: La Puebla de alfindén» a cargo de Mª Jesús Cruz, del Departamento de Educación, Universidad, Cultura y Deporte del  Gobierno de Aragón; Beatriz CAllén, Biblioteca Municipal; María Salmerón, CEIP Los Albares.</p>
<p style="text-align: justify;">Toda la información sobre estas jornadas, incluido el audio de la ponencia citada, se puede encontrar en el enlace.</p>
<p>http://jornadabibliotecas.educarex.es/jornadas/</p>

<p>El Plan Municipal de Lectura fue presentado en el V Encuentro de Bibliotecas y Municipio, que se celebra cada dos años en Madrid y que promueve el Ministerio de Educación, Cultura y Deporte. La participación en este foro tuvo una notable &hellip;</p>
<p class="read-more"> <a class="more-link" href="https://wp.catedu.es/bibliotecaceipemilianolabarta/plan-municipal-lectura/proyeccion-pml/"> <span class="screen-reader-text">Proyección PML</span> Leer más »</a></p>
