{"id":204,"date":"2015-06-27T14:18:35","date_gmt":"2015-06-27T13:18:35","guid":{"rendered":"http:\/\/wp.catedu.es\/bibliotecaceipemilianolabarta\/?page_id=204"},"modified":"2015-06-28T19:21:10","modified_gmt":"2015-06-28T18:21:10","slug":"pl-curso-14-15","status":"publish","type":"page","link":"https:\/\/wp.catedu.es\/bibliotecaceipemilianolabarta\/plan-lector\/pl-curso-14-15\/","title":{"rendered":"PL curso 14-15"},"content":{"rendered":"<p><strong>El Plan Lector del CEIP Los Albares (curso 2014-15)<\/strong><\/p>\n<p style=\"text-align: justify;\">Durante el curso 2014-15, se ha ido trabajando y completando el documento del Plan Lector del colegio Los Albares. Falt\u00e1 por completar alg\u00fan apartado, que se ir\u00e1 realizando a lo largo del curso pr\u00f3ximo. Contiene amplia informaci\u00f3n sobre la manera de trabajar la lectura y c\u00f3mo se organiza el centro a varios niveles (profesorado, aula, recursos,&#8230;) Es un documento extenso, pero se pueden consultar apartados concretos y especialmente los anexos, que abordan aspectos espec\u00edficos. Para conocer de manera resumida los apartados calve del Plan Lector, recomendamos consultar el documento <a href=\"http:\/\/wp.catedu.es\/bibliotecaceipemilianolabarta\/wp-content\/uploads\/sites\/20\/2015\/06\/Claves-PL-CEIP-Los-Albares.pdf\">Claves PL CEIP Los Albares<\/a><\/p>\n<p>Enlace al documento completo <a href=\"http:\/\/wp.catedu.es\/bibliotecaceipemilianolabarta\/wp-content\/uploads\/sites\/20\/2015\/06\/Plan-Lector-Los-Albares-14-151.pdf\">Plan Lector Los Albares 14-15<\/a><\/p>\n","protected":false},"excerpt":{"rendered":"<p>El Plan Lector del CEIP Los Albares (curso 2014-15) Durante el curso 2014-15, se ha ido trabajando y completando el documento del Plan Lector del colegio Los Albares. Falt\u00e1 por completar alg\u00fan apartado, que se ir\u00e1 realizando a lo largo &hellip;<\/p>\n<p class=\"read-more\"> <a class=\"more-link\" href=\"https:\/\/wp.catedu.es\/bibliotecaceipemilianolabarta\/plan-lector\/pl-curso-14-15\/\"> <span class=\"screen-reader-text\">PL curso 14-15<\/span> Leer m\u00e1s \u00bb<\/a><\/p>\n","protected":false},"author":65,"featured_media":0,"parent":176,"menu_order":0,"comment_status":"closed","ping_status":"closed","template":"","meta":{"jetpack_post_was_ever_published":false,"footnotes":""},"class_list":["post-204","page","type-page","status-publish","hentry"],"jetpack_sharing_enabled":true,"jetpack_shortlink":"https:\/\/wp.me\/P64L9T-3i","jetpack-related-posts":[],"jetpack_likes_enabled":true,"_links":{"self":[{"href":"https:\/\/wp.catedu.es\/bibliotecaceipemilianolabarta\/wp-json\/wp\/v2\/pages\/204","targetHints":{"allow":["GET"]}}],"collection":[{"href":"https:\/\/wp.catedu.es\/bibliotecaceipemilianolabarta\/wp-json\/wp\/v2\/pages"}],"about":[{"href":"https:\/\/wp.catedu.es\/bibliotecaceipemilianolabarta\/wp-json\/wp\/v2\/types\/page"}],"author":[{"embeddable":true,"href":"https:\/\/wp.catedu.es\/bibliotecaceipemilianolabarta\/wp-json\/wp\/v2\/users\/65"}],"replies":[{"embeddable":true,"href":"https:\/\/wp.catedu.es\/bibliotecaceipemilianolabarta\/wp-json\/wp\/v2\/comments?post=204"}],"version-history":[{"count":5,"href":"https:\/\/wp.catedu.es\/bibliotecaceipemilianolabarta\/wp-json\/wp\/v2\/pages\/204\/revisions"}],"predecessor-version":[{"id":315,"href":"https:\/\/wp.catedu.es\/bibliotecaceipemilianolabarta\/wp-json\/wp\/v2\/pages\/204\/revisions\/315"}],"up":[{"embeddable":true,"href":"https:\/\/wp.catedu.es\/bibliotecaceipemilianolabarta\/wp-json\/wp\/v2\/pages\/176"}],"wp:attachment":[{"href":"https:\/\/wp.catedu.es\/bibliotecaceipemilianolabarta\/wp-json\/wp\/v2\/media?parent=204"}],"curies":[{"name":"wp","href":"https:\/\/api.w.org\/{rel}","templated":true}]}}