{"id":254,"date":"2020-12-11T21:06:17","date_gmt":"2020-12-11T20:06:17","guid":{"rendered":"http:\/\/wp.catedu.es\/bibliotecaiesillueca\/?page_id=254"},"modified":"2021-02-12T20:07:38","modified_gmt":"2021-02-12T19:07:38","slug":"inicio","status":"publish","type":"page","link":"https:\/\/wp.catedu.es\/bibliotecaiesillueca\/inicio\/","title":{"rendered":"BIENVENIDOS"},"content":{"rendered":"<p style=\"text-align: center\"><span style=\"font-size: 18pt;font-family: 'arial black', sans-serif\"><strong><span style=\"color: #333399\">BIENVENIDOS AL BLOG DE NUESTRA BIBLIOTECA<\/span><\/strong><\/span><\/p>\n<p style=\"text-align: left\">Os damos la bienvenida desde la biblioteca de nuestro centro. Lamentablemente este curso \u00abcoronav\u00edrico\u00bb no podemos tener la biblioteca abierta al p\u00fablico, pero nuestros libros est\u00e1n deseando salir, entrar y ser le\u00eddos por todos los alumnos, profesores y personal del centro.\u00a0 \u00bfPara qu\u00e9 sirve un libro olvidado en una estanter\u00eda?\u00a0 Si os apetece sacar alg\u00fan libro hemos puesto en marcha el pr\u00e9stamo de libros a trav\u00e9s del correo electr\u00f3nico, es muy sencillo, solamente tienes que contactar en esta direcci\u00f3n\u00a0 \u00a0\u00a0biblioteca@iesillueca.com , nos dices\u00a0 el t\u00edtulo\u00a0 y autor del libro , nombre del alumno, curso y grupo, enseguida recibir\u00e1s un correo con las indicaciones para recogerlo. Y no tengas miedo a los virus, realizamos un protocolo de desinfecci\u00f3n antes y despu\u00e9s de entregarlo, nuestros libros tambi\u00e9n pasan la cuarentena. Tambi\u00e9n puedes pasar por la biblioteca el jueves y viernes a la hora del recreo y solicitarlo.<\/p>\n<p><img loading=\"lazy\" decoding=\"async\" class=\"alignnone size-medium wp-image-37 aligncenter\" src=\"http:\/\/wp.catedu.es\/bibliotecaiesillueca\/wp-content\/uploads\/sites\/200\/2020\/10\/books-980x550-c-center-e1604000532678-300x114.jpg\" alt=\"\" width=\"300\" height=\"114\" srcset=\"https:\/\/wp.catedu.es\/bibliotecaiesillueca\/wp-content\/uploads\/sites\/200\/2020\/10\/books-980x550-c-center-e1604000532678-300x114.jpg 300w, https:\/\/wp.catedu.es\/bibliotecaiesillueca\/wp-content\/uploads\/sites\/200\/2020\/10\/books-980x550-c-center-e1604000532678-768x292.jpg 768w, https:\/\/wp.catedu.es\/bibliotecaiesillueca\/wp-content\/uploads\/sites\/200\/2020\/10\/books-980x550-c-center-e1604000532678-750x285.jpg 750w, https:\/\/wp.catedu.es\/bibliotecaiesillueca\/wp-content\/uploads\/sites\/200\/2020\/10\/books-980x550-c-center-e1604000532678.jpg 979w\" sizes=\"auto, (max-width: 300px) 100vw, 300px\" \/><\/p>\n<p>Tambi\u00e9n hemos creado este blog en el que os\u00a0 informaremos\u00a0 de las novedades adquiridas, de las actividades y celebraciones que vayamos realizando a lo largo del curso, de las publicaciones\u00a0 de nuestros alumnos que aparezcan en la prensa, de los concursos convocados y de todo aquello que nos parezca interesante en torno a la vida escolar y cultural del centro.<\/p>\n<p style=\"text-align: center\"><span style=\"font-size: 14pt\">\u00a1Aqu\u00ed estaremos! \u00a1Los virus no podr\u00e1n con la lectura!<\/span><\/p>\n<p style=\"text-align: center\"><img loading=\"lazy\" decoding=\"async\" class=\"wp-image-257 alignleft\" src=\"http:\/\/wp.catedu.es\/bibliotecaiesillueca\/wp-content\/uploads\/sites\/200\/2020\/12\/572b2263d23a0c7e9eb40ff273c969d0.gif\" alt=\"\" width=\"201\" height=\"270\" \/><\/p>\n<p><img loading=\"lazy\" decoding=\"async\" class=\"wp-image-256 alignright\" src=\"http:\/\/wp.catedu.es\/bibliotecaiesillueca\/wp-content\/uploads\/sites\/200\/2020\/12\/GIF.gif\" alt=\"\" width=\"227\" height=\"295\" \/><\/p>\n","protected":false},"excerpt":{"rendered":"<p>BIENVENIDOS AL BLOG DE NUESTRA BIBLIOTECA Os damos la bienvenida desde la biblioteca de nuestro centro. Lamentablemente este curso \u00abcoronav\u00edrico\u00bb no podemos tener la biblioteca abierta al p\u00fablico, pero nuestros libros est\u00e1n deseando salir, entrar y ser le\u00eddos por todos los alumnos, profesores y personal del centro.\u00a0 \u00bfPara qu\u00e9 sirve un libro olvidado en una [&hellip;]<\/p>\n","protected":false},"author":358,"featured_media":0,"parent":0,"menu_order":0,"comment_status":"closed","ping_status":"closed","template":"","meta":{"footnotes":""},"class_list":["post-254","page","type-page","status-publish","hentry"],"_links":{"self":[{"href":"https:\/\/wp.catedu.es\/bibliotecaiesillueca\/wp-json\/wp\/v2\/pages\/254","targetHints":{"allow":["GET"]}}],"collection":[{"href":"https:\/\/wp.catedu.es\/bibliotecaiesillueca\/wp-json\/wp\/v2\/pages"}],"about":[{"href":"https:\/\/wp.catedu.es\/bibliotecaiesillueca\/wp-json\/wp\/v2\/types\/page"}],"author":[{"embeddable":true,"href":"https:\/\/wp.catedu.es\/bibliotecaiesillueca\/wp-json\/wp\/v2\/users\/358"}],"replies":[{"embeddable":true,"href":"https:\/\/wp.catedu.es\/bibliotecaiesillueca\/wp-json\/wp\/v2\/comments?post=254"}],"version-history":[{"count":6,"href":"https:\/\/wp.catedu.es\/bibliotecaiesillueca\/wp-json\/wp\/v2\/pages\/254\/revisions"}],"predecessor-version":[{"id":359,"href":"https:\/\/wp.catedu.es\/bibliotecaiesillueca\/wp-json\/wp\/v2\/pages\/254\/revisions\/359"}],"wp:attachment":[{"href":"https:\/\/wp.catedu.es\/bibliotecaiesillueca\/wp-json\/wp\/v2\/media?parent=254"}],"curies":[{"name":"wp","href":"https:\/\/api.w.org\/{rel}","templated":true}]}}