{"id":236,"date":"2019-05-12T01:09:01","date_gmt":"2019-05-11T23:09:01","guid":{"rendered":"http:\/\/wp.catedu.es\/cmeducativo\/?page_id=236"},"modified":"2019-05-12T01:09:01","modified_gmt":"2019-05-11T23:09:01","slug":"conversion-de-formatos","status":"publish","type":"page","link":"https:\/\/wp.catedu.es\/cmeducativo\/video\/conversion-de-formatos\/","title":{"rendered":"Conversi\u00f3n de formatos"},"content":{"rendered":"<p class=\"font_7\"><span style=\"text-decoration: underline; font-size: 18pt;\"><strong>VLC<\/strong><\/span><\/p>\n<p class=\"font_7\" style=\"text-align: justify;\"><span class=\"wixGuard\">\u200b<\/span>VLC es un reproductor multimedia libre y de c\u00f3digo abierto multiplataforma y un framework que reproduce la mayor\u00eda de archivos multimedia, as\u00ed como DVD, Audio CD, VCD y diversos protocolos de transmisi\u00f3n. Reproduce virtualmente todo. Adem\u00e1s de ser un excelente reproductor, tambi\u00e9n puede convertir archivos. En este caso es un accesorio perfecto para combinar con Screencastify, pues puede convertir los archivos webM a mp4, por ejemplo.<\/p>\n<p style=\"text-align: center;\"><iframe loading=\"lazy\" src=\"\/\/www.youtube.com\/embed\/y_ZJtUummLc\" width=\"560\" height=\"314\" allowfullscreen=\"allowfullscreen\"><\/iframe><\/p>\n<table style=\"border-style: solid; border-color: #d91c1c; background-color: #f3fcd2;\" border=\"3\">\n<tbody>\n<tr>\n<td><span style=\"font-size: 14pt;\"><strong>El formato recomendado para la publicaci\u00f3n de v\u00eddeo en la web es el\u00a0MP4.<\/strong><\/span><\/p>\n<p class=\"font_8\">Las caracter\u00edsticas de este formato que justifican su \u00e9xito son:<\/p>\n<ul>\n<li style=\"list-style-type: none;\">\n<ul>\n<li class=\"font_8\" style=\"text-align: justify;\">Es uno de los formatos de v\u00eddeo m\u00e1s reciente.<\/li>\n<li class=\"font_8\" style=\"text-align: justify;\">Se basa en el est\u00e1ndar MPEG-4 utilizando el c\u00f3dec H.264 AVC para v\u00eddeo y el c\u00f3dec AAC o MP3 para audio.<\/li>\n<li class=\"font_8\" style=\"text-align: justify;\">Este formato ha experimentado un gran auge sobre todo a ra\u00edz del \u00e9xito de los dispositivos m\u00f3viles: tel\u00e9fonos y tabletas.<\/li>\n<li class=\"font_8\" style=\"text-align: justify;\">En el ordenador se puede reproducir con cualquier reproductor: VLC Media Player, Windows Media Player, etc.<\/li>\n<li class=\"font_8\" style=\"text-align: justify;\">El repositorio de v\u00eddeos Youtube o Vimeo cada vez utiliza m\u00e1s el formato MP4 para la descarga de los v\u00eddeos en distintas calidades.<\/li>\n<li class=\"font_8\" style=\"text-align: justify;\">Admite streaming.<\/li>\n<\/ul>\n<\/li>\n<\/ul>\n<\/td>\n<\/tr>\n<\/tbody>\n<\/table>\n<p class=\"font_7\"><span style=\"text-decoration: underline; font-size: 18pt;\"><strong>Programa para convertir v\u00eddeos<\/strong><\/span><\/p>\n<p class=\"font_7\" style=\"text-align: justify;\"><strong><span class=\"wixGuard\">\u200b<\/span>HandBrake<\/strong>\u00a0(<a href=\"http:\/\/handbrake.fr\/\" target=\"_blank\" rel=\"noopener noreferrer\">http:\/\/handbrake.fr\/<\/a>) es un programa gratuito y multiplataforma destinado a la conversi\u00f3n de v\u00eddeos a formato MP4 y MKV. Tambi\u00e9n permite extraer el v\u00eddeo de un DVD. Existe versi\u00f3n de HandBrake para Windows, Mac y Ubuntu.<\/p>\n<p class=\"font_7\" style=\"text-align: center;\"><span class=\"wixGuard\"><iframe loading=\"lazy\" src=\"\/\/www.youtube.com\/embed\/1d6B4dT6N5Y\" width=\"560\" height=\"314\" allowfullscreen=\"allowfullscreen\"><\/iframe>\u200b<\/span><\/p>\n<p class=\"font_7\" style=\"text-align: justify;\"><strong>A\u00a0Tube Catcher<\/strong> (<a href=\"http:\/\/www.atubecatcher.es\/\" target=\"_blank\" rel=\"noopener noreferrer\">http:\/\/www.atubecatcher.es\/<\/a>) es un programa gestor de descargas para Windows cuyo prop\u00f3sito es el de poder descargar al disco duro de la computadora v\u00eddeos de YouTube &#8211; Dailymotion &#8211; MySpace Videos &#8211; Google Videos entre otros.<\/p>\n<p class=\"font_7\"><span style=\"text-decoration: underline; font-size: 18pt;\"><strong>Convertir v\u00eddeos on line<\/strong><\/span><\/p>\n<p class=\"font_7\"><strong>ZAMZAR:<\/strong><\/p>\n<ul>\n<li style=\"list-style-type: none;\">\n<ul>\n<li class=\"font_7\" style=\"text-align: justify;\"><span class=\"wixGuard\">\u200b<\/span>Su web oficial es:\u00a0<a style=\"background-color: #ffffff;\" href=\"http:\/\/www.zamzar.com\/\" target=\"_blank\" rel=\"noopener noreferrer\">http:\/\/www.zamzar.com\/<\/a><\/li>\n<li class=\"font_7\" style=\"text-align: justify;\">Es un conversor \u00a0online de m\u00faltiples formatos de archivo no solo de v\u00eddeo.<\/li>\n<li class=\"font_7\" style=\"text-align: justify;\">En la pesta\u00f1a Convert Files admite la subida de archivos desde el equipo y en URL Converter se puede indicar la URL del archivo de v\u00eddeo a convertir.<\/li>\n<li class=\"font_7\" style=\"text-align: justify;\">Se solicita el correo electr\u00f3nico porque env\u00eda a esa direcci\u00f3n el enlace de descarga del v\u00eddeo final.<\/li>\n<li class=\"font_7\" style=\"text-align: justify;\">No permite la configuraci\u00f3n de par\u00e1metros en el archivo final.<\/li>\n<\/ul>\n<\/li>\n<\/ul>\n<p style=\"text-align: center;\"><img loading=\"lazy\" decoding=\"async\" class=\"alignnone size-full wp-image-239\" src=\"http:\/\/wp.catedu.es\/cmeducativo\/wp-content\/uploads\/sites\/135\/2019\/05\/zamzar.jpg\" alt=\"\" width=\"416\" height=\"121\" srcset=\"https:\/\/wp.catedu.es\/cmeducativo\/wp-content\/uploads\/sites\/135\/2019\/05\/zamzar.jpg 416w, https:\/\/wp.catedu.es\/cmeducativo\/wp-content\/uploads\/sites\/135\/2019\/05\/zamzar-300x87.jpg 300w\" sizes=\"auto, (max-width: 416px) 100vw, 416px\" \/><\/p>\n<p class=\"font_7\"><strong>Online Converter to MP4<\/strong>:<\/p>\n<ul>\n<li style=\"list-style-type: none;\">\n<ul>\n<li class=\"font_7\" style=\"text-align: justify;\"><span class=\"wixGuard\">\u200b<\/span>Su sitio oficial es: <a href=\"http:\/\/video.online-convert.com\/convert-to-mp4\" target=\"_blank\" rel=\"noopener noreferrer\">http:\/\/video.online-convert.com\/convert-to-mp4<\/a><\/li>\n<li class=\"font_7\" style=\"text-align: justify;\">No requiere registro del usuario para utilizarlo.<\/li>\n<li class=\"font_7\" style=\"text-align: justify;\">Se puede subir un archivo desde el equipo o bien indicar la URL de un v\u00eddeo alojado en Internet.<\/li>\n<li class=\"font_7\" style=\"text-align: justify;\">Admite hasta 50 tipos de formatos de archivos de origen.<\/li>\n<li class=\"font_7\" style=\"text-align: justify;\">Admite el cambio del tama\u00f1o de ventana, bitrate, calidad del audio, velocidad de fotogramas por segundo, etc.<\/li>\n<li class=\"font_7\" style=\"text-align: justify;\">Tambi\u00e9n es posible obtener un recorte del v\u00eddeo original indicando el instante de inicio y final del fragmento.El resultado final es un archivo MP4.<\/li>\n<\/ul>\n<\/li>\n<\/ul>\n<p style=\"text-align: center;\"><img loading=\"lazy\" decoding=\"async\" class=\"alignnone size-full wp-image-240\" src=\"http:\/\/wp.catedu.es\/cmeducativo\/wp-content\/uploads\/sites\/135\/2019\/05\/online-converter.jpg\" alt=\"\" width=\"501\" height=\"467\" srcset=\"https:\/\/wp.catedu.es\/cmeducativo\/wp-content\/uploads\/sites\/135\/2019\/05\/online-converter.jpg 501w, https:\/\/wp.catedu.es\/cmeducativo\/wp-content\/uploads\/sites\/135\/2019\/05\/online-converter-300x280.jpg 300w\" sizes=\"auto, (max-width: 501px) 100vw, 501px\" \/><\/p>\n","protected":false},"excerpt":{"rendered":"<p>VLC \u200bVLC es un reproductor multimedia libre y de c\u00f3digo abierto multiplataforma y un framework que reproduce la mayor\u00eda de archivos multimedia, as\u00ed como DVD, Audio CD, VCD y diversos protocolos de transmisi\u00f3n. Reproduce virtualmente todo. Adem\u00e1s de ser un excelente reproductor, tambi\u00e9n puede convertir archivos. En este caso es un accesorio perfecto para combinar &hellip; <\/p>\n<p><a class=\"more-link btn\" href=\"https:\/\/wp.catedu.es\/cmeducativo\/video\/conversion-de-formatos\/\">Seguir leyendo<\/a><\/p>\n","protected":false},"author":268,"featured_media":0,"parent":173,"menu_order":3,"comment_status":"closed","ping_status":"closed","template":"","meta":{"_s2mail":"","footnotes":""},"class_list":["post-236","page","type-page","status-publish","hentry","nodate","item-wrap"],"_links":{"self":[{"href":"https:\/\/wp.catedu.es\/cmeducativo\/wp-json\/wp\/v2\/pages\/236","targetHints":{"allow":["GET"]}}],"collection":[{"href":"https:\/\/wp.catedu.es\/cmeducativo\/wp-json\/wp\/v2\/pages"}],"about":[{"href":"https:\/\/wp.catedu.es\/cmeducativo\/wp-json\/wp\/v2\/types\/page"}],"author":[{"embeddable":true,"href":"https:\/\/wp.catedu.es\/cmeducativo\/wp-json\/wp\/v2\/users\/268"}],"replies":[{"embeddable":true,"href":"https:\/\/wp.catedu.es\/cmeducativo\/wp-json\/wp\/v2\/comments?post=236"}],"version-history":[{"count":3,"href":"https:\/\/wp.catedu.es\/cmeducativo\/wp-json\/wp\/v2\/pages\/236\/revisions"}],"predecessor-version":[{"id":241,"href":"https:\/\/wp.catedu.es\/cmeducativo\/wp-json\/wp\/v2\/pages\/236\/revisions\/241"}],"up":[{"embeddable":true,"href":"https:\/\/wp.catedu.es\/cmeducativo\/wp-json\/wp\/v2\/pages\/173"}],"wp:attachment":[{"href":"https:\/\/wp.catedu.es\/cmeducativo\/wp-json\/wp\/v2\/media?parent=236"}],"curies":[{"name":"wp","href":"https:\/\/api.w.org\/{rel}","templated":true}]}}