{"id":457,"date":"2019-06-09T11:10:23","date_gmt":"2019-06-09T09:10:23","guid":{"rendered":"http:\/\/wp.catedu.es\/cmeducativo\/?page_id=457"},"modified":"2019-06-26T09:26:09","modified_gmt":"2019-06-26T07:26:09","slug":"los-centros-educativos-aragoneses-en-internet","status":"publish","type":"page","link":"https:\/\/wp.catedu.es\/cmeducativo\/los-centros-educativos-aragoneses-en-internet\/","title":{"rendered":"Los centros educativos aragoneses en Internet"},"content":{"rendered":"<p>Resultados de la encuesta Presencia de los centros educativos aragoneses en Internet.<\/p>\n<p><img loading=\"lazy\" decoding=\"async\" class=\"aligncenter size-full wp-image-422\" src=\"http:\/\/wp.catedu.es\/cmeducativo\/wp-content\/uploads\/sites\/135\/2019\/06\/PORTADA.jpg\" alt=\"\" width=\"1498\" height=\"725\" srcset=\"https:\/\/wp.catedu.es\/cmeducativo\/wp-content\/uploads\/sites\/135\/2019\/06\/PORTADA.jpg 1498w, https:\/\/wp.catedu.es\/cmeducativo\/wp-content\/uploads\/sites\/135\/2019\/06\/PORTADA-300x145.jpg 300w, https:\/\/wp.catedu.es\/cmeducativo\/wp-content\/uploads\/sites\/135\/2019\/06\/PORTADA-768x372.jpg 768w, https:\/\/wp.catedu.es\/cmeducativo\/wp-content\/uploads\/sites\/135\/2019\/06\/PORTADA-1024x496.jpg 1024w\" sizes=\"auto, (max-width: 1498px) 100vw, 1498px\" \/><\/p>\n<p><img loading=\"lazy\" decoding=\"async\" class=\"aligncenter size-full wp-image-425\" src=\"http:\/\/wp.catedu.es\/cmeducativo\/wp-content\/uploads\/sites\/135\/2019\/06\/presentaci\u00f3n.jpg\" alt=\"\" width=\"1498\" height=\"781\" srcset=\"https:\/\/wp.catedu.es\/cmeducativo\/wp-content\/uploads\/sites\/135\/2019\/06\/presentaci\u00f3n.jpg 1498w, https:\/\/wp.catedu.es\/cmeducativo\/wp-content\/uploads\/sites\/135\/2019\/06\/presentaci\u00f3n-300x156.jpg 300w, https:\/\/wp.catedu.es\/cmeducativo\/wp-content\/uploads\/sites\/135\/2019\/06\/presentaci\u00f3n-768x400.jpg 768w, https:\/\/wp.catedu.es\/cmeducativo\/wp-content\/uploads\/sites\/135\/2019\/06\/presentaci\u00f3n-1024x534.jpg 1024w\" sizes=\"auto, (max-width: 1498px) 100vw, 1498px\" \/><\/p>\n<h1>Resultados<\/h1>\n<p>Hemos recibido 264 encuestas de centros cuya tipolog\u00eda se resume en esta gr\u00e1fica.<\/p>\n<div class=\"infogram-embed\" data-id=\"dbbf6bfd-cbf8-461b-bd2f-773281edf199\" data-type=\"interactive\" data-title=\"Tipolog\u00eda de centros by Jos\u00e9 Ram\u00f3n Olalla\"><\/div>\n<p><script>!function(e,t,s,i){var n=\"InfogramEmbeds\",o=e.getElementsByTagName(\"script\")[0],d=\/^http:\/.test(e.location)?\"http:\":\"https:\";if(\/^\\\/{2}\/.test(i)&&(i=d+i),window[n]&&window[n].initialized)window[n].process&&window[n].process();else if(!e.getElementById(s)){var r=e.createElement(\"script\");r.async=1,r.id=s,r.src=i,o.parentNode.insertBefore(r,o)}}(document,0,\"infogram-async\",\"https:\/\/e.infogram.com\/js\/dist\/embed-loader-min.js\");<\/script><\/p>\n<div style=\"padding: 8px 0; font-family: Arial!important; font-size: 13px!important; line-height: 15px!important; text-align: center; border-top: 1px solid #dadada; margin: 0 30px;\"><a style=\"color: #989898!important; text-decoration: none!important;\" href=\"https:\/\/infogram.com\/dbbf6bfd-cbf8-461b-bd2f-773281edf199\" target=\"_blank\" rel=\"noopener noreferrer\">Tipolog\u00eda de centros by Jos\u00e9 Ram\u00f3n Olalla<\/a><br \/>\n<a style=\"color: #989898!important; text-decoration: none!important;\" href=\"https:\/\/infogram.com\" target=\"_blank\" rel=\"nofollow noopener noreferrer\">Infogram<\/a><\/div>\n<h2>Contenido:<\/h2>\n<p>La encuesta se ha realizado tomando como base la realizada en el curso Community Manager Educativo (2\u00aa edici\u00f3n) #EDUCMOOC, de AprendeINTEF<\/p>\n<p>Para el an\u00e1lisis, dividimos el estudio en cuatro secciones que pueden seguirse siguiendo los enlaces:<\/p>\n<p><a href=\"http:\/\/wp.catedu.es\/cmeducativo\/los-centros-educativos-aragoneses-en-internet\/\">Los centros educativos aragoneses en Internet<\/a><\/p>\n<ul>\n<li style=\"list-style-type: none;\">\n<ul>\n<li><strong>Secci\u00f3n I:<\/strong>\u00a0<a href=\"http:\/\/wp.catedu.es\/cmeducativo\/los-centros-educativos-aragoneses-en-internet\/web-de-centro\/\">Web de centro<\/a><\/li>\n<li><strong>Secci\u00f3n II: <\/strong><a href=\"http:\/\/wp.catedu.es\/cmeducativo\/los-centros-educativos-aragoneses-en-internet\/blog-de-centro-y-otros-blogs\/\">Blog de centro y otros blogs<\/a><\/li>\n<li><strong>Secci\u00f3n III:\u00a0<\/strong><a href=\"http:\/\/wp.catedu.es\/cmeducativo\/los-centros-educativos-aragoneses-en-internet\/tipologia-de-las-entradas\/\">Tipolog\u00eda de las entradas<\/a><\/li>\n<li><strong>Secci\u00f3n IV:\u00a0<\/strong><a href=\"http:\/\/wp.catedu.es\/cmeducativo\/los-centros-educativos-aragoneses-en-internet\/redes-sociales-de-centro\/\">Redes sociales de centro<\/a><\/li>\n<\/ul>\n<\/li>\n<\/ul>\n<p>&nbsp;<\/p>\n","protected":false},"excerpt":{"rendered":"<p>Resultados de la encuesta Presencia de los centros educativos aragoneses en Internet. Resultados Hemos recibido 264 encuestas de centros cuya tipolog\u00eda se resume en esta gr\u00e1fica. Tipolog\u00eda de centros by Jos\u00e9 Ram\u00f3n Olalla Infogram Contenido: La encuesta se ha realizado tomando como base la realizada en el curso Community Manager Educativo (2\u00aa edici\u00f3n) #EDUCMOOC, de &hellip; <\/p>\n<p><a class=\"more-link btn\" href=\"https:\/\/wp.catedu.es\/cmeducativo\/los-centros-educativos-aragoneses-en-internet\/\">Seguir leyendo<\/a><\/p>\n","protected":false},"author":264,"featured_media":0,"parent":0,"menu_order":0,"comment_status":"closed","ping_status":"closed","template":"","meta":{"_s2mail":"","footnotes":""},"class_list":["post-457","page","type-page","status-publish","hentry","nodate","item-wrap"],"_links":{"self":[{"href":"https:\/\/wp.catedu.es\/cmeducativo\/wp-json\/wp\/v2\/pages\/457","targetHints":{"allow":["GET"]}}],"collection":[{"href":"https:\/\/wp.catedu.es\/cmeducativo\/wp-json\/wp\/v2\/pages"}],"about":[{"href":"https:\/\/wp.catedu.es\/cmeducativo\/wp-json\/wp\/v2\/types\/page"}],"author":[{"embeddable":true,"href":"https:\/\/wp.catedu.es\/cmeducativo\/wp-json\/wp\/v2\/users\/264"}],"replies":[{"embeddable":true,"href":"https:\/\/wp.catedu.es\/cmeducativo\/wp-json\/wp\/v2\/comments?post=457"}],"version-history":[{"count":8,"href":"https:\/\/wp.catedu.es\/cmeducativo\/wp-json\/wp\/v2\/pages\/457\/revisions"}],"predecessor-version":[{"id":625,"href":"https:\/\/wp.catedu.es\/cmeducativo\/wp-json\/wp\/v2\/pages\/457\/revisions\/625"}],"wp:attachment":[{"href":"https:\/\/wp.catedu.es\/cmeducativo\/wp-json\/wp\/v2\/media?parent=457"}],"curies":[{"name":"wp","href":"https:\/\/api.w.org\/{rel}","templated":true}]}}