{"id":578,"date":"2014-12-03T11:06:49","date_gmt":"2014-12-03T10:06:49","guid":{"rendered":"http:\/\/wp.catedu.es\/colaboraulatic\/?page_id=578"},"modified":"2016-03-07T14:54:22","modified_gmt":"2016-03-07T13:54:22","slug":"orientacion-educativa","status":"publish","type":"page","link":"https:\/\/wp.catedu.es\/colaboraulatic\/enlaces\/orientacion-educativa\/","title":{"rendered":"Orientaci\u00f3n educativa"},"content":{"rendered":"<table style=\"height: 273px;\" width=\"736\">\n<tbody>\n<tr>\n<td><strong>IIbarrog Navarra<\/strong><\/td>\n<td>P\u00e1gina muy interesante para Equipos y Departamentos de Orientaci\u00f3n.Compartir reflexiones, materiales, informaci\u00f3n, recursos\u2026<\/td>\n<td><a href=\"http:\/\/multiblog.educacion.navarra.es\/iibarrog\/author\/iibarrog\/\" target=\"_blank\">http:\/\/multiblog.educacion.navarra.es\/iibarrog\/author\/iibarrog\/<\/a><\/td>\n<\/tr>\n<tr>\n<td><strong>Orientaci\u00f3n And\u00fajar<\/strong><\/td>\n<td>Portal de orientaci\u00f3n con recursos.<\/td>\n<td><a href=\"http:\/\/www.orientacionandujar.es\/\" target=\"_blank\">http:\/\/www.orientacionandujar.es\/<\/a><\/td>\n<\/tr>\n<tr>\n<td><strong>UDICOM<\/strong><\/td>\n<td>Unidades did\u00e1cticas para el\u00a0alumnado de compensatoria\u00a0en formato .pdf listas para imprimir.<\/td>\n<td><a href=\"http:\/\/servicios.educarm.es\/udicom\/\" target=\"_blank\">http:\/\/servicios.educarm.es\/udicom\/<\/a><\/td>\n<\/tr>\n<tr>\n<td><strong>APOEX\u00a0<\/strong><\/td>\n<td>Asociaci\u00f3n Profesional de Orientadores de\u00a0Extremadura<\/td>\n<td>\u00a0<a href=\"http:\/\/www.apoex.es\/\" target=\"_blank\">http:\/\/www.apoex.es\/<\/a><\/td>\n<\/tr>\n<tr>\n<td><b>APOCLAM<\/b><\/td>\n<td>Asociaci\u00f3n Profesional de Orientadores de Castilla-La Mancha<\/td>\n<td><a href=\"http:\/\/www.apoclam.org\/\" target=\"_blank\">http:\/\/www.apoclam.org\/<\/a><\/td>\n<\/tr>\n<tr>\n<td><strong>ORIENTARED<\/strong><\/td>\n<td>\u00a0sitio web dedicado a la psicopedagog\u00eda y la orientaci\u00f3n psicopedag\u00f3gica en Internet desarrollado por un orientador escolar<\/td>\n<td>\u00a0<a href=\"http:\/\/www.orientared.com\/\" target=\"_blank\">http:\/\/www.orientared.com\/<\/a><\/td>\n<\/tr>\n<tr>\n<td><strong>\u00a0OTROS<\/strong><\/td>\n<td><\/td>\n<td>\n<div><a href=\"http:\/\/www.blogdeluis.com\/blog\/\" target=\"_blank\">Blog Luis Dorrego<\/a><\/div>\n<div><a href=\"http:\/\/www.iesjoaquinaraujo.org\/orientacion\/\" target=\"_blank\">Blog orientaci\u00f3n IES Joaqu\u00edn Araujo<\/a><\/div>\n<div><a href=\"http:\/\/ntic.educacion.es\/w3\/\/recursos2\/orientacion\/index.html\" target=\"_blank\">ITE orientacion educativa<\/a><\/div>\n<div><a href=\"http:\/\/convivencia.wordpress.com\/\" target=\"_blank\">Materiales para la convivencia<\/a><\/div>\n<div><a href=\"http:\/\/www.orientacioneducativa.net\/\" target=\"_blank\">Orientacion educativa.net<\/a><\/div>\n<div><a href=\"http:\/\/www.orientaeduc.com\/\" target=\"_blank\">Orientaeduc<\/a><\/div>\n<\/td>\n<\/tr>\n<\/tbody>\n<\/table>\n","protected":false},"excerpt":{"rendered":"<p>IIbarrog Navarra P\u00e1gina muy interesante para Equipos y Departamentos de Orientaci\u00f3n.Compartir reflexiones, materiales, informaci\u00f3n, recursos\u2026 http:\/\/multiblog.educacion.navarra.es\/iibarrog\/author\/iibarrog\/ Orientaci\u00f3n And\u00fajar Portal de orientaci\u00f3n con recursos. http:\/\/www.orientacionandujar.es\/ UDICOM Unidades did\u00e1cticas para el\u00a0alumnado de compensatoria\u00a0en formato .pdf listas para imprimir. http:\/\/servicios.educarm.es\/udicom\/ APOEX\u00a0 Asociaci\u00f3n Profesional &hellip;<\/p>\n<p class=\"read-more\"> <a class=\"more-link\" href=\"https:\/\/wp.catedu.es\/colaboraulatic\/enlaces\/orientacion-educativa\/\"> <span class=\"screen-reader-text\">Orientaci\u00f3n educativa<\/span> Leer m\u00e1s \u00bb<\/a><\/p>\n","protected":false},"author":5,"featured_media":0,"parent":63,"menu_order":0,"comment_status":"open","ping_status":"closed","template":"full-width-page.php","meta":{"jetpack_post_was_ever_published":false,"footnotes":""},"class_list":["post-578","page","type-page","status-publish","hentry"],"jetpack_sharing_enabled":true,"jetpack_shortlink":"https:\/\/wp.me\/P5O2qe-9k","jetpack-related-posts":[],"_links":{"self":[{"href":"https:\/\/wp.catedu.es\/colaboraulatic\/wp-json\/wp\/v2\/pages\/578","targetHints":{"allow":["GET"]}}],"collection":[{"href":"https:\/\/wp.catedu.es\/colaboraulatic\/wp-json\/wp\/v2\/pages"}],"about":[{"href":"https:\/\/wp.catedu.es\/colaboraulatic\/wp-json\/wp\/v2\/types\/page"}],"author":[{"embeddable":true,"href":"https:\/\/wp.catedu.es\/colaboraulatic\/wp-json\/wp\/v2\/users\/5"}],"replies":[{"embeddable":true,"href":"https:\/\/wp.catedu.es\/colaboraulatic\/wp-json\/wp\/v2\/comments?post=578"}],"version-history":[{"count":18,"href":"https:\/\/wp.catedu.es\/colaboraulatic\/wp-json\/wp\/v2\/pages\/578\/revisions"}],"predecessor-version":[{"id":2673,"href":"https:\/\/wp.catedu.es\/colaboraulatic\/wp-json\/wp\/v2\/pages\/578\/revisions\/2673"}],"up":[{"embeddable":true,"href":"https:\/\/wp.catedu.es\/colaboraulatic\/wp-json\/wp\/v2\/pages\/63"}],"wp:attachment":[{"href":"https:\/\/wp.catedu.es\/colaboraulatic\/wp-json\/wp\/v2\/media?parent=578"}],"curies":[{"name":"wp","href":"https:\/\/api.w.org\/{rel}","templated":true}]}}