{"id":181,"date":"2024-06-02T14:01:32","date_gmt":"2024-06-02T12:01:32","guid":{"rendered":"https:\/\/wp.catedu.es\/conexionvaldejalon\/?page_id=181"},"modified":"2024-06-02T17:26:13","modified_gmt":"2024-06-02T15:26:13","slug":"otras-formas-de-certificacion","status":"publish","type":"page","link":"https:\/\/wp.catedu.es\/conexionvaldejalon\/otras-formas-de-certificacion\/","title":{"rendered":"Otras formas de certificaci\u00f3n"},"content":{"rendered":"\n<p>Entre los certificados de idiomas que se pueden adquirir encontramos aquellos que no tienen fecha de caducidad, como la EOI antes mencionada, y los que pierden su validez pasado un tiempo.&nbsp;<\/p>\n\n\n<h5><span style=\"text-decoration: underline\"><span style=\"color: #99cc00;text-decoration: underline\">Certificados de idiomas que no pierden su validez<\/span><\/span><\/h5>\n\n\n<p>Los t\u00edtulos de ingl\u00e9s generales no caducan ya que eval\u00faan la capacidad general de una persona para expresarse.<\/p>\n\n\n\n<div class=\"wp-block-media-text is-stacked-on-mobile\" style=\"grid-template-columns:15% auto\"><figure class=\"wp-block-media-text__media\"><img loading=\"lazy\" decoding=\"async\" width=\"500\" height=\"500\" src=\"https:\/\/wp.catedu.es\/conexionvaldejalon\/wp-content\/uploads\/sites\/258\/2024\/06\/7.png\" alt=\"\" class=\"wp-image-215 size-full\" srcset=\"https:\/\/wp.catedu.es\/conexionvaldejalon\/wp-content\/uploads\/sites\/258\/2024\/06\/7.png 500w, https:\/\/wp.catedu.es\/conexionvaldejalon\/wp-content\/uploads\/sites\/258\/2024\/06\/7-300x300.png 300w, https:\/\/wp.catedu.es\/conexionvaldejalon\/wp-content\/uploads\/sites\/258\/2024\/06\/7-150x150.png 150w\" sizes=\"auto, (max-width: 500px) 100vw, 500px\" \/><\/figure><div class=\"wp-block-media-text__content\">\n<p><br><p><strong>INGL\u00c9S<\/strong><\/p><\/p>\n\n\n\n<p><p><span style=\"color: var(--nv-text-color);font-family: var(--bodyfontfamily);font-size: var(--bodyfontsize);font-weight: var(--bodyfontweight);letter-spacing: var(--bodyletterspacing);text-transform: var(--bodytexttransform);background-color: var(--nv-site-bg)\">En ingl\u00e9s encontramos entre otros los siguientes t\u00edtulos:\u00a0<\/span><\/p><ul><li><strong>Cambridge<\/strong> en todos sus niveles (KET, PET, First, Advanced y Proficiency): el que mayor reconocimiento internacional posee, puesto que sus niveles de certificaci\u00f3n se apegan a los establecidos en el Marco Com\u00fan Europeo de referencia.\u00a0<\/li><li><strong>Trinity<\/strong><\/li><li><strong>Aptis<\/strong><\/li><li><strong>TOEIC<\/strong><\/li><li><strong>Oxford Test of English<\/strong><\/li><\/ul><\/p>\n<\/div><\/div>\n\n\n\n<hr class=\"wp-block-separator has-alpha-channel-opacity\" \/>\n\n\n\n<div class=\"wp-block-media-text is-stacked-on-mobile\" style=\"grid-template-columns:15% auto\"><figure class=\"wp-block-media-text__media\"><img loading=\"lazy\" decoding=\"async\" width=\"500\" height=\"500\" src=\"https:\/\/wp.catedu.es\/conexionvaldejalon\/wp-content\/uploads\/sites\/258\/2024\/06\/8.png\" alt=\"\" class=\"wp-image-216 size-full\" srcset=\"https:\/\/wp.catedu.es\/conexionvaldejalon\/wp-content\/uploads\/sites\/258\/2024\/06\/8.png 500w, https:\/\/wp.catedu.es\/conexionvaldejalon\/wp-content\/uploads\/sites\/258\/2024\/06\/8-300x300.png 300w, https:\/\/wp.catedu.es\/conexionvaldejalon\/wp-content\/uploads\/sites\/258\/2024\/06\/8-150x150.png 150w\" sizes=\"auto, (max-width: 500px) 100vw, 500px\" \/><\/figure><div class=\"wp-block-media-text__content\">\n<p><br><p><strong><strong>FRANC\u00c9S<\/strong><\/strong><\/p><\/p>\n\n\n\n<p><p><span style=\"color: var(--nv-text-color);font-family: var(--bodyfontfamily);font-size: var(--bodyfontsize);font-weight: var(--bodyfontweight);letter-spacing: var(--bodyletterspacing);text-transform: var(--bodytexttransform);background-color: var(--nv-site-bg)\">DELF \/ DALF son los ex\u00e1menes que dependen del Ministerio de Educaci\u00f3n Nacional y de la Juventud de Francia. Sus niveles se corresponden tambi\u00e9n con los del MCERL y tienen reconocimiento internacional.\u00a0<\/span><\/p><\/p>\n\n\n\n<p>La modalidad \u201cDELF Junior\u201d es la m\u00e1s recomendada para alumnos j\u00f3venes, ya que los temas que propone est\u00e1n adaptados a los intereses de los adolescentes.<\/p>\n\n\n\n<p>Estos ex\u00e1menes se realizan muchas veces en el propio centro educativo, pero en la Comarca de Valdejl\u00f3n, ning\u00fan instituto lo ofrece. Es posible presentarse en la sede del Instituto Franc\u00e9s, en Zaragoza.<\/p>\n<\/div><\/div>\n\n\n<h5><span style=\"text-decoration: underline\"><span style=\"color: #99cc00;text-decoration: underline\">Certificados de idiomas que pierden su validez<\/span><\/span><\/h5>\n\n\n<p>El IELTS o el TOEFL se tratan de diplomas con objetivos muy espec\u00edficos. Una persona que opta a estos t\u00edtulos normalmente lo hace para acceder a la universidad o un puesto profesional. Ambas pruebas se componen de contenido muy espec\u00edfico y en ellas se debe mostrar competencia en temas concretos. Por lo que la principal raz\u00f3n de su caducidad es asegurar que las capacidades ling\u00fc\u00edsticas se mantienen.&nbsp;<\/p>\n\n\n\n<p>Mientras que la EOI solamente tiene validez nacional, los t\u00edtulos mencionados previamente tienen <strong>VALIDEZ INTERNACIONAL.<\/strong>&nbsp;&nbsp;<\/p>\n\n\n\n<p><\/p>\n\n\n\n<div style=\"height:43px\" aria-hidden=\"true\" class=\"wp-block-spacer\"><\/div>\n\n\n\n<div class=\"wp-block-group alignfull has-background-color\" style=\"margin-top:0;margin-bottom:0;padding-top:var(--wp--preset--spacing--40);padding-right:var(--wp--preset--spacing--30);padding-bottom:var(--wp--preset--spacing--40);padding-left:var(--wp--preset--spacing--30)\"><div class=\"wp-block-group__inner-container is-layout-constrained wp-container-core-group-is-layout-91a691eb wp-block-group-is-layout-constrained\">\n<div class=\"wp-block-group alignwide is-content-justification-space-between is-layout-flex wp-container-core-group-is-layout-256aec57 wp-block-group-is-layout-flex\">\n<div class=\"wp-block-group is-layout-flex wp-block-group-is-layout-flex\"><p class=\"wp-block-site-title has-small-font-size\"><a href=\"https:\/\/wp.catedu.es\/conexionvaldejalon\" target=\"_self\" rel=\"home\">Conexi\u00f3n Valdejal\u00f3n<\/a><\/p><\/div>\n\n\n\n<p class=\"has-small-font-size\">Impulsado&nbsp;<a href=\"http:\/\/ieslamuela.catedu.es\/\">I.E.S La Muela<\/a><\/p>\n<\/div>\n<\/div><\/div>\n","protected":false},"excerpt":{"rendered":"<p>Entre los certificados de idiomas que se pueden adquirir encontramos aquellos que no tienen fecha de caducidad, como la EOI antes mencionada, y los que pierden su validez pasado un tiempo.&nbsp; Certificados de idiomas que no pierden su validez Los t\u00edtulos de ingl\u00e9s generales no caducan ya que eval\u00faan la capacidad general de una persona&hellip;&nbsp;<a href=\"https:\/\/wp.catedu.es\/conexionvaldejalon\/otras-formas-de-certificacion\/\" rel=\"bookmark\">Leer m\u00e1s &raquo;<span class=\"screen-reader-text\">Otras formas de certificaci\u00f3n<\/span><\/a><\/p>\n","protected":false},"author":433,"featured_media":0,"parent":0,"menu_order":0,"comment_status":"closed","ping_status":"closed","template":"","meta":{"neve_meta_sidebar":"","neve_meta_container":"","neve_meta_enable_content_width":"","neve_meta_content_width":0,"neve_meta_title_alignment":"","neve_meta_author_avatar":"","neve_post_elements_order":"","neve_meta_disable_header":"","neve_meta_disable_footer":"","neve_meta_disable_title":"","footnotes":""},"class_list":["post-181","page","type-page","status-publish","hentry"],"_links":{"self":[{"href":"https:\/\/wp.catedu.es\/conexionvaldejalon\/wp-json\/wp\/v2\/pages\/181","targetHints":{"allow":["GET"]}}],"collection":[{"href":"https:\/\/wp.catedu.es\/conexionvaldejalon\/wp-json\/wp\/v2\/pages"}],"about":[{"href":"https:\/\/wp.catedu.es\/conexionvaldejalon\/wp-json\/wp\/v2\/types\/page"}],"author":[{"embeddable":true,"href":"https:\/\/wp.catedu.es\/conexionvaldejalon\/wp-json\/wp\/v2\/users\/433"}],"replies":[{"embeddable":true,"href":"https:\/\/wp.catedu.es\/conexionvaldejalon\/wp-json\/wp\/v2\/comments?post=181"}],"version-history":[{"count":5,"href":"https:\/\/wp.catedu.es\/conexionvaldejalon\/wp-json\/wp\/v2\/pages\/181\/revisions"}],"predecessor-version":[{"id":218,"href":"https:\/\/wp.catedu.es\/conexionvaldejalon\/wp-json\/wp\/v2\/pages\/181\/revisions\/218"}],"wp:attachment":[{"href":"https:\/\/wp.catedu.es\/conexionvaldejalon\/wp-json\/wp\/v2\/media?parent=181"}],"curies":[{"name":"wp","href":"https:\/\/api.w.org\/{rel}","templated":true}]}}