{"id":204,"date":"2024-06-02T15:51:30","date_gmt":"2024-06-02T13:51:30","guid":{"rendered":"https:\/\/wp.catedu.es\/conexionvaldejalon\/?page_id=204"},"modified":"2024-06-02T16:00:32","modified_gmt":"2024-06-02T14:00:32","slug":"como-certificar-un-idioma","status":"publish","type":"page","link":"https:\/\/wp.catedu.es\/conexionvaldejalon\/como-certificar-un-idioma\/","title":{"rendered":"\u00bfC\u00f3mo certificar un idioma?"},"content":{"rendered":"\n<div class=\"wp-block-cover is-light\" style=\"min-height:261px;aspect-ratio:unset;\"><span aria-hidden=\"true\" class=\"wp-block-cover__background has-background-dim-0 has-background-dim\" style=\"background-color:#7ea41d\"><\/span><img loading=\"lazy\" decoding=\"async\" width=\"1152\" height=\"300\" class=\"wp-block-cover__image-background wp-image-209\" alt=\"\" src=\"https:\/\/wp.catedu.es\/conexionvaldejalon\/wp-content\/uploads\/sites\/258\/2024\/06\/banner-valdejalon-la-muela-1152-x-300-px-1.png\" data-object-fit=\"cover\" srcset=\"https:\/\/wp.catedu.es\/conexionvaldejalon\/wp-content\/uploads\/sites\/258\/2024\/06\/banner-valdejalon-la-muela-1152-x-300-px-1.png 1152w, https:\/\/wp.catedu.es\/conexionvaldejalon\/wp-content\/uploads\/sites\/258\/2024\/06\/banner-valdejalon-la-muela-1152-x-300-px-1-300x78.png 300w, https:\/\/wp.catedu.es\/conexionvaldejalon\/wp-content\/uploads\/sites\/258\/2024\/06\/banner-valdejalon-la-muela-1152-x-300-px-1-1024x267.png 1024w, https:\/\/wp.catedu.es\/conexionvaldejalon\/wp-content\/uploads\/sites\/258\/2024\/06\/banner-valdejalon-la-muela-1152-x-300-px-1-768x200.png 768w\" sizes=\"auto, (max-width: 1152px) 100vw, 1152px\" \/><div class=\"wp-block-cover__inner-container is-layout-flow wp-block-cover-is-layout-flow\">\n<p class=\"has-text-align-center has-large-font-size\"><\/p>\n<\/div><\/div>\n\n\n\n<h4 class=\"wp-block-heading\"><span style=\"color: #99cc00\">\u00bfQu\u00e9 es la certificaci\u00f3n de idiomas?<\/span><\/h4>\n\n\n\n<p>La certificaci\u00f3n de idiomas es un proceso mediante el cual los alumnos pueden acreditar oficialmente su nivel de competencia en un idioma extranjero. Esta certificaci\u00f3n es reconocida a nivel nacional e internacional y puede ser una herramienta valiosa tanto en el \u00e1mbito acad\u00e9mico como en el profesional. Obtener una certificaci\u00f3n de idiomas demuestra la capacidad del alumno para comunicarse eficazmente en otro idioma, lo cual puede abrir puertas a oportunidades educativas y laborales.<\/p>\n\n\n\n<h4 class=\"wp-block-heading\"><span style=\"color: #99cc00\">\u00bfQu\u00e9 es la certificaci\u00f3n de idiomas?<\/span><\/h4>\n\n\n\n<p>Para los idiomas ingl\u00e9s, franc\u00e9s, alem\u00e1n, italiano y ruso existen dos convocatorias por nivel: la convocatoria ordinaria (mayo, junio) y la convocatoria extraordinaria (septiembre). En la convocatoria extraordinaria, los candidatos han de examinarse solamente de las destrezas que no hubieran superado en la convocatoria ordinaria.<\/p>\n\n\n\n<h4 class=\"wp-block-heading\"><span style=\"color: #99cc00\">\u00bfQu\u00e9 es la certificaci\u00f3n de idiomas?<\/span><\/h4>\n\n\n\n<p><strong>Alumnos Matriculados por Ense\u00f1anza Oficial Presencial:<\/strong><\/p>\n\n\n\n<ul class=\"wp-block-list\">\n<li>Niveles: A2, B1, B1.2 (ruso), B2.2, C1.2 y C2.<\/li>\n<\/ul>\n\n\n\n<p><strong>Alumnos de Ingl\u00e9s a Distancia (That\u2019s English!):<\/strong><\/p>\n\n\n\n<ul class=\"wp-block-list\">\n<li>Niveles: A2, B1, B2.2 y C1.<\/li>\n<\/ul>\n\n\n\n<p><strong>Alumnos Matriculados por Ense\u00f1anza Libre:<\/strong><\/p>\n\n\n\n<ul class=\"wp-block-list\">\n<li>Niveles: A2, B1, B2, C1 y C2.<\/li>\n<\/ul>\n\n\n\n<p>Para obtener la certificaci\u00f3n, los alumnos deben superar las pruebas correspondientes a cada nivel, que eval\u00faan competencias en comprensi\u00f3n auditiva, comprensi\u00f3n lectora, expresi\u00f3n escrita y expresi\u00f3n oral. La certificaci\u00f3n obtenida es un reconocimiento oficial que puede ser utilizado para acceder a estudios superiores, mejorar el perfil profesional o cumplir con requisitos laborales y acad\u00e9micos espec\u00edficos.<\/p>\n\n\n\n<div class=\"wp-block-group alignfull has-background-color\" style=\"margin-top:0;margin-bottom:0;padding-top:var(--wp--preset--spacing--40);padding-right:var(--wp--preset--spacing--30);padding-bottom:var(--wp--preset--spacing--40);padding-left:var(--wp--preset--spacing--30)\"><div class=\"wp-block-group__inner-container is-layout-constrained wp-container-core-group-is-layout-91a691eb wp-block-group-is-layout-constrained\">\n<div style=\"height:26px\" aria-hidden=\"true\" class=\"wp-block-spacer\"><\/div>\n\n\n\n<div class=\"wp-block-group alignwide is-content-justification-space-between is-layout-flex wp-container-core-group-is-layout-256aec57 wp-block-group-is-layout-flex\">\n<div class=\"wp-block-group is-layout-flex wp-block-group-is-layout-flex\"><p class=\"wp-block-site-title has-small-font-size\"><a href=\"https:\/\/wp.catedu.es\/conexionvaldejalon\" target=\"_self\" rel=\"home\">Conexi\u00f3n Valdejal\u00f3n<\/a><\/p><\/div>\n\n\n\n<p class=\"has-small-font-size\">Impulsado&nbsp;<a href=\"http:\/\/ieslamuela.catedu.es\/\">I.E.S La Muela<\/a><\/p>\n<\/div>\n<\/div><\/div>\n","protected":false},"excerpt":{"rendered":"<p>\u00bfQu\u00e9 es la certificaci\u00f3n de idiomas? La certificaci\u00f3n de idiomas es un proceso mediante el cual los alumnos pueden acreditar oficialmente su nivel de competencia en un idioma extranjero. Esta certificaci\u00f3n es reconocida a nivel nacional e internacional y puede ser una herramienta valiosa tanto en el \u00e1mbito acad\u00e9mico como en el profesional. Obtener una&hellip;&nbsp;<a href=\"https:\/\/wp.catedu.es\/conexionvaldejalon\/como-certificar-un-idioma\/\" rel=\"bookmark\">Leer m\u00e1s &raquo;<span class=\"screen-reader-text\">\u00bfC\u00f3mo certificar un idioma?<\/span><\/a><\/p>\n","protected":false},"author":433,"featured_media":0,"parent":0,"menu_order":0,"comment_status":"closed","ping_status":"closed","template":"","meta":{"neve_meta_sidebar":"","neve_meta_container":"","neve_meta_enable_content_width":"","neve_meta_content_width":0,"neve_meta_title_alignment":"","neve_meta_author_avatar":"","neve_post_elements_order":"","neve_meta_disable_header":"","neve_meta_disable_footer":"","neve_meta_disable_title":"","footnotes":""},"class_list":["post-204","page","type-page","status-publish","hentry"],"_links":{"self":[{"href":"https:\/\/wp.catedu.es\/conexionvaldejalon\/wp-json\/wp\/v2\/pages\/204","targetHints":{"allow":["GET"]}}],"collection":[{"href":"https:\/\/wp.catedu.es\/conexionvaldejalon\/wp-json\/wp\/v2\/pages"}],"about":[{"href":"https:\/\/wp.catedu.es\/conexionvaldejalon\/wp-json\/wp\/v2\/types\/page"}],"author":[{"embeddable":true,"href":"https:\/\/wp.catedu.es\/conexionvaldejalon\/wp-json\/wp\/v2\/users\/433"}],"replies":[{"embeddable":true,"href":"https:\/\/wp.catedu.es\/conexionvaldejalon\/wp-json\/wp\/v2\/comments?post=204"}],"version-history":[{"count":4,"href":"https:\/\/wp.catedu.es\/conexionvaldejalon\/wp-json\/wp\/v2\/pages\/204\/revisions"}],"predecessor-version":[{"id":211,"href":"https:\/\/wp.catedu.es\/conexionvaldejalon\/wp-json\/wp\/v2\/pages\/204\/revisions\/211"}],"wp:attachment":[{"href":"https:\/\/wp.catedu.es\/conexionvaldejalon\/wp-json\/wp\/v2\/media?parent=204"}],"curies":[{"name":"wp","href":"https:\/\/api.w.org\/{rel}","templated":true}]}}