{"id":106,"date":"2023-03-21T09:52:43","date_gmt":"2023-03-21T08:52:43","guid":{"rendered":"https:\/\/wp.catedu.es\/cpjuandelanuza\/?page_id=106"},"modified":"2025-02-02T13:09:14","modified_gmt":"2025-02-02T12:09:14","slug":"viviendas-maestros-as","status":"publish","type":"page","link":"https:\/\/wp.catedu.es\/cpjuandelanuza\/viviendas-maestros-as\/","title":{"rendered":"Viviendas maestros\/as"},"content":{"rendered":"<p>La Ley de Instrucci\u00f3n P\u00fablica de 1857 (conocida como \u00abLey Moyano\u00bb, establec\u00eda que los maestros\/as de escuelas p\u00fablicas elementales completas ten\u00edan derecho a \u00abhabitaci\u00f3n decente y capaz para s\u00ed y su familia\u00bb.<\/p>\n<p>Los espacios de la segunda planta que actualmente ocupan las aulas estaban destinados a tres viviendas para algunos de los maestros\/as que trabajaban en el Colegio.<\/p>\n<p><img loading=\"lazy\" decoding=\"async\" class=\"aligncenter wp-image-107 size-full\" src=\"https:\/\/wp.catedu.es\/cpjuandelanuza\/wp-content\/uploads\/sites\/245\/2023\/03\/VIVIENDAS-MAESTROS.png\" alt=\"\" width=\"629\" height=\"135\" srcset=\"https:\/\/wp.catedu.es\/cpjuandelanuza\/wp-content\/uploads\/sites\/245\/2023\/03\/VIVIENDAS-MAESTROS.png 629w, https:\/\/wp.catedu.es\/cpjuandelanuza\/wp-content\/uploads\/sites\/245\/2023\/03\/VIVIENDAS-MAESTROS-300x64.png 300w\" sizes=\"auto, (max-width: 629px) 100vw, 629px\" \/><\/p>\n<p style=\"text-align: center\"><em>Plano de las viviendas de maestros en los planos originales de Ricardo Magdalena (Archivo Municipal de Zaragoza).<\/em><\/p>\n<p style=\"text-align: center\"><img loading=\"lazy\" decoding=\"async\" class=\"alignnone wp-image-108 size-full\" src=\"https:\/\/wp.catedu.es\/cpjuandelanuza\/wp-content\/uploads\/sites\/245\/2023\/03\/viviendas-maestros2.png\" alt=\"\" width=\"834\" height=\"203\" srcset=\"https:\/\/wp.catedu.es\/cpjuandelanuza\/wp-content\/uploads\/sites\/245\/2023\/03\/viviendas-maestros2.png 834w, https:\/\/wp.catedu.es\/cpjuandelanuza\/wp-content\/uploads\/sites\/245\/2023\/03\/viviendas-maestros2-300x73.png 300w, https:\/\/wp.catedu.es\/cpjuandelanuza\/wp-content\/uploads\/sites\/245\/2023\/03\/viviendas-maestros2-768x187.png 768w\" sizes=\"auto, (max-width: 834px) 100vw, 834px\" \/><\/p>\n<p style=\"text-align: center\"><em>Plano de las viviendas de los maestros antes de la rehabilitaci\u00f3n del edificio (Archivo de Urbanismo de Zaragoza).<\/em><\/p>\n<figure id=\"attachment_369\" aria-describedby=\"caption-attachment-369\" style=\"width: 560px\" class=\"wp-caption alignnone\"><img loading=\"lazy\" decoding=\"async\" class=\"size-large wp-image-369\" src=\"https:\/\/wp.catedu.es\/cpjuandelanuza\/wp-content\/uploads\/sites\/245\/2024\/02\/tempImageZsfxYY-768x1024.jpg\" alt=\"Presupuesto puertas viviendas maestros\" width=\"560\" height=\"747\" srcset=\"https:\/\/wp.catedu.es\/cpjuandelanuza\/wp-content\/uploads\/sites\/245\/2024\/02\/tempImageZsfxYY-768x1024.jpg 768w, https:\/\/wp.catedu.es\/cpjuandelanuza\/wp-content\/uploads\/sites\/245\/2024\/02\/tempImageZsfxYY-225x300.jpg 225w, https:\/\/wp.catedu.es\/cpjuandelanuza\/wp-content\/uploads\/sites\/245\/2024\/02\/tempImageZsfxYY-1152x1536.jpg 1152w, https:\/\/wp.catedu.es\/cpjuandelanuza\/wp-content\/uploads\/sites\/245\/2024\/02\/tempImageZsfxYY-1536x2048.jpg 1536w, https:\/\/wp.catedu.es\/cpjuandelanuza\/wp-content\/uploads\/sites\/245\/2024\/02\/tempImageZsfxYY-scaled.jpg 1920w\" sizes=\"auto, (max-width: 560px) 100vw, 560px\" \/><figcaption id=\"caption-attachment-369\" class=\"wp-caption-text\">Presupuesto puertas viviendas maestros<\/figcaption><\/figure>\n\n\n<p>Estas casas eran extremadamente modestas, hasta el punto de que se conservan en las actas de los plenos del Ayuntamiento solicitudes de maestras reclamando arreglos en las viviendas para que fuesen m\u00ednimamente habitables. Tambi\u00e9n la prensa de la \u00e9poca lo reflej\u00f3.<\/p>\n\n\n\n<figure class=\"wp-block-image size-full\"><img loading=\"lazy\" decoding=\"async\" width=\"442\" height=\"560\" src=\"https:\/\/wp.catedu.es\/cpjuandelanuza\/wp-content\/uploads\/sites\/245\/2025\/02\/heraldo-4-de-marzo-de-1914-arquitecto-habitacion-maestra.png\" alt=\"\" class=\"wp-image-673\" srcset=\"https:\/\/wp.catedu.es\/cpjuandelanuza\/wp-content\/uploads\/sites\/245\/2025\/02\/heraldo-4-de-marzo-de-1914-arquitecto-habitacion-maestra.png 442w, https:\/\/wp.catedu.es\/cpjuandelanuza\/wp-content\/uploads\/sites\/245\/2025\/02\/heraldo-4-de-marzo-de-1914-arquitecto-habitacion-maestra-237x300.png 237w\" sizes=\"auto, (max-width: 442px) 100vw, 442px\" \/><figcaption class=\"wp-element-caption\">Heraldo 4 de marzo de 1914 <\/figcaption><\/figure>\n\n\n\n<p>En la parte exterior de algunos de los balcones de esta planta pueden verse inscripciones que, a modo de graffiti, hicieron los\/las habitantes de estas viviendas.<\/p>\n\n\n\n<figure class=\"wp-block-gallery has-nested-images columns-default is-cropped wp-block-gallery-1 is-layout-flex wp-block-gallery-is-layout-flex\">\n<figure class=\"wp-block-image size-large\"><img loading=\"lazy\" decoding=\"async\" width=\"1024\" height=\"1024\" data-id=\"433\" src=\"https:\/\/wp.catedu.es\/cpjuandelanuza\/wp-content\/uploads\/sites\/245\/2024\/10\/IMG_3370-1024x1024.jpeg\" alt=\"\" class=\"wp-image-433\" srcset=\"https:\/\/wp.catedu.es\/cpjuandelanuza\/wp-content\/uploads\/sites\/245\/2024\/10\/IMG_3370-1024x1024.jpeg 1024w, https:\/\/wp.catedu.es\/cpjuandelanuza\/wp-content\/uploads\/sites\/245\/2024\/10\/IMG_3370-300x300.jpeg 300w, https:\/\/wp.catedu.es\/cpjuandelanuza\/wp-content\/uploads\/sites\/245\/2024\/10\/IMG_3370-150x150.jpeg 150w, https:\/\/wp.catedu.es\/cpjuandelanuza\/wp-content\/uploads\/sites\/245\/2024\/10\/IMG_3370-768x768.jpeg 768w, https:\/\/wp.catedu.es\/cpjuandelanuza\/wp-content\/uploads\/sites\/245\/2024\/10\/IMG_3370-1536x1536.jpeg 1536w, https:\/\/wp.catedu.es\/cpjuandelanuza\/wp-content\/uploads\/sites\/245\/2024\/10\/IMG_3370-2048x2048.jpeg 2048w\" sizes=\"auto, (max-width: 1024px) 100vw, 1024px\" \/><figcaption class=\"wp-element-caption\">17<\/figcaption><\/figure>\n\n\n\n<figure class=\"wp-block-image size-large\"><img loading=\"lazy\" decoding=\"async\" width=\"1024\" height=\"1024\" data-id=\"432\" src=\"https:\/\/wp.catedu.es\/cpjuandelanuza\/wp-content\/uploads\/sites\/245\/2024\/10\/graf4-1024x1024.jpeg\" alt=\"\" class=\"wp-image-432\" srcset=\"https:\/\/wp.catedu.es\/cpjuandelanuza\/wp-content\/uploads\/sites\/245\/2024\/10\/graf4-1024x1024.jpeg 1024w, https:\/\/wp.catedu.es\/cpjuandelanuza\/wp-content\/uploads\/sites\/245\/2024\/10\/graf4-300x300.jpeg 300w, https:\/\/wp.catedu.es\/cpjuandelanuza\/wp-content\/uploads\/sites\/245\/2024\/10\/graf4-150x150.jpeg 150w, https:\/\/wp.catedu.es\/cpjuandelanuza\/wp-content\/uploads\/sites\/245\/2024\/10\/graf4-768x768.jpeg 768w, https:\/\/wp.catedu.es\/cpjuandelanuza\/wp-content\/uploads\/sites\/245\/2024\/10\/graf4-1536x1536.jpeg 1536w, https:\/\/wp.catedu.es\/cpjuandelanuza\/wp-content\/uploads\/sites\/245\/2024\/10\/graf4-2048x2048.jpeg 2048w\" sizes=\"auto, (max-width: 1024px) 100vw, 1024px\" \/><\/figure>\n\n\n\n<figure class=\"wp-block-image size-large\"><img loading=\"lazy\" decoding=\"async\" width=\"1024\" height=\"1024\" data-id=\"430\" src=\"https:\/\/wp.catedu.es\/cpjuandelanuza\/wp-content\/uploads\/sites\/245\/2024\/10\/graf3-1024x1024.jpeg\" alt=\"\" class=\"wp-image-430\" srcset=\"https:\/\/wp.catedu.es\/cpjuandelanuza\/wp-content\/uploads\/sites\/245\/2024\/10\/graf3-1024x1024.jpeg 1024w, https:\/\/wp.catedu.es\/cpjuandelanuza\/wp-content\/uploads\/sites\/245\/2024\/10\/graf3-300x300.jpeg 300w, https:\/\/wp.catedu.es\/cpjuandelanuza\/wp-content\/uploads\/sites\/245\/2024\/10\/graf3-150x150.jpeg 150w, https:\/\/wp.catedu.es\/cpjuandelanuza\/wp-content\/uploads\/sites\/245\/2024\/10\/graf3-768x768.jpeg 768w, https:\/\/wp.catedu.es\/cpjuandelanuza\/wp-content\/uploads\/sites\/245\/2024\/10\/graf3-1536x1536.jpeg 1536w, https:\/\/wp.catedu.es\/cpjuandelanuza\/wp-content\/uploads\/sites\/245\/2024\/10\/graf3-2048x2048.jpeg 2048w\" sizes=\"auto, (max-width: 1024px) 100vw, 1024px\" \/><figcaption class=\"wp-element-caption\">v.a<\/figcaption><\/figure>\n\n\n\n<figure class=\"wp-block-image size-large\"><img loading=\"lazy\" decoding=\"async\" width=\"1024\" height=\"1024\" data-id=\"429\" src=\"https:\/\/wp.catedu.es\/cpjuandelanuza\/wp-content\/uploads\/sites\/245\/2024\/10\/graf2-1024x1024.jpeg\" alt=\"\" class=\"wp-image-429\" srcset=\"https:\/\/wp.catedu.es\/cpjuandelanuza\/wp-content\/uploads\/sites\/245\/2024\/10\/graf2-1024x1024.jpeg 1024w, https:\/\/wp.catedu.es\/cpjuandelanuza\/wp-content\/uploads\/sites\/245\/2024\/10\/graf2-300x300.jpeg 300w, https:\/\/wp.catedu.es\/cpjuandelanuza\/wp-content\/uploads\/sites\/245\/2024\/10\/graf2-150x150.jpeg 150w, https:\/\/wp.catedu.es\/cpjuandelanuza\/wp-content\/uploads\/sites\/245\/2024\/10\/graf2-768x768.jpeg 768w, https:\/\/wp.catedu.es\/cpjuandelanuza\/wp-content\/uploads\/sites\/245\/2024\/10\/graf2-1536x1536.jpeg 1536w, https:\/\/wp.catedu.es\/cpjuandelanuza\/wp-content\/uploads\/sites\/245\/2024\/10\/graf2-2048x2048.jpeg 2048w\" sizes=\"auto, (max-width: 1024px) 100vw, 1024px\" \/><figcaption class=\"wp-element-caption\">ZAR<\/figcaption><\/figure>\n\n\n\n<figure class=\"wp-block-image size-large\"><img loading=\"lazy\" decoding=\"async\" width=\"1024\" height=\"1024\" data-id=\"428\" src=\"https:\/\/wp.catedu.es\/cpjuandelanuza\/wp-content\/uploads\/sites\/245\/2024\/10\/graf1-1024x1024.jpeg\" alt=\"\" class=\"wp-image-428\" srcset=\"https:\/\/wp.catedu.es\/cpjuandelanuza\/wp-content\/uploads\/sites\/245\/2024\/10\/graf1-1024x1024.jpeg 1024w, https:\/\/wp.catedu.es\/cpjuandelanuza\/wp-content\/uploads\/sites\/245\/2024\/10\/graf1-300x300.jpeg 300w, https:\/\/wp.catedu.es\/cpjuandelanuza\/wp-content\/uploads\/sites\/245\/2024\/10\/graf1-150x150.jpeg 150w, https:\/\/wp.catedu.es\/cpjuandelanuza\/wp-content\/uploads\/sites\/245\/2024\/10\/graf1-768x768.jpeg 768w, https:\/\/wp.catedu.es\/cpjuandelanuza\/wp-content\/uploads\/sites\/245\/2024\/10\/graf1-1536x1536.jpeg 1536w, https:\/\/wp.catedu.es\/cpjuandelanuza\/wp-content\/uploads\/sites\/245\/2024\/10\/graf1-2048x2048.jpeg 2048w\" sizes=\"auto, (max-width: 1024px) 100vw, 1024px\" \/><figcaption class=\"wp-element-caption\">V.P.<br><\/figcaption><\/figure>\n<\/figure>\n\n\n\n<p>En los a\u00f1os 70 y 80 las viviendas de las maestras estaban deshabitadas, excepto una que ocupaba un alumno del centro y su familia.<\/p>\n","protected":false},"excerpt":{"rendered":"<p>La Ley de Instrucci\u00f3n P\u00fablica de 1857 (conocida como \u00abLey Moyano\u00bb, establec\u00eda que los maestros\/as de escuelas p\u00fablicas elementales completas ten\u00edan derecho a \u00abhabitaci\u00f3n decente y capaz para s\u00ed y su familia\u00bb. Los espacios de la segunda planta que actualmente<\/p>\n","protected":false},"author":416,"featured_media":0,"parent":0,"menu_order":0,"comment_status":"closed","ping_status":"closed","template":"","meta":{"footnotes":""},"class_list":["post-106","page","type-page","status-publish","hentry"],"_links":{"self":[{"href":"https:\/\/wp.catedu.es\/cpjuandelanuza\/wp-json\/wp\/v2\/pages\/106","targetHints":{"allow":["GET"]}}],"collection":[{"href":"https:\/\/wp.catedu.es\/cpjuandelanuza\/wp-json\/wp\/v2\/pages"}],"about":[{"href":"https:\/\/wp.catedu.es\/cpjuandelanuza\/wp-json\/wp\/v2\/types\/page"}],"author":[{"embeddable":true,"href":"https:\/\/wp.catedu.es\/cpjuandelanuza\/wp-json\/wp\/v2\/users\/416"}],"replies":[{"embeddable":true,"href":"https:\/\/wp.catedu.es\/cpjuandelanuza\/wp-json\/wp\/v2\/comments?post=106"}],"version-history":[{"count":7,"href":"https:\/\/wp.catedu.es\/cpjuandelanuza\/wp-json\/wp\/v2\/pages\/106\/revisions"}],"predecessor-version":[{"id":674,"href":"https:\/\/wp.catedu.es\/cpjuandelanuza\/wp-json\/wp\/v2\/pages\/106\/revisions\/674"}],"wp:attachment":[{"href":"https:\/\/wp.catedu.es\/cpjuandelanuza\/wp-json\/wp\/v2\/media?parent=106"}],"curies":[{"name":"wp","href":"https:\/\/api.w.org\/{rel}","templated":true}]}}

<p>La Ley de Instrucción Pública de 1857 (conocida como «Ley Moyano», establecía que los maestros/as de escuelas públicas elementales completas tenían derecho a «habitación decente y capaz para sí y su familia».</p>
<p>Los espacios de la segunda planta que actualmente ocupan las aulas estaban destinados a tres viviendas para algunos de los maestros/as que trabajaban en el Colegio.</p>
<p><img loading="lazy" decoding="async" class="aligncenter wp-image-107 size-full" src="https://wp.catedu.es/cpjuandelanuza/wp-content/uploads/sites/245/2023/03/VIVIENDAS-MAESTROS.png" alt="" width="629" height="135" srcset="https://wp.catedu.es/cpjuandelanuza/wp-content/uploads/sites/245/2023/03/VIVIENDAS-MAESTROS.png 629w, https://wp.catedu.es/cpjuandelanuza/wp-content/uploads/sites/245/2023/03/VIVIENDAS-MAESTROS-300x64.png 300w" sizes="auto, (max-width: 629px) 100vw, 629px" /></p>
<p style="text-align: center"><em>Plano de las viviendas de maestros en los planos originales de Ricardo Magdalena (Archivo Municipal de Zaragoza).</em></p>
<p style="text-align: center"><img loading="lazy" decoding="async" class="alignnone wp-image-108 size-full" src="https://wp.catedu.es/cpjuandelanuza/wp-content/uploads/sites/245/2023/03/viviendas-maestros2.png" alt="" width="834" height="203" srcset="https://wp.catedu.es/cpjuandelanuza/wp-content/uploads/sites/245/2023/03/viviendas-maestros2.png 834w, https://wp.catedu.es/cpjuandelanuza/wp-content/uploads/sites/245/2023/03/viviendas-maestros2-300x73.png 300w, https://wp.catedu.es/cpjuandelanuza/wp-content/uploads/sites/245/2023/03/viviendas-maestros2-768x187.png 768w" sizes="auto, (max-width: 834px) 100vw, 834px" /></p>
<p style="text-align: center"><em>Plano de las viviendas de los maestros antes de la rehabilitación del edificio (Archivo de Urbanismo de Zaragoza).</em></p>
<figure id="attachment_369" aria-describedby="caption-attachment-369" style="width: 560px" class="wp-caption alignnone"><img loading="lazy" decoding="async" class="size-large wp-image-369" src="https://wp.catedu.es/cpjuandelanuza/wp-content/uploads/sites/245/2024/02/tempImageZsfxYY-768x1024.jpg" alt="Presupuesto puertas viviendas maestros" width="560" height="747" srcset="https://wp.catedu.es/cpjuandelanuza/wp-content/uploads/sites/245/2024/02/tempImageZsfxYY-768x1024.jpg 768w, https://wp.catedu.es/cpjuandelanuza/wp-content/uploads/sites/245/2024/02/tempImageZsfxYY-225x300.jpg 225w, https://wp.catedu.es/cpjuandelanuza/wp-content/uploads/sites/245/2024/02/tempImageZsfxYY-1152x1536.jpg 1152w, https://wp.catedu.es/cpjuandelanuza/wp-content/uploads/sites/245/2024/02/tempImageZsfxYY-1536x2048.jpg 1536w, https://wp.catedu.es/cpjuandelanuza/wp-content/uploads/sites/245/2024/02/tempImageZsfxYY-scaled.jpg 1920w" sizes="auto, (max-width: 560px) 100vw, 560px" /><figcaption id="caption-attachment-369" class="wp-caption-text">Presupuesto puertas viviendas maestros</figcaption></figure>


<p>Estas casas eran extremadamente modestas, hasta el punto de que se conservan en las actas de los plenos del Ayuntamiento solicitudes de maestras reclamando arreglos en las viviendas para que fuesen mínimamente habitables. También la prensa de la época lo reflejó.</p>



<figure class="wp-block-image size-full"><img loading="lazy" decoding="async" width="442" height="560" src="https://wp.catedu.es/cpjuandelanuza/wp-content/uploads/sites/245/2025/02/heraldo-4-de-marzo-de-1914-arquitecto-habitacion-maestra.png" alt="" class="wp-image-673" srcset="https://wp.catedu.es/cpjuandelanuza/wp-content/uploads/sites/245/2025/02/heraldo-4-de-marzo-de-1914-arquitecto-habitacion-maestra.png 442w, https://wp.catedu.es/cpjuandelanuza/wp-content/uploads/sites/245/2025/02/heraldo-4-de-marzo-de-1914-arquitecto-habitacion-maestra-237x300.png 237w" sizes="auto, (max-width: 442px) 100vw, 442px" /><figcaption class="wp-element-caption">Heraldo 4 de marzo de 1914 </figcaption></figure>



<p>En la parte exterior de algunos de los balcones de esta planta pueden verse inscripciones que, a modo de graffiti, hicieron los/las habitantes de estas viviendas.</p>



<figure class="wp-block-gallery has-nested-images columns-default is-cropped wp-block-gallery-1 is-layout-flex wp-block-gallery-is-layout-flex">
<figure class="wp-block-image size-large"><img loading="lazy" decoding="async" width="1024" height="1024" data-id="433" src="https://wp.catedu.es/cpjuandelanuza/wp-content/uploads/sites/245/2024/10/IMG_3370-1024x1024.jpeg" alt="" class="wp-image-433" srcset="https://wp.catedu.es/cpjuandelanuza/wp-content/uploads/sites/245/2024/10/IMG_3370-1024x1024.jpeg 1024w, https://wp.catedu.es/cpjuandelanuza/wp-content/uploads/sites/245/2024/10/IMG_3370-300x300.jpeg 300w, https://wp.catedu.es/cpjuandelanuza/wp-content/uploads/sites/245/2024/10/IMG_3370-150x150.jpeg 150w, https://wp.catedu.es/cpjuandelanuza/wp-content/uploads/sites/245/2024/10/IMG_3370-768x768.jpeg 768w, https://wp.catedu.es/cpjuandelanuza/wp-content/uploads/sites/245/2024/10/IMG_3370-1536x1536.jpeg 1536w, https://wp.catedu.es/cpjuandelanuza/wp-content/uploads/sites/245/2024/10/IMG_3370-2048x2048.jpeg 2048w" sizes="auto, (max-width: 1024px) 100vw, 1024px" /><figcaption class="wp-element-caption">17</figcaption></figure>



<figure class="wp-block-image size-large"><img loading="lazy" decoding="async" width="1024" height="1024" data-id="432" src="https://wp.catedu.es/cpjuandelanuza/wp-content/uploads/sites/245/2024/10/graf4-1024x1024.jpeg" alt="" class="wp-image-432" srcset="https://wp.catedu.es/cpjuandelanuza/wp-content/uploads/sites/245/2024/10/graf4-1024x1024.jpeg 1024w, https://wp.catedu.es/cpjuandelanuza/wp-content/uploads/sites/245/2024/10/graf4-300x300.jpeg 300w, https://wp.catedu.es/cpjuandelanuza/wp-content/uploads/sites/245/2024/10/graf4-150x150.jpeg 150w, https://wp.catedu.es/cpjuandelanuza/wp-content/uploads/sites/245/2024/10/graf4-768x768.jpeg 768w, https://wp.catedu.es/cpjuandelanuza/wp-content/uploads/sites/245/2024/10/graf4-1536x1536.jpeg 1536w, https://wp.catedu.es/cpjuandelanuza/wp-content/uploads/sites/245/2024/10/graf4-2048x2048.jpeg 2048w" sizes="auto, (max-width: 1024px) 100vw, 1024px" /></figure>



<figure class="wp-block-image size-large"><img loading="lazy" decoding="async" width="1024" height="1024" data-id="430" src="https://wp.catedu.es/cpjuandelanuza/wp-content/uploads/sites/245/2024/10/graf3-1024x1024.jpeg" alt="" class="wp-image-430" srcset="https://wp.catedu.es/cpjuandelanuza/wp-content/uploads/sites/245/2024/10/graf3-1024x1024.jpeg 1024w, https://wp.catedu.es/cpjuandelanuza/wp-content/uploads/sites/245/2024/10/graf3-300x300.jpeg 300w, https://wp.catedu.es/cpjuandelanuza/wp-content/uploads/sites/245/2024/10/graf3-150x150.jpeg 150w, https://wp.catedu.es/cpjuandelanuza/wp-content/uploads/sites/245/2024/10/graf3-768x768.jpeg 768w, https://wp.catedu.es/cpjuandelanuza/wp-content/uploads/sites/245/2024/10/graf3-1536x1536.jpeg 1536w, https://wp.catedu.es/cpjuandelanuza/wp-content/uploads/sites/245/2024/10/graf3-2048x2048.jpeg 2048w" sizes="auto, (max-width: 1024px) 100vw, 1024px" /><figcaption class="wp-element-caption">v.a</figcaption></figure>



<figure class="wp-block-image size-large"><img loading="lazy" decoding="async" width="1024" height="1024" data-id="429" src="https://wp.catedu.es/cpjuandelanuza/wp-content/uploads/sites/245/2024/10/graf2-1024x1024.jpeg" alt="" class="wp-image-429" srcset="https://wp.catedu.es/cpjuandelanuza/wp-content/uploads/sites/245/2024/10/graf2-1024x1024.jpeg 1024w, https://wp.catedu.es/cpjuandelanuza/wp-content/uploads/sites/245/2024/10/graf2-300x300.jpeg 300w, https://wp.catedu.es/cpjuandelanuza/wp-content/uploads/sites/245/2024/10/graf2-150x150.jpeg 150w, https://wp.catedu.es/cpjuandelanuza/wp-content/uploads/sites/245/2024/10/graf2-768x768.jpeg 768w, https://wp.catedu.es/cpjuandelanuza/wp-content/uploads/sites/245/2024/10/graf2-1536x1536.jpeg 1536w, https://wp.catedu.es/cpjuandelanuza/wp-content/uploads/sites/245/2024/10/graf2-2048x2048.jpeg 2048w" sizes="auto, (max-width: 1024px) 100vw, 1024px" /><figcaption class="wp-element-caption">ZAR</figcaption></figure>



<figure class="wp-block-image size-large"><img loading="lazy" decoding="async" width="1024" height="1024" data-id="428" src="https://wp.catedu.es/cpjuandelanuza/wp-content/uploads/sites/245/2024/10/graf1-1024x1024.jpeg" alt="" class="wp-image-428" srcset="https://wp.catedu.es/cpjuandelanuza/wp-content/uploads/sites/245/2024/10/graf1-1024x1024.jpeg 1024w, https://wp.catedu.es/cpjuandelanuza/wp-content/uploads/sites/245/2024/10/graf1-300x300.jpeg 300w, https://wp.catedu.es/cpjuandelanuza/wp-content/uploads/sites/245/2024/10/graf1-150x150.jpeg 150w, https://wp.catedu.es/cpjuandelanuza/wp-content/uploads/sites/245/2024/10/graf1-768x768.jpeg 768w, https://wp.catedu.es/cpjuandelanuza/wp-content/uploads/sites/245/2024/10/graf1-1536x1536.jpeg 1536w, https://wp.catedu.es/cpjuandelanuza/wp-content/uploads/sites/245/2024/10/graf1-2048x2048.jpeg 2048w" sizes="auto, (max-width: 1024px) 100vw, 1024px" /><figcaption class="wp-element-caption">V.P.<br></figcaption></figure>
</figure>



<p>En los años 70 y 80 las viviendas de las maestras estaban deshabitadas, excepto una que ocupaba un alumno del centro y su familia.</p>

<p>La Ley de Instrucción Pública de 1857 (conocida como «Ley Moyano», establecía que los maestros/as de escuelas públicas elementales completas tenían derecho a «habitación decente y capaz para sí y su familia». Los espacios de la segunda planta que actualmente</p>
