{"id":44,"date":"2023-03-20T18:08:10","date_gmt":"2023-03-20T17:08:10","guid":{"rendered":"https:\/\/wp.catedu.es\/cpjuandelanuza\/?page_id=44"},"modified":"2025-02-06T19:48:31","modified_gmt":"2025-02-06T18:48:31","slug":"fachada-calle-buen-pastor","status":"publish","type":"page","link":"https:\/\/wp.catedu.es\/cpjuandelanuza\/fachada-calle-buen-pastor\/","title":{"rendered":"Fachada calle Buen Pastor"},"content":{"rendered":"<p>La fachada del edificio (dise\u00f1ado por el arquitecto municipal <a href=\"https:\/\/es.wikipedia.org\/wiki\/Ricardo_Magdalena\">Ricardo Magdalena<\/a> en 1907) es de inter\u00e9s arquitect\u00f3nico y valor monumental local.<\/p>\n<p>Construido sobre el solar de la antigua delegaci\u00f3n de Hacienda (que anteriormente fue un convento de teatinos y desde 1803 la sociedad ben\u00e9fica Buen Pastor, que daba nombre a la calle y se ocupaba de socorrer e instruir a los pobres y a los presidiarios), la fachada del edificio es irregular para salvar el desnivel de la calle. Es de ladrillo visto y las ventanas son diferentes en cada planta. En la planta calle, los vanos son de arco de medio punto, en la primera planta son ventanales de arco rebajado con clave resaltada y en la segunda son abalconados. La parte superior de todos ellos tiene ladrillos colocados \u00aba sardinel\u00bb (ladrillos colocados de canto).<\/p>\n<p>En la parte superior hay unas torrecillas rematadas con el escudo de Zaragoza.<\/p>\n<figure id=\"attachment_303\" aria-describedby=\"caption-attachment-303\" style=\"width: 720px\" class=\"wp-caption alignnone\"><img loading=\"lazy\" decoding=\"async\" class=\"size-full wp-image-303\" src=\"https:\/\/wp.catedu.es\/cpjuandelanuza\/wp-content\/uploads\/sites\/245\/2024\/01\/img_1479_720.jpg\" alt=\"Vista de la torreta de la fachada de la calle Buen Pastor con el escudo de Zaragoza en piedra\" width=\"720\" height=\"720\" srcset=\"https:\/\/wp.catedu.es\/cpjuandelanuza\/wp-content\/uploads\/sites\/245\/2024\/01\/img_1479_720.jpg 720w, https:\/\/wp.catedu.es\/cpjuandelanuza\/wp-content\/uploads\/sites\/245\/2024\/01\/img_1479_720-300x300.jpg 300w, https:\/\/wp.catedu.es\/cpjuandelanuza\/wp-content\/uploads\/sites\/245\/2024\/01\/img_1479_720-150x150.jpg 150w\" sizes=\"auto, (max-width: 720px) 100vw, 720px\" \/><figcaption id=\"caption-attachment-303\" class=\"wp-caption-text\">Vista de la torreta de la fachada de la calle Buen Pastor con el escudo de Zaragoza en piedra. Agradecemos al personal del Colegio Notarial de Arag\u00f3n su amabilidad al dejarnos hacer la fotograf\u00eda desde sus instalaciones.<\/figcaption><\/figure>\n<p>Desliza la imagen para ver como, durante su \u00e9poca como Colegio P\u00fablico, la fachada ten\u00eda tres grandes puertas (para ni\u00f1os, para ni\u00f1as y para maestros\/as). Con la conversi\u00f3n de edificio en Centro de Profesorado, una de las puertas pas\u00f3 a ser ventana (y otra, deshabilitada).<\/p>\n<div class=\"h5p-iframe-wrapper\"><iframe id=\"h5p-iframe-11\" class=\"h5p-iframe\" data-content-id=\"11\" style=\"height:1px\" src=\"about:blank\" frameBorder=\"0\" scrolling=\"no\" title=\"Fachada calle Buen Pastor\"><\/iframe><\/div>\n<div class=\"h5p-iframe-wrapper\"><iframe id=\"h5p-iframe-13\" class=\"h5p-iframe\" data-content-id=\"13\" style=\"height:1px\" src=\"about:blank\" frameBorder=\"0\" scrolling=\"no\" title=\"Ventana calle Buen Pastor\"><\/iframe><\/div>\n<figure id=\"attachment_777\" aria-describedby=\"caption-attachment-777\" style=\"width: 228px\" class=\"wp-caption alignnone\"><img loading=\"lazy\" decoding=\"async\" class=\"size-full wp-image-777\" src=\"https:\/\/wp.catedu.es\/cpjuandelanuza\/wp-content\/uploads\/sites\/245\/2025\/02\/heraldo-26-agosto-1910.png\" alt=\"\" width=\"228\" height=\"415\" srcset=\"https:\/\/wp.catedu.es\/cpjuandelanuza\/wp-content\/uploads\/sites\/245\/2025\/02\/heraldo-26-agosto-1910.png 228w, https:\/\/wp.catedu.es\/cpjuandelanuza\/wp-content\/uploads\/sites\/245\/2025\/02\/heraldo-26-agosto-1910-165x300.png 165w\" sizes=\"auto, (max-width: 228px) 100vw, 228px\" \/><figcaption id=\"caption-attachment-777\" class=\"wp-caption-text\">Heraldo 26 agosto 1910<\/figcaption><\/figure>\n<figure id=\"attachment_416\" aria-describedby=\"caption-attachment-416\" style=\"width: 289px\" class=\"wp-caption alignnone\"><img loading=\"lazy\" decoding=\"async\" class=\"wp-image-416 size-full\" src=\"https:\/\/wp.catedu.es\/cpjuandelanuza\/wp-content\/uploads\/sites\/245\/2024\/08\/minAMZ_4-1_0000845.jpg\" alt=\"\" width=\"289\" height=\"420\" srcset=\"https:\/\/wp.catedu.es\/cpjuandelanuza\/wp-content\/uploads\/sites\/245\/2024\/08\/minAMZ_4-1_0000845.jpg 289w, https:\/\/wp.catedu.es\/cpjuandelanuza\/wp-content\/uploads\/sites\/245\/2024\/08\/minAMZ_4-1_0000845-206x300.jpg 206w\" sizes=\"auto, (max-width: 289px) 100vw, 289px\" \/><figcaption id=\"caption-attachment-416\" class=\"wp-caption-text\">Calle Buen Pastor en 1951. Archivo Municipal de Zaragoza.<\/figcaption><\/figure>\n<p>En 1982 se peatonalizaba la calle.<\/p>\n<figure id=\"attachment_675\" aria-describedby=\"caption-attachment-675\" style=\"width: 560px\" class=\"wp-caption alignnone\"><img loading=\"lazy\" decoding=\"async\" class=\"size-large wp-image-675\" src=\"https:\/\/wp.catedu.es\/cpjuandelanuza\/wp-content\/uploads\/sites\/245\/2025\/02\/Aragon-express-9-abril-1982-peatonalizacion-calle-1024x1016.png\" alt=\"\" width=\"560\" height=\"556\" srcset=\"https:\/\/wp.catedu.es\/cpjuandelanuza\/wp-content\/uploads\/sites\/245\/2025\/02\/Aragon-express-9-abril-1982-peatonalizacion-calle-1024x1016.png 1024w, https:\/\/wp.catedu.es\/cpjuandelanuza\/wp-content\/uploads\/sites\/245\/2025\/02\/Aragon-express-9-abril-1982-peatonalizacion-calle-300x298.png 300w, https:\/\/wp.catedu.es\/cpjuandelanuza\/wp-content\/uploads\/sites\/245\/2025\/02\/Aragon-express-9-abril-1982-peatonalizacion-calle-150x150.png 150w, https:\/\/wp.catedu.es\/cpjuandelanuza\/wp-content\/uploads\/sites\/245\/2025\/02\/Aragon-express-9-abril-1982-peatonalizacion-calle-768x762.png 768w, https:\/\/wp.catedu.es\/cpjuandelanuza\/wp-content\/uploads\/sites\/245\/2025\/02\/Aragon-express-9-abril-1982-peatonalizacion-calle.png 1342w\" sizes=\"auto, (max-width: 560px) 100vw, 560px\" \/><figcaption id=\"caption-attachment-675\" class=\"wp-caption-text\">Arag\u00f3n express 9 abril 1982<\/figcaption><\/figure>\n<p>Si quieres saber m\u00e1s sobre Ricardo Magdalena, aqu\u00ed tienes <a href=\"https:\/\/ifc.dpz.es\/recursos\/publicaciones\/04\/95\/08borobioojeda.pdf\">un enlace<\/a> al libro \u00abEl arquitecto Ricardo Magdalena\u00bb de Regino Borobio.<\/p>\n","protected":false},"excerpt":{"rendered":"<p>La fachada del edificio (dise\u00f1ado por el arquitecto municipal Ricardo Magdalena en 1907) es de inter\u00e9s arquitect\u00f3nico y valor monumental local. Construido sobre el solar de la antigua delegaci\u00f3n de Hacienda (que anteriormente fue un convento de teatinos y desde<\/p>\n","protected":false},"author":416,"featured_media":0,"parent":0,"menu_order":0,"comment_status":"closed","ping_status":"closed","template":"","meta":{"footnotes":""},"class_list":["post-44","page","type-page","status-publish","hentry"],"_links":{"self":[{"href":"https:\/\/wp.catedu.es\/cpjuandelanuza\/wp-json\/wp\/v2\/pages\/44","targetHints":{"allow":["GET"]}}],"collection":[{"href":"https:\/\/wp.catedu.es\/cpjuandelanuza\/wp-json\/wp\/v2\/pages"}],"about":[{"href":"https:\/\/wp.catedu.es\/cpjuandelanuza\/wp-json\/wp\/v2\/types\/page"}],"author":[{"embeddable":true,"href":"https:\/\/wp.catedu.es\/cpjuandelanuza\/wp-json\/wp\/v2\/users\/416"}],"replies":[{"embeddable":true,"href":"https:\/\/wp.catedu.es\/cpjuandelanuza\/wp-json\/wp\/v2\/comments?post=44"}],"version-history":[{"count":10,"href":"https:\/\/wp.catedu.es\/cpjuandelanuza\/wp-json\/wp\/v2\/pages\/44\/revisions"}],"predecessor-version":[{"id":778,"href":"https:\/\/wp.catedu.es\/cpjuandelanuza\/wp-json\/wp\/v2\/pages\/44\/revisions\/778"}],"wp:attachment":[{"href":"https:\/\/wp.catedu.es\/cpjuandelanuza\/wp-json\/wp\/v2\/media?parent=44"}],"curies":[{"name":"wp","href":"https:\/\/api.w.org\/{rel}","templated":true}]}}

<p>La fachada del edificio (diseñado por el arquitecto municipal <a href="https://es.wikipedia.org/wiki/Ricardo_Magdalena">Ricardo Magdalena</a> en 1907) es de interés arquitectónico y valor monumental local.</p>
<p>Construido sobre el solar de la antigua delegación de Hacienda (que anteriormente fue un convento de teatinos y desde 1803 la sociedad benéfica Buen Pastor, que daba nombre a la calle y se ocupaba de socorrer e instruir a los pobres y a los presidiarios), la fachada del edificio es irregular para salvar el desnivel de la calle. Es de ladrillo visto y las ventanas son diferentes en cada planta. En la planta calle, los vanos son de arco de medio punto, en la primera planta son ventanales de arco rebajado con clave resaltada y en la segunda son abalconados. La parte superior de todos ellos tiene ladrillos colocados «a sardinel» (ladrillos colocados de canto).</p>
<p>En la parte superior hay unas torrecillas rematadas con el escudo de Zaragoza.</p>
<figure id="attachment_303" aria-describedby="caption-attachment-303" style="width: 720px" class="wp-caption alignnone"><img loading="lazy" decoding="async" class="size-full wp-image-303" src="https://wp.catedu.es/cpjuandelanuza/wp-content/uploads/sites/245/2024/01/img_1479_720.jpg" alt="Vista de la torreta de la fachada de la calle Buen Pastor con el escudo de Zaragoza en piedra" width="720" height="720" srcset="https://wp.catedu.es/cpjuandelanuza/wp-content/uploads/sites/245/2024/01/img_1479_720.jpg 720w, https://wp.catedu.es/cpjuandelanuza/wp-content/uploads/sites/245/2024/01/img_1479_720-300x300.jpg 300w, https://wp.catedu.es/cpjuandelanuza/wp-content/uploads/sites/245/2024/01/img_1479_720-150x150.jpg 150w" sizes="auto, (max-width: 720px) 100vw, 720px" /><figcaption id="caption-attachment-303" class="wp-caption-text">Vista de la torreta de la fachada de la calle Buen Pastor con el escudo de Zaragoza en piedra. Agradecemos al personal del Colegio Notarial de Aragón su amabilidad al dejarnos hacer la fotografía desde sus instalaciones.</figcaption></figure>
<p>Desliza la imagen para ver como, durante su época como Colegio Público, la fachada tenía tres grandes puertas (para niños, para niñas y para maestros/as). Con la conversión de edificio en Centro de Profesorado, una de las puertas pasó a ser ventana (y otra, deshabilitada).</p>
<div class="h5p-iframe-wrapper"><iframe id="h5p-iframe-11" class="h5p-iframe" data-content-id="11" style="height:1px" src="about:blank" frameBorder="0" scrolling="no" title="Fachada calle Buen Pastor"></iframe></div>
<div class="h5p-iframe-wrapper"><iframe id="h5p-iframe-13" class="h5p-iframe" data-content-id="13" style="height:1px" src="about:blank" frameBorder="0" scrolling="no" title="Ventana calle Buen Pastor"></iframe></div>
<figure id="attachment_777" aria-describedby="caption-attachment-777" style="width: 228px" class="wp-caption alignnone"><img loading="lazy" decoding="async" class="size-full wp-image-777" src="https://wp.catedu.es/cpjuandelanuza/wp-content/uploads/sites/245/2025/02/heraldo-26-agosto-1910.png" alt="" width="228" height="415" srcset="https://wp.catedu.es/cpjuandelanuza/wp-content/uploads/sites/245/2025/02/heraldo-26-agosto-1910.png 228w, https://wp.catedu.es/cpjuandelanuza/wp-content/uploads/sites/245/2025/02/heraldo-26-agosto-1910-165x300.png 165w" sizes="auto, (max-width: 228px) 100vw, 228px" /><figcaption id="caption-attachment-777" class="wp-caption-text">Heraldo 26 agosto 1910</figcaption></figure>
<figure id="attachment_416" aria-describedby="caption-attachment-416" style="width: 289px" class="wp-caption alignnone"><img loading="lazy" decoding="async" class="wp-image-416 size-full" src="https://wp.catedu.es/cpjuandelanuza/wp-content/uploads/sites/245/2024/08/minAMZ_4-1_0000845.jpg" alt="" width="289" height="420" srcset="https://wp.catedu.es/cpjuandelanuza/wp-content/uploads/sites/245/2024/08/minAMZ_4-1_0000845.jpg 289w, https://wp.catedu.es/cpjuandelanuza/wp-content/uploads/sites/245/2024/08/minAMZ_4-1_0000845-206x300.jpg 206w" sizes="auto, (max-width: 289px) 100vw, 289px" /><figcaption id="caption-attachment-416" class="wp-caption-text">Calle Buen Pastor en 1951. Archivo Municipal de Zaragoza.</figcaption></figure>
<p>En 1982 se peatonalizaba la calle.</p>
<figure id="attachment_675" aria-describedby="caption-attachment-675" style="width: 560px" class="wp-caption alignnone"><img loading="lazy" decoding="async" class="size-large wp-image-675" src="https://wp.catedu.es/cpjuandelanuza/wp-content/uploads/sites/245/2025/02/Aragon-express-9-abril-1982-peatonalizacion-calle-1024x1016.png" alt="" width="560" height="556" srcset="https://wp.catedu.es/cpjuandelanuza/wp-content/uploads/sites/245/2025/02/Aragon-express-9-abril-1982-peatonalizacion-calle-1024x1016.png 1024w, https://wp.catedu.es/cpjuandelanuza/wp-content/uploads/sites/245/2025/02/Aragon-express-9-abril-1982-peatonalizacion-calle-300x298.png 300w, https://wp.catedu.es/cpjuandelanuza/wp-content/uploads/sites/245/2025/02/Aragon-express-9-abril-1982-peatonalizacion-calle-150x150.png 150w, https://wp.catedu.es/cpjuandelanuza/wp-content/uploads/sites/245/2025/02/Aragon-express-9-abril-1982-peatonalizacion-calle-768x762.png 768w, https://wp.catedu.es/cpjuandelanuza/wp-content/uploads/sites/245/2025/02/Aragon-express-9-abril-1982-peatonalizacion-calle.png 1342w" sizes="auto, (max-width: 560px) 100vw, 560px" /><figcaption id="caption-attachment-675" class="wp-caption-text">Aragón express 9 abril 1982</figcaption></figure>
<p>Si quieres saber más sobre Ricardo Magdalena, aquí tienes <a href="https://ifc.dpz.es/recursos/publicaciones/04/95/08borobioojeda.pdf">un enlace</a> al libro «El arquitecto Ricardo Magdalena» de Regino Borobio.</p>

<p>La fachada del edificio (diseñado por el arquitecto municipal Ricardo Magdalena en 1907) es de interés arquitectónico y valor monumental local. Construido sobre el solar de la antigua delegación de Hacienda (que anteriormente fue un convento de teatinos y desde</p>
