{"id":515,"date":"2025-01-28T19:16:01","date_gmt":"2025-01-28T18:16:01","guid":{"rendered":"https:\/\/wp.catedu.es\/cpjuandelanuza\/?page_id=515"},"modified":"2025-01-30T12:28:58","modified_gmt":"2025-01-30T11:28:58","slug":"manuela-juarrero","status":"publish","type":"page","link":"https:\/\/wp.catedu.es\/cpjuandelanuza\/manuela-juarrero\/","title":{"rendered":"Las primeras directoras: Manuela Juarrero"},"content":{"rendered":"\n<p>Nacida en 1885 en Zarrat\u00f3n de Rioja (Logro\u00f1o), Evaristo Manuela Juarrero Guinea fue maestra en las escuelas de Santa Isabel y Santa Cruz y directora de la escuela de la calle Est\u00e9banes. Estudi\u00f3i en la Normal de Huesca, recibi\u00f3 su t\u00edtulo en 1899 y aprob\u00f3 las oposiciones para escuelas elementales de ni\u00f1as ese mismo a\u00f1o.<\/p>\n\n\n\n<figure class=\"wp-block-image size-large\"><img loading=\"lazy\" decoding=\"async\" width=\"1024\" height=\"204\" src=\"https:\/\/wp.catedu.es\/cpjuandelanuza\/wp-content\/uploads\/sites\/245\/2025\/01\/28-2-1899-Nuevo-Diario-de-Zaragoza-1024x204.png\" alt=\"\" class=\"wp-image-525\" srcset=\"https:\/\/wp.catedu.es\/cpjuandelanuza\/wp-content\/uploads\/sites\/245\/2025\/01\/28-2-1899-Nuevo-Diario-de-Zaragoza-1024x204.png 1024w, https:\/\/wp.catedu.es\/cpjuandelanuza\/wp-content\/uploads\/sites\/245\/2025\/01\/28-2-1899-Nuevo-Diario-de-Zaragoza-300x60.png 300w, https:\/\/wp.catedu.es\/cpjuandelanuza\/wp-content\/uploads\/sites\/245\/2025\/01\/28-2-1899-Nuevo-Diario-de-Zaragoza-768x153.png 768w, https:\/\/wp.catedu.es\/cpjuandelanuza\/wp-content\/uploads\/sites\/245\/2025\/01\/28-2-1899-Nuevo-Diario-de-Zaragoza-1536x307.png 1536w, https:\/\/wp.catedu.es\/cpjuandelanuza\/wp-content\/uploads\/sites\/245\/2025\/01\/28-2-1899-Nuevo-Diario-de-Zaragoza-2048x409.png 2048w\" sizes=\"auto, (max-width: 1024px) 100vw, 1024px\" \/><figcaption class=\"wp-element-caption\">28-2-1899 Nuevo Diario de Zaragoza<\/figcaption><\/figure>\n\n\n\n<figure class=\"wp-block-image size-large\"><img loading=\"lazy\" decoding=\"async\" width=\"1024\" height=\"466\" src=\"https:\/\/wp.catedu.es\/cpjuandelanuza\/wp-content\/uploads\/sites\/245\/2025\/01\/15-12-1899-La-Educacion-1024x466.png\" alt=\"\" class=\"wp-image-526\" srcset=\"https:\/\/wp.catedu.es\/cpjuandelanuza\/wp-content\/uploads\/sites\/245\/2025\/01\/15-12-1899-La-Educacion-1024x466.png 1024w, https:\/\/wp.catedu.es\/cpjuandelanuza\/wp-content\/uploads\/sites\/245\/2025\/01\/15-12-1899-La-Educacion-300x136.png 300w, https:\/\/wp.catedu.es\/cpjuandelanuza\/wp-content\/uploads\/sites\/245\/2025\/01\/15-12-1899-La-Educacion-768x349.png 768w, https:\/\/wp.catedu.es\/cpjuandelanuza\/wp-content\/uploads\/sites\/245\/2025\/01\/15-12-1899-La-Educacion.png 1126w\" sizes=\"auto, (max-width: 1024px) 100vw, 1024px\" \/><figcaption class=\"wp-element-caption\">15-12-1899 La Educaci\u00f3n<\/figcaption><\/figure>\n\n\n\n<p>Su primer destino, en 1899-1900, fueron las escuelas del barrio de Santa Isabel.<\/p>\n\n\n\n<figure class=\"wp-block-image size-full\"><img loading=\"lazy\" decoding=\"async\" width=\"510\" height=\"376\" src=\"https:\/\/wp.catedu.es\/cpjuandelanuza\/wp-content\/uploads\/sites\/245\/2025\/01\/6-12-1899.png\" alt=\"\" class=\"wp-image-537\" srcset=\"https:\/\/wp.catedu.es\/cpjuandelanuza\/wp-content\/uploads\/sites\/245\/2025\/01\/6-12-1899.png 510w, https:\/\/wp.catedu.es\/cpjuandelanuza\/wp-content\/uploads\/sites\/245\/2025\/01\/6-12-1899-300x221.png 300w\" sizes=\"auto, (max-width: 510px) 100vw, 510px\" \/><figcaption class=\"wp-element-caption\">6-12-1899 El Mercantil de Arag\u00f3n<\/figcaption><\/figure>\n\n\n\n<figure class=\"wp-block-image size-full\"><img loading=\"lazy\" decoding=\"async\" width=\"618\" height=\"220\" src=\"https:\/\/wp.catedu.es\/cpjuandelanuza\/wp-content\/uploads\/sites\/245\/2025\/01\/10-1-1900-La-Alianza-Aragonesa.png\" alt=\"\" class=\"wp-image-530\" srcset=\"https:\/\/wp.catedu.es\/cpjuandelanuza\/wp-content\/uploads\/sites\/245\/2025\/01\/10-1-1900-La-Alianza-Aragonesa.png 618w, https:\/\/wp.catedu.es\/cpjuandelanuza\/wp-content\/uploads\/sites\/245\/2025\/01\/10-1-1900-La-Alianza-Aragonesa-300x107.png 300w\" sizes=\"auto, (max-width: 618px) 100vw, 618px\" \/><figcaption class=\"wp-element-caption\"><br>10-1-1900 La Alianza Aragonesa<\/figcaption><\/figure>\n\n\n\n<figure class=\"wp-block-image size-full\"><img loading=\"lazy\" decoding=\"async\" width=\"430\" height=\"180\" src=\"https:\/\/wp.catedu.es\/cpjuandelanuza\/wp-content\/uploads\/sites\/245\/2025\/01\/11-1-1900-Heraldo.png\" alt=\"\" class=\"wp-image-534\" srcset=\"https:\/\/wp.catedu.es\/cpjuandelanuza\/wp-content\/uploads\/sites\/245\/2025\/01\/11-1-1900-Heraldo.png 430w, https:\/\/wp.catedu.es\/cpjuandelanuza\/wp-content\/uploads\/sites\/245\/2025\/01\/11-1-1900-Heraldo-300x126.png 300w\" sizes=\"auto, (max-width: 430px) 100vw, 430px\" \/><figcaption class=\"wp-element-caption\">11-1-1900 Heraldo<\/figcaption><\/figure>\n\n\n\n<p>En 1902 aprob\u00f3 las oposiciones a escuelas superiores de ni\u00f1as.<\/p>\n\n\n\n<figure class=\"wp-block-image size-full\"><img loading=\"lazy\" decoding=\"async\" width=\"444\" height=\"310\" src=\"https:\/\/wp.catedu.es\/cpjuandelanuza\/wp-content\/uploads\/sites\/245\/2025\/01\/10-3-1902-El-Mercantil-de-Aragon.png\" alt=\"\" class=\"wp-image-528\" srcset=\"https:\/\/wp.catedu.es\/cpjuandelanuza\/wp-content\/uploads\/sites\/245\/2025\/01\/10-3-1902-El-Mercantil-de-Aragon.png 444w, https:\/\/wp.catedu.es\/cpjuandelanuza\/wp-content\/uploads\/sites\/245\/2025\/01\/10-3-1902-El-Mercantil-de-Aragon-300x209.png 300w\" sizes=\"auto, (max-width: 444px) 100vw, 444px\" \/><figcaption class=\"wp-element-caption\">10-3-1902 El Mercantil de Arag\u00f3n<\/figcaption><\/figure>\n\n\n\n<p>Su siguiente destino fueron las escuelas de la calle Santa Cruz\/Calle Bayeu en Zaragoza y, en 1902, a las escuelas de la calle Est\u00e9banes.<\/p>\n\n\n\n<figure class=\"wp-block-image size-full\"><img loading=\"lazy\" decoding=\"async\" width=\"496\" height=\"166\" src=\"https:\/\/wp.catedu.es\/cpjuandelanuza\/wp-content\/uploads\/sites\/245\/2025\/01\/21-4-1902-Diario-de-avisos.png\" alt=\"\" class=\"wp-image-542\" srcset=\"https:\/\/wp.catedu.es\/cpjuandelanuza\/wp-content\/uploads\/sites\/245\/2025\/01\/21-4-1902-Diario-de-avisos.png 496w, https:\/\/wp.catedu.es\/cpjuandelanuza\/wp-content\/uploads\/sites\/245\/2025\/01\/21-4-1902-Diario-de-avisos-300x100.png 300w\" sizes=\"auto, (max-width: 496px) 100vw, 496px\" \/><figcaption class=\"wp-element-caption\">21-4-1902 Diario de avisos<\/figcaption><\/figure>\n\n\n\n<figure class=\"wp-block-image size-full\"><img loading=\"lazy\" decoding=\"async\" width=\"428\" height=\"104\" src=\"https:\/\/wp.catedu.es\/cpjuandelanuza\/wp-content\/uploads\/sites\/245\/2025\/01\/22-4-1902-El-Noticiero.png\" alt=\"\" class=\"wp-image-540\" srcset=\"https:\/\/wp.catedu.es\/cpjuandelanuza\/wp-content\/uploads\/sites\/245\/2025\/01\/22-4-1902-El-Noticiero.png 428w, https:\/\/wp.catedu.es\/cpjuandelanuza\/wp-content\/uploads\/sites\/245\/2025\/01\/22-4-1902-El-Noticiero-300x73.png 300w\" sizes=\"auto, (max-width: 428px) 100vw, 428px\" \/><figcaption class=\"wp-element-caption\"><br>22-4-1902 El Noticiero<\/figcaption><\/figure>\n\n\n\n<figure class=\"wp-block-image size-full\"><img loading=\"lazy\" decoding=\"async\" width=\"522\" height=\"116\" src=\"https:\/\/wp.catedu.es\/cpjuandelanuza\/wp-content\/uploads\/sites\/245\/2025\/01\/24-4-1902-Diario-de-Zaragoza.png\" alt=\"\" class=\"wp-image-548\" srcset=\"https:\/\/wp.catedu.es\/cpjuandelanuza\/wp-content\/uploads\/sites\/245\/2025\/01\/24-4-1902-Diario-de-Zaragoza.png 522w, https:\/\/wp.catedu.es\/cpjuandelanuza\/wp-content\/uploads\/sites\/245\/2025\/01\/24-4-1902-Diario-de-Zaragoza-300x67.png 300w\" sizes=\"auto, (max-width: 522px) 100vw, 522px\" \/><figcaption class=\"wp-element-caption\">24-4-1902 Diario de Zaragoza<\/figcaption><\/figure>\n\n\n\n<figure class=\"wp-block-image size-full\"><img loading=\"lazy\" decoding=\"async\" width=\"456\" height=\"144\" src=\"https:\/\/wp.catedu.es\/cpjuandelanuza\/wp-content\/uploads\/sites\/245\/2025\/01\/24-4-1902-El-Mercantil-de-Aragon.png\" alt=\"\" class=\"wp-image-549\" srcset=\"https:\/\/wp.catedu.es\/cpjuandelanuza\/wp-content\/uploads\/sites\/245\/2025\/01\/24-4-1902-El-Mercantil-de-Aragon.png 456w, https:\/\/wp.catedu.es\/cpjuandelanuza\/wp-content\/uploads\/sites\/245\/2025\/01\/24-4-1902-El-Mercantil-de-Aragon-300x95.png 300w\" sizes=\"auto, (max-width: 456px) 100vw, 456px\" \/><figcaption class=\"wp-element-caption\">24-4-1902 El Mercantil de Arag\u00f3n<\/figcaption><\/figure>\n\n\n\n<figure class=\"wp-block-image size-full\"><img loading=\"lazy\" decoding=\"async\" width=\"616\" height=\"208\" src=\"https:\/\/wp.catedu.es\/cpjuandelanuza\/wp-content\/uploads\/sites\/245\/2025\/01\/26-4-1902-La-Alianza-aragonesa.png\" alt=\"\" class=\"wp-image-532\" srcset=\"https:\/\/wp.catedu.es\/cpjuandelanuza\/wp-content\/uploads\/sites\/245\/2025\/01\/26-4-1902-La-Alianza-aragonesa.png 616w, https:\/\/wp.catedu.es\/cpjuandelanuza\/wp-content\/uploads\/sites\/245\/2025\/01\/26-4-1902-La-Alianza-aragonesa-300x101.png 300w\" sizes=\"auto, (max-width: 616px) 100vw, 616px\" \/><figcaption class=\"wp-element-caption\">26-4-1902 La Alianza aragonesa<\/figcaption><\/figure>\n\n\n\n<figure class=\"wp-block-image size-full\"><img loading=\"lazy\" decoding=\"async\" width=\"444\" height=\"326\" src=\"https:\/\/wp.catedu.es\/cpjuandelanuza\/wp-content\/uploads\/sites\/245\/2025\/01\/27-4-1909-Heraldo.png\" alt=\"\" class=\"wp-image-551\" srcset=\"https:\/\/wp.catedu.es\/cpjuandelanuza\/wp-content\/uploads\/sites\/245\/2025\/01\/27-4-1909-Heraldo.png 444w, https:\/\/wp.catedu.es\/cpjuandelanuza\/wp-content\/uploads\/sites\/245\/2025\/01\/27-4-1909-Heraldo-300x220.png 300w\" sizes=\"auto, (max-width: 444px) 100vw, 444px\" \/><figcaption class=\"wp-element-caption\">27-4-1909 Heraldo<\/figcaption><\/figure>\n\n\n\n<p>Las alumnas de la escuela de la calle Est\u00e9banes se trasladaron tras su cierre a la de Buen Pastor en 1913 y, con ellos, sus directoras. A partir de 1919 la escuela pas\u00f3 a llamarse \u00abMar\u00eda D\u00edaz\u00bb. Manuela era la directora de la parte graduada de la escuela (en el primer piso) y se ocupaba de las alumnas de entre 8 y 10 a\u00f1os de edad, mientras que en la planta baja se ubicaban los p\u00e1rvulos.<\/p>\n\n\n\n<figure class=\"wp-block-image size-full\"><img loading=\"lazy\" decoding=\"async\" width=\"446\" height=\"364\" src=\"https:\/\/wp.catedu.es\/cpjuandelanuza\/wp-content\/uploads\/sites\/245\/2025\/01\/25-10-1913-Diario-de-avisos.png\" alt=\"\" class=\"wp-image-544\" srcset=\"https:\/\/wp.catedu.es\/cpjuandelanuza\/wp-content\/uploads\/sites\/245\/2025\/01\/25-10-1913-Diario-de-avisos.png 446w, https:\/\/wp.catedu.es\/cpjuandelanuza\/wp-content\/uploads\/sites\/245\/2025\/01\/25-10-1913-Diario-de-avisos-300x245.png 300w\" sizes=\"auto, (max-width: 446px) 100vw, 446px\" \/><figcaption class=\"wp-element-caption\">25-10-1913 Diario de avisos<\/figcaption><\/figure>\n\n\n\n<figure class=\"wp-block-image size-full\"><img loading=\"lazy\" decoding=\"async\" width=\"430\" height=\"448\" src=\"https:\/\/wp.catedu.es\/cpjuandelanuza\/wp-content\/uploads\/sites\/245\/2025\/01\/9-12-1913-Heraldo.png\" alt=\"\" class=\"wp-image-536\" srcset=\"https:\/\/wp.catedu.es\/cpjuandelanuza\/wp-content\/uploads\/sites\/245\/2025\/01\/9-12-1913-Heraldo.png 430w, https:\/\/wp.catedu.es\/cpjuandelanuza\/wp-content\/uploads\/sites\/245\/2025\/01\/9-12-1913-Heraldo-288x300.png 288w\" sizes=\"auto, (max-width: 430px) 100vw, 430px\" \/><figcaption class=\"wp-element-caption\">9-12-1913 Heraldo<\/figcaption><\/figure>\n\n\n\n<p>El <em>8&nbsp;de&nbsp;agosto&nbsp;de&nbsp;1906<\/em> se cas\u00f3 con Jos\u00e9 Peg S\u00e1nchez, administrador de la Azucarera del G\u00e1llego. Con \u00e9l tuvo 3 hijos:  Jes\u00fas, Vicente y Mar\u00eda Pilar.<\/p>\n\n\n\n<figure class=\"wp-block-image size-full\"><img loading=\"lazy\" decoding=\"async\" width=\"913\" height=\"315\" src=\"https:\/\/wp.catedu.es\/cpjuandelanuza\/wp-content\/uploads\/sites\/245\/2025\/01\/pedida-mano.jpg\" alt=\"\" class=\"wp-image-556\" srcset=\"https:\/\/wp.catedu.es\/cpjuandelanuza\/wp-content\/uploads\/sites\/245\/2025\/01\/pedida-mano.jpg 913w, https:\/\/wp.catedu.es\/cpjuandelanuza\/wp-content\/uploads\/sites\/245\/2025\/01\/pedida-mano-300x104.jpg 300w, https:\/\/wp.catedu.es\/cpjuandelanuza\/wp-content\/uploads\/sites\/245\/2025\/01\/pedida-mano-768x265.jpg 768w\" sizes=\"auto, (max-width: 913px) 100vw, 913px\" \/><figcaption class=\"wp-element-caption\">Nota de sociedad anunciando la pedida de mano de la maestra<\/figcaption><\/figure>\n\n\n\n<figure class=\"wp-block-image size-full\"><img loading=\"lazy\" decoding=\"async\" width=\"414\" height=\"142\" src=\"https:\/\/wp.catedu.es\/cpjuandelanuza\/wp-content\/uploads\/sites\/245\/2025\/01\/9-8-1906-Diario-de-avisos.png\" alt=\"\" class=\"wp-image-546\" srcset=\"https:\/\/wp.catedu.es\/cpjuandelanuza\/wp-content\/uploads\/sites\/245\/2025\/01\/9-8-1906-Diario-de-avisos.png 414w, https:\/\/wp.catedu.es\/cpjuandelanuza\/wp-content\/uploads\/sites\/245\/2025\/01\/9-8-1906-Diario-de-avisos-300x103.png 300w\" sizes=\"auto, (max-width: 414px) 100vw, 414px\" \/><figcaption class=\"wp-element-caption\">9-8-1906 Diario de avisos<\/figcaption><\/figure>\n\n\n\n<p>A lo largo de su vida profesional, Manuela recibi\u00f3 numerosos elogios.<\/p>\n\n\n\n<figure class=\"wp-block-image size-large\"><img loading=\"lazy\" decoding=\"async\" width=\"569\" height=\"1024\" src=\"https:\/\/wp.catedu.es\/cpjuandelanuza\/wp-content\/uploads\/sites\/245\/2025\/01\/IMG_8708-569x1024.jpg\" alt=\"\" class=\"wp-image-558\" srcset=\"https:\/\/wp.catedu.es\/cpjuandelanuza\/wp-content\/uploads\/sites\/245\/2025\/01\/IMG_8708-569x1024.jpg 569w, https:\/\/wp.catedu.es\/cpjuandelanuza\/wp-content\/uploads\/sites\/245\/2025\/01\/IMG_8708-167x300.jpg 167w, https:\/\/wp.catedu.es\/cpjuandelanuza\/wp-content\/uploads\/sites\/245\/2025\/01\/IMG_8708.jpg 724w\" sizes=\"auto, (max-width: 569px) 100vw, 569px\" \/><\/figure>\n\n\n\n<figure class=\"wp-block-image size-large\"><img loading=\"lazy\" decoding=\"async\" width=\"351\" height=\"1024\" src=\"https:\/\/wp.catedu.es\/cpjuandelanuza\/wp-content\/uploads\/sites\/245\/2025\/01\/IMG_8706-351x1024.jpg\" alt=\"\" class=\"wp-image-560\" srcset=\"https:\/\/wp.catedu.es\/cpjuandelanuza\/wp-content\/uploads\/sites\/245\/2025\/01\/IMG_8706-351x1024.jpg 351w, https:\/\/wp.catedu.es\/cpjuandelanuza\/wp-content\/uploads\/sites\/245\/2025\/01\/IMG_8706-103x300.jpg 103w, https:\/\/wp.catedu.es\/cpjuandelanuza\/wp-content\/uploads\/sites\/245\/2025\/01\/IMG_8706-527x1536.jpg 527w, https:\/\/wp.catedu.es\/cpjuandelanuza\/wp-content\/uploads\/sites\/245\/2025\/01\/IMG_8706-703x2048.jpg 703w, https:\/\/wp.catedu.es\/cpjuandelanuza\/wp-content\/uploads\/sites\/245\/2025\/01\/IMG_8706.jpg 768w\" sizes=\"auto, (max-width: 351px) 100vw, 351px\" \/><figcaption class=\"wp-element-caption\">Screenshot<\/figcaption><\/figure>\n\n\n\n<p>Falleci\u00f3 en Zaragoza el 1 de enero de 1926 a los 41 a\u00f1os.<\/p>\n\n\n\n<figure class=\"wp-block-image size-full\"><img loading=\"lazy\" decoding=\"async\" width=\"856\" height=\"486\" src=\"https:\/\/wp.catedu.es\/cpjuandelanuza\/wp-content\/uploads\/sites\/245\/2025\/01\/2-1-1927.png\" alt=\"\" class=\"wp-image-669\" srcset=\"https:\/\/wp.catedu.es\/cpjuandelanuza\/wp-content\/uploads\/sites\/245\/2025\/01\/2-1-1927.png 856w, https:\/\/wp.catedu.es\/cpjuandelanuza\/wp-content\/uploads\/sites\/245\/2025\/01\/2-1-1927-300x170.png 300w, https:\/\/wp.catedu.es\/cpjuandelanuza\/wp-content\/uploads\/sites\/245\/2025\/01\/2-1-1927-768x436.png 768w\" sizes=\"auto, (max-width: 856px) 100vw, 856px\" \/><figcaption class=\"wp-element-caption\">2-1-1927<\/figcaption><\/figure>\n\n\n\n<figure class=\"wp-block-image size-full\"><img loading=\"lazy\" decoding=\"async\" width=\"648\" height=\"216\" src=\"https:\/\/wp.catedu.es\/cpjuandelanuza\/wp-content\/uploads\/sites\/245\/2025\/01\/Screenshot-2025-01-28-at-19.51.49.png\" alt=\"\" class=\"wp-image-567\" srcset=\"https:\/\/wp.catedu.es\/cpjuandelanuza\/wp-content\/uploads\/sites\/245\/2025\/01\/Screenshot-2025-01-28-at-19.51.49.png 648w, https:\/\/wp.catedu.es\/cpjuandelanuza\/wp-content\/uploads\/sites\/245\/2025\/01\/Screenshot-2025-01-28-at-19.51.49-300x100.png 300w\" sizes=\"auto, (max-width: 648px) 100vw, 648px\" \/><\/figure>\n","protected":false},"excerpt":{"rendered":"<p>Nacida en 1885 en Zarrat\u00f3n de Rioja (Logro\u00f1o), Evaristo Manuela Juarrero Guinea fue maestra en las escuelas de Santa Isabel y Santa Cruz y directora de la escuela de la calle Est\u00e9banes. Estudi\u00f3i en la Normal de Huesca, recibi\u00f3 su<\/p>\n","protected":false},"author":416,"featured_media":0,"parent":0,"menu_order":0,"comment_status":"closed","ping_status":"closed","template":"","meta":{"footnotes":""},"class_list":["post-515","page","type-page","status-publish","hentry"],"_links":{"self":[{"href":"https:\/\/wp.catedu.es\/cpjuandelanuza\/wp-json\/wp\/v2\/pages\/515","targetHints":{"allow":["GET"]}}],"collection":[{"href":"https:\/\/wp.catedu.es\/cpjuandelanuza\/wp-json\/wp\/v2\/pages"}],"about":[{"href":"https:\/\/wp.catedu.es\/cpjuandelanuza\/wp-json\/wp\/v2\/types\/page"}],"author":[{"embeddable":true,"href":"https:\/\/wp.catedu.es\/cpjuandelanuza\/wp-json\/wp\/v2\/users\/416"}],"replies":[{"embeddable":true,"href":"https:\/\/wp.catedu.es\/cpjuandelanuza\/wp-json\/wp\/v2\/comments?post=515"}],"version-history":[{"count":22,"href":"https:\/\/wp.catedu.es\/cpjuandelanuza\/wp-json\/wp\/v2\/pages\/515\/revisions"}],"predecessor-version":[{"id":671,"href":"https:\/\/wp.catedu.es\/cpjuandelanuza\/wp-json\/wp\/v2\/pages\/515\/revisions\/671"}],"wp:attachment":[{"href":"https:\/\/wp.catedu.es\/cpjuandelanuza\/wp-json\/wp\/v2\/media?parent=515"}],"curies":[{"name":"wp","href":"https:\/\/api.w.org\/{rel}","templated":true}]}}