{"id":628,"date":"2025-01-29T12:53:35","date_gmt":"2025-01-29T11:53:35","guid":{"rendered":"https:\/\/wp.catedu.es\/cpjuandelanuza\/?page_id=628"},"modified":"2025-02-03T13:20:23","modified_gmt":"2025-02-03T12:20:23","slug":"maria-cruz-mayayo-aznarez","status":"publish","type":"page","link":"https:\/\/wp.catedu.es\/cpjuandelanuza\/maria-cruz-mayayo-aznarez\/","title":{"rendered":"Mar\u00eda Cruz Mayayo Azn\u00e1rez"},"content":{"rendered":"\n<p>Sobrina de Ana Mayayo, estudi\u00f3 Pedagog\u00eda en la Normal de maestras de Zaragoza a principios del siglo XX.<\/p>\n\n\n\n<figure class=\"wp-block-image size-full\"><img loading=\"lazy\" decoding=\"async\" width=\"416\" height=\"150\" src=\"https:\/\/wp.catedu.es\/cpjuandelanuza\/wp-content\/uploads\/sites\/245\/2025\/01\/Diario-de-avisos-5-junio-1911.png\" alt=\"\" class=\"wp-image-629\" srcset=\"https:\/\/wp.catedu.es\/cpjuandelanuza\/wp-content\/uploads\/sites\/245\/2025\/01\/Diario-de-avisos-5-junio-1911.png 416w, https:\/\/wp.catedu.es\/cpjuandelanuza\/wp-content\/uploads\/sites\/245\/2025\/01\/Diario-de-avisos-5-junio-1911-300x108.png 300w\" sizes=\"auto, (max-width: 416px) 100vw, 416px\" \/><figcaption class=\"wp-element-caption\"><br>Diario de avisos 5 junio 1911<\/figcaption><\/figure>\n\n\n\n<p>En 1926 era trasladada a la escuela graduada de la calle Buen Pastor procedente de la escuela de \u00abLos Graneros\u00bb (que dirigi\u00f3 su t\u00eda Ana y es actualmente CPEPA Concepci\u00f3n Arenal en la calle Santo Dominguito de Val), tras el fallecimiento de la anterior directora, Manuela Juarrero.<\/p>\n\n\n\n<figure class=\"wp-block-image size-full\"><img loading=\"lazy\" decoding=\"async\" width=\"638\" height=\"568\" src=\"https:\/\/wp.catedu.es\/cpjuandelanuza\/wp-content\/uploads\/sites\/245\/2025\/01\/La-Voz-de-Aragon-13-de-agosto-de-1926.png\" alt=\"\" class=\"wp-image-639\" srcset=\"https:\/\/wp.catedu.es\/cpjuandelanuza\/wp-content\/uploads\/sites\/245\/2025\/01\/La-Voz-de-Aragon-13-de-agosto-de-1926.png 638w, https:\/\/wp.catedu.es\/cpjuandelanuza\/wp-content\/uploads\/sites\/245\/2025\/01\/La-Voz-de-Aragon-13-de-agosto-de-1926-300x267.png 300w\" sizes=\"auto, (max-width: 638px) 100vw, 638px\" \/><figcaption class=\"wp-element-caption\">La Voz de Arag\u00f3n, 13 de agosto de 1926<\/figcaption><\/figure>\n\n\n\n<p>En 1927 se publicaba su ascenso en el escalaf\u00f3n de maestras y su aumento de sueldo.<\/p>\n\n\n\n<figure class=\"wp-block-image size-full\"><img loading=\"lazy\" decoding=\"async\" width=\"674\" height=\"478\" src=\"https:\/\/wp.catedu.es\/cpjuandelanuza\/wp-content\/uploads\/sites\/245\/2025\/01\/La-Voz-de-Aragon-1-de-abril-de-1927.png\" alt=\"\" class=\"wp-image-637\" srcset=\"https:\/\/wp.catedu.es\/cpjuandelanuza\/wp-content\/uploads\/sites\/245\/2025\/01\/La-Voz-de-Aragon-1-de-abril-de-1927.png 674w, https:\/\/wp.catedu.es\/cpjuandelanuza\/wp-content\/uploads\/sites\/245\/2025\/01\/La-Voz-de-Aragon-1-de-abril-de-1927-300x213.png 300w\" sizes=\"auto, (max-width: 674px) 100vw, 674px\" \/><figcaption class=\"wp-element-caption\">La Voz de Arag\u00f3n 1 de abril de 1927<\/figcaption><\/figure>\n\n\n\n<figure class=\"wp-block-image size-full\"><img loading=\"lazy\" decoding=\"async\" width=\"235\" height=\"271\" src=\"https:\/\/wp.catedu.es\/cpjuandelanuza\/wp-content\/uploads\/sites\/245\/2025\/02\/Cruz-Mayayo-Aznarez-1927.png\" alt=\"\" class=\"wp-image-736\" \/><figcaption class=\"wp-element-caption\">Mari Cruz Mayayo Azn\u00e1rez en una imagen de 1927<\/figcaption><\/figure>\n\n\n\n<p>En 1929, a petici\u00f3n suya, se instal\u00f3 un piano en el centro:<\/p>\n\n\n\n<figure class=\"wp-block-image size-full\"><img loading=\"lazy\" decoding=\"async\" width=\"416\" height=\"138\" src=\"https:\/\/wp.catedu.es\/cpjuandelanuza\/wp-content\/uploads\/sites\/245\/2025\/02\/Heraldo-21-de-marzo-de-1929-Piano.png\" alt=\"\" class=\"wp-image-698\" srcset=\"https:\/\/wp.catedu.es\/cpjuandelanuza\/wp-content\/uploads\/sites\/245\/2025\/02\/Heraldo-21-de-marzo-de-1929-Piano.png 416w, https:\/\/wp.catedu.es\/cpjuandelanuza\/wp-content\/uploads\/sites\/245\/2025\/02\/Heraldo-21-de-marzo-de-1929-Piano-300x100.png 300w\" sizes=\"auto, (max-width: 416px) 100vw, 416px\" \/><figcaption class=\"wp-element-caption\">Heraldo 21 de marzo de 1929<\/figcaption><\/figure>\n\n\n\n<p>Falleci\u00f3 en 1963, el mismo a\u00f1o en el que se jubil\u00f3 tras casi 50 a\u00f1os de servicio.<\/p>\n\n\n\n<figure class=\"wp-block-image\"><img loading=\"lazy\" decoding=\"async\" width=\"170\" height=\"862\" src=\"https:\/\/wp.catedu.es\/cpjuandelanuza\/wp-content\/uploads\/sites\/245\/2025\/01\/El-Noticiero-3-de-mayo-de-1963.png\" alt=\"\" class=\"wp-image-496\" srcset=\"https:\/\/wp.catedu.es\/cpjuandelanuza\/wp-content\/uploads\/sites\/245\/2025\/01\/El-Noticiero-3-de-mayo-de-1963.png 170w, https:\/\/wp.catedu.es\/cpjuandelanuza\/wp-content\/uploads\/sites\/245\/2025\/01\/El-Noticiero-3-de-mayo-de-1963-59x300.png 59w\" sizes=\"auto, (max-width: 170px) 100vw, 170px\" \/><\/figure>\n\n\n\n<figure class=\"wp-block-image size-large\"><img loading=\"lazy\" decoding=\"async\" width=\"1024\" height=\"652\" src=\"https:\/\/wp.catedu.es\/cpjuandelanuza\/wp-content\/uploads\/sites\/245\/2025\/01\/El-noticiero-11-de-diciembre-de-1963-1024x652.png\" alt=\"\" class=\"wp-image-635\" srcset=\"https:\/\/wp.catedu.es\/cpjuandelanuza\/wp-content\/uploads\/sites\/245\/2025\/01\/El-noticiero-11-de-diciembre-de-1963-1024x652.png 1024w, https:\/\/wp.catedu.es\/cpjuandelanuza\/wp-content\/uploads\/sites\/245\/2025\/01\/El-noticiero-11-de-diciembre-de-1963-300x191.png 300w, https:\/\/wp.catedu.es\/cpjuandelanuza\/wp-content\/uploads\/sites\/245\/2025\/01\/El-noticiero-11-de-diciembre-de-1963-768x489.png 768w, https:\/\/wp.catedu.es\/cpjuandelanuza\/wp-content\/uploads\/sites\/245\/2025\/01\/El-noticiero-11-de-diciembre-de-1963.png 1524w\" sizes=\"auto, (max-width: 1024px) 100vw, 1024px\" \/><figcaption class=\"wp-element-caption\">El noticiero 11 de diciembre de 1963<\/figcaption><\/figure>\n\n\n\n<figure class=\"wp-block-image size-large\"><img loading=\"lazy\" decoding=\"async\" width=\"351\" height=\"1024\" src=\"https:\/\/wp.catedu.es\/cpjuandelanuza\/wp-content\/uploads\/sites\/245\/2025\/02\/El-noticiero-11-de-diciembre-de-1963-351x1024.png\" alt=\"\" class=\"wp-image-707\" srcset=\"https:\/\/wp.catedu.es\/cpjuandelanuza\/wp-content\/uploads\/sites\/245\/2025\/02\/El-noticiero-11-de-diciembre-de-1963-351x1024.png 351w, https:\/\/wp.catedu.es\/cpjuandelanuza\/wp-content\/uploads\/sites\/245\/2025\/02\/El-noticiero-11-de-diciembre-de-1963-103x300.png 103w, https:\/\/wp.catedu.es\/cpjuandelanuza\/wp-content\/uploads\/sites\/245\/2025\/02\/El-noticiero-11-de-diciembre-de-1963.png 416w\" sizes=\"auto, (max-width: 351px) 100vw, 351px\" \/><figcaption class=\"wp-element-caption\">El noticiero 11 de diciembre de 1963<\/figcaption><\/figure>\n\n\n\n\n\n<figure class=\"wp-block-image size-large\"><img loading=\"lazy\" decoding=\"async\" width=\"1024\" height=\"636\" src=\"https:\/\/wp.catedu.es\/cpjuandelanuza\/wp-content\/uploads\/sites\/245\/2025\/01\/Screenshot-2025-01-29-at-12.55.05-1024x636.png\" alt=\"\" class=\"wp-image-632\" srcset=\"https:\/\/wp.catedu.es\/cpjuandelanuza\/wp-content\/uploads\/sites\/245\/2025\/01\/Screenshot-2025-01-29-at-12.55.05-1024x636.png 1024w, https:\/\/wp.catedu.es\/cpjuandelanuza\/wp-content\/uploads\/sites\/245\/2025\/01\/Screenshot-2025-01-29-at-12.55.05-300x186.png 300w, https:\/\/wp.catedu.es\/cpjuandelanuza\/wp-content\/uploads\/sites\/245\/2025\/01\/Screenshot-2025-01-29-at-12.55.05-768x477.png 768w, https:\/\/wp.catedu.es\/cpjuandelanuza\/wp-content\/uploads\/sites\/245\/2025\/01\/Screenshot-2025-01-29-at-12.55.05-1536x954.png 1536w, https:\/\/wp.catedu.es\/cpjuandelanuza\/wp-content\/uploads\/sites\/245\/2025\/01\/Screenshot-2025-01-29-at-12.55.05.png 1636w\" sizes=\"auto, (max-width: 1024px) 100vw, 1024px\" \/><figcaption class=\"wp-element-caption\">El Noticiero 10 de diciembre de 1964<\/figcaption><\/figure>\n\n\n\n<p><\/p>\n","protected":false},"excerpt":{"rendered":"<p>Sobrina de Ana Mayayo, estudi\u00f3 Pedagog\u00eda en la Normal de maestras de Zaragoza a principios del siglo XX. En 1926 era trasladada a la escuela graduada de la calle Buen Pastor procedente de la escuela de \u00abLos Graneros\u00bb (que dirigi\u00f3<\/p>\n","protected":false},"author":416,"featured_media":0,"parent":0,"menu_order":0,"comment_status":"closed","ping_status":"closed","template":"","meta":{"footnotes":""},"class_list":["post-628","page","type-page","status-publish","hentry"],"_links":{"self":[{"href":"https:\/\/wp.catedu.es\/cpjuandelanuza\/wp-json\/wp\/v2\/pages\/628","targetHints":{"allow":["GET"]}}],"collection":[{"href":"https:\/\/wp.catedu.es\/cpjuandelanuza\/wp-json\/wp\/v2\/pages"}],"about":[{"href":"https:\/\/wp.catedu.es\/cpjuandelanuza\/wp-json\/wp\/v2\/types\/page"}],"author":[{"embeddable":true,"href":"https:\/\/wp.catedu.es\/cpjuandelanuza\/wp-json\/wp\/v2\/users\/416"}],"replies":[{"embeddable":true,"href":"https:\/\/wp.catedu.es\/cpjuandelanuza\/wp-json\/wp\/v2\/comments?post=628"}],"version-history":[{"count":11,"href":"https:\/\/wp.catedu.es\/cpjuandelanuza\/wp-json\/wp\/v2\/pages\/628\/revisions"}],"predecessor-version":[{"id":737,"href":"https:\/\/wp.catedu.es\/cpjuandelanuza\/wp-json\/wp\/v2\/pages\/628\/revisions\/737"}],"wp:attachment":[{"href":"https:\/\/wp.catedu.es\/cpjuandelanuza\/wp-json\/wp\/v2\/media?parent=628"}],"curies":[{"name":"wp","href":"https:\/\/api.w.org\/{rel}","templated":true}]}}

María Cruz Mayayo Aznárez

<p>Sobrina de Ana Mayayo, estudió Pedagogía en la Normal de maestras de Zaragoza a principios del siglo XX.</p>



<figure class="wp-block-image size-full"><img loading="lazy" decoding="async" width="416" height="150" src="https://wp.catedu.es/cpjuandelanuza/wp-content/uploads/sites/245/2025/01/Diario-de-avisos-5-junio-1911.png" alt="" class="wp-image-629" srcset="https://wp.catedu.es/cpjuandelanuza/wp-content/uploads/sites/245/2025/01/Diario-de-avisos-5-junio-1911.png 416w, https://wp.catedu.es/cpjuandelanuza/wp-content/uploads/sites/245/2025/01/Diario-de-avisos-5-junio-1911-300x108.png 300w" sizes="auto, (max-width: 416px) 100vw, 416px" /><figcaption class="wp-element-caption"><br>Diario de avisos 5 junio 1911</figcaption></figure>



<p>En 1926 era trasladada a la escuela graduada de la calle Buen Pastor procedente de la escuela de «Los Graneros» (que dirigió su tía Ana y es actualmente CPEPA Concepción Arenal en la calle Santo Dominguito de Val), tras el fallecimiento de la anterior directora, Manuela Juarrero.</p>



<figure class="wp-block-image size-full"><img loading="lazy" decoding="async" width="638" height="568" src="https://wp.catedu.es/cpjuandelanuza/wp-content/uploads/sites/245/2025/01/La-Voz-de-Aragon-13-de-agosto-de-1926.png" alt="" class="wp-image-639" srcset="https://wp.catedu.es/cpjuandelanuza/wp-content/uploads/sites/245/2025/01/La-Voz-de-Aragon-13-de-agosto-de-1926.png 638w, https://wp.catedu.es/cpjuandelanuza/wp-content/uploads/sites/245/2025/01/La-Voz-de-Aragon-13-de-agosto-de-1926-300x267.png 300w" sizes="auto, (max-width: 638px) 100vw, 638px" /><figcaption class="wp-element-caption">La Voz de Aragón, 13 de agosto de 1926</figcaption></figure>



<p>En 1927 se publicaba su ascenso en el escalafón de maestras y su aumento de sueldo.</p>



<figure class="wp-block-image size-full"><img loading="lazy" decoding="async" width="674" height="478" src="https://wp.catedu.es/cpjuandelanuza/wp-content/uploads/sites/245/2025/01/La-Voz-de-Aragon-1-de-abril-de-1927.png" alt="" class="wp-image-637" srcset="https://wp.catedu.es/cpjuandelanuza/wp-content/uploads/sites/245/2025/01/La-Voz-de-Aragon-1-de-abril-de-1927.png 674w, https://wp.catedu.es/cpjuandelanuza/wp-content/uploads/sites/245/2025/01/La-Voz-de-Aragon-1-de-abril-de-1927-300x213.png 300w" sizes="auto, (max-width: 674px) 100vw, 674px" /><figcaption class="wp-element-caption">La Voz de Aragón 1 de abril de 1927</figcaption></figure>



<figure class="wp-block-image size-full"><img loading="lazy" decoding="async" width="235" height="271" src="https://wp.catedu.es/cpjuandelanuza/wp-content/uploads/sites/245/2025/02/Cruz-Mayayo-Aznarez-1927.png" alt="" class="wp-image-736" /><figcaption class="wp-element-caption">Mari Cruz Mayayo Aznárez en una imagen de 1927</figcaption></figure>



<p>En 1929, a petición suya, se instaló un piano en el centro:</p>



<figure class="wp-block-image size-full"><img loading="lazy" decoding="async" width="416" height="138" src="https://wp.catedu.es/cpjuandelanuza/wp-content/uploads/sites/245/2025/02/Heraldo-21-de-marzo-de-1929-Piano.png" alt="" class="wp-image-698" srcset="https://wp.catedu.es/cpjuandelanuza/wp-content/uploads/sites/245/2025/02/Heraldo-21-de-marzo-de-1929-Piano.png 416w, https://wp.catedu.es/cpjuandelanuza/wp-content/uploads/sites/245/2025/02/Heraldo-21-de-marzo-de-1929-Piano-300x100.png 300w" sizes="auto, (max-width: 416px) 100vw, 416px" /><figcaption class="wp-element-caption">Heraldo 21 de marzo de 1929</figcaption></figure>



<p>Falleció en 1963, el mismo año en el que se jubiló tras casi 50 años de servicio.</p>



<figure class="wp-block-image"><img loading="lazy" decoding="async" width="170" height="862" src="https://wp.catedu.es/cpjuandelanuza/wp-content/uploads/sites/245/2025/01/El-Noticiero-3-de-mayo-de-1963.png" alt="" class="wp-image-496" srcset="https://wp.catedu.es/cpjuandelanuza/wp-content/uploads/sites/245/2025/01/El-Noticiero-3-de-mayo-de-1963.png 170w, https://wp.catedu.es/cpjuandelanuza/wp-content/uploads/sites/245/2025/01/El-Noticiero-3-de-mayo-de-1963-59x300.png 59w" sizes="auto, (max-width: 170px) 100vw, 170px" /></figure>



<figure class="wp-block-image size-large"><img loading="lazy" decoding="async" width="1024" height="652" src="https://wp.catedu.es/cpjuandelanuza/wp-content/uploads/sites/245/2025/01/El-noticiero-11-de-diciembre-de-1963-1024x652.png" alt="" class="wp-image-635" srcset="https://wp.catedu.es/cpjuandelanuza/wp-content/uploads/sites/245/2025/01/El-noticiero-11-de-diciembre-de-1963-1024x652.png 1024w, https://wp.catedu.es/cpjuandelanuza/wp-content/uploads/sites/245/2025/01/El-noticiero-11-de-diciembre-de-1963-300x191.png 300w, https://wp.catedu.es/cpjuandelanuza/wp-content/uploads/sites/245/2025/01/El-noticiero-11-de-diciembre-de-1963-768x489.png 768w, https://wp.catedu.es/cpjuandelanuza/wp-content/uploads/sites/245/2025/01/El-noticiero-11-de-diciembre-de-1963.png 1524w" sizes="auto, (max-width: 1024px) 100vw, 1024px" /><figcaption class="wp-element-caption">El noticiero 11 de diciembre de 1963</figcaption></figure>



<figure class="wp-block-image size-large"><img loading="lazy" decoding="async" width="351" height="1024" src="https://wp.catedu.es/cpjuandelanuza/wp-content/uploads/sites/245/2025/02/El-noticiero-11-de-diciembre-de-1963-351x1024.png" alt="" class="wp-image-707" srcset="https://wp.catedu.es/cpjuandelanuza/wp-content/uploads/sites/245/2025/02/El-noticiero-11-de-diciembre-de-1963-351x1024.png 351w, https://wp.catedu.es/cpjuandelanuza/wp-content/uploads/sites/245/2025/02/El-noticiero-11-de-diciembre-de-1963-103x300.png 103w, https://wp.catedu.es/cpjuandelanuza/wp-content/uploads/sites/245/2025/02/El-noticiero-11-de-diciembre-de-1963.png 416w" sizes="auto, (max-width: 351px) 100vw, 351px" /><figcaption class="wp-element-caption">El noticiero 11 de diciembre de 1963</figcaption></figure>





<figure class="wp-block-image size-large"><img loading="lazy" decoding="async" width="1024" height="636" src="https://wp.catedu.es/cpjuandelanuza/wp-content/uploads/sites/245/2025/01/Screenshot-2025-01-29-at-12.55.05-1024x636.png" alt="" class="wp-image-632" srcset="https://wp.catedu.es/cpjuandelanuza/wp-content/uploads/sites/245/2025/01/Screenshot-2025-01-29-at-12.55.05-1024x636.png 1024w, https://wp.catedu.es/cpjuandelanuza/wp-content/uploads/sites/245/2025/01/Screenshot-2025-01-29-at-12.55.05-300x186.png 300w, https://wp.catedu.es/cpjuandelanuza/wp-content/uploads/sites/245/2025/01/Screenshot-2025-01-29-at-12.55.05-768x477.png 768w, https://wp.catedu.es/cpjuandelanuza/wp-content/uploads/sites/245/2025/01/Screenshot-2025-01-29-at-12.55.05-1536x954.png 1536w, https://wp.catedu.es/cpjuandelanuza/wp-content/uploads/sites/245/2025/01/Screenshot-2025-01-29-at-12.55.05.png 1636w" sizes="auto, (max-width: 1024px) 100vw, 1024px" /><figcaption class="wp-element-caption">El Noticiero 10 de diciembre de 1964</figcaption></figure>



<p></p>

<p>Sobrina de Ana Mayayo, estudió Pedagogía en la Normal de maestras de Zaragoza a principios del siglo XX. En 1926 era trasladada a la escuela graduada de la calle Buen Pastor procedente de la escuela de «Los Graneros» (que dirigió</p>
