{"id":68,"date":"2023-03-20T20:21:51","date_gmt":"2023-03-20T19:21:51","guid":{"rendered":"https:\/\/wp.catedu.es\/cpjuandelanuza\/?page_id=68"},"modified":"2025-02-07T10:26:30","modified_gmt":"2025-02-07T09:26:30","slug":"1921-2","status":"publish","type":"page","link":"https:\/\/wp.catedu.es\/cpjuandelanuza\/1921-2\/","title":{"rendered":"1911"},"content":{"rendered":"<p>Si sales del edificio y andas hacia la derecha, en la fachada junto a la primera ventana ver\u00e1s una inscripci\u00f3n en el ladrillo hecha a mano: 1-7 A\u00d1O 1911. Es la fecha en la que termin\u00f3 la obra de construcci\u00f3n del edificio.<\/p>\n<figure id=\"attachment_209\" aria-describedby=\"caption-attachment-209\" style=\"width: 560px\" class=\"wp-caption aligncenter\"><img loading=\"lazy\" decoding=\"async\" class=\"wp-image-209 size-large\" src=\"https:\/\/wp.catedu.es\/cpjuandelanuza\/wp-content\/uploads\/sites\/245\/2023\/04\/IMG_6319-768x1024.jpg\" alt=\"Inscripci\u00f3n a mano en ladrillo 1-7 A\u00d1O 1911\" width=\"560\" height=\"747\" srcset=\"https:\/\/wp.catedu.es\/cpjuandelanuza\/wp-content\/uploads\/sites\/245\/2023\/04\/IMG_6319-768x1024.jpg 768w, https:\/\/wp.catedu.es\/cpjuandelanuza\/wp-content\/uploads\/sites\/245\/2023\/04\/IMG_6319-225x300.jpg 225w, https:\/\/wp.catedu.es\/cpjuandelanuza\/wp-content\/uploads\/sites\/245\/2023\/04\/IMG_6319-1152x1536.jpg 1152w, https:\/\/wp.catedu.es\/cpjuandelanuza\/wp-content\/uploads\/sites\/245\/2023\/04\/IMG_6319-rotated.jpg 1512w\" sizes=\"auto, (max-width: 560px) 100vw, 560px\" \/><figcaption id=\"caption-attachment-209\" class=\"wp-caption-text\">1-7 A\u00d1O 1911<\/figcaption><\/figure>\n<p>En 1869 ya se hab\u00eda registrado la necesidad de construcci\u00f3n en Zaragoza de m\u00e1s escuelas municipales gratuitas. El Ayuntamiento de Zaragoza encarg\u00f3 en 1907-1908 al arquitecto municipal Ricardo Magdalena la construcci\u00f3n de un edificio en el solar de la antigua delegaci\u00f3n de Hacienda para albergar la escuela de p\u00e1rvulos a la que llamar\u00edan \u00abBuen Pastor\u00bb, como la asociaci\u00f3n ben\u00e9fica que hab\u00eda dado servicio anteriormente y que da nombre a la calle. La construcci\u00f3n se presupuest\u00f3 en 105.538 pesetas y 7 c\u00e9ntimos aunque finalmente el coste ascendi\u00f3 a casi 10.000 pesetas m\u00e1s de lo presupuestado.<\/p>\n<div class=\"h5p-iframe-wrapper\"><iframe id=\"h5p-iframe-16\" class=\"h5p-iframe\" data-content-id=\"16\" style=\"height:1px\" src=\"about:blank\" frameBorder=\"0\" scrolling=\"no\" title=\"Proyecto construcci\u00f3n edificio\"><\/iframe><\/div>\n<figure id=\"attachment_70\" aria-describedby=\"caption-attachment-70\" style=\"width: 273px\" class=\"wp-caption aligncenter\"><img loading=\"lazy\" decoding=\"async\" class=\"wp-image-70 size-full\" src=\"https:\/\/wp.catedu.es\/cpjuandelanuza\/wp-content\/uploads\/sites\/245\/2023\/03\/FIRMA.png\" alt=\"Firma del Arquitecto Municipal Ricardo Magdalena en el proyecto de construcci\u00f3n del edificio. \" width=\"273\" height=\"164\" \/><figcaption id=\"caption-attachment-70\" class=\"wp-caption-text\">Firma del Arquitecto Municipal Ricardo Magdalena en el proyecto de construcci\u00f3n del edificio. Archivo Municipal de Zaragoza.<\/figcaption><\/figure>\n<p><span style=\"background-color: #ffffff\"><code><div class=\"h5p-iframe-wrapper\"><iframe id=\"h5p-iframe-1\" class=\"h5p-iframe\" data-content-id=\"1\" style=\"height:1px\" src=\"about:blank\" frameBorder=\"0\" scrolling=\"no\" title=\"Planos originales de Ricardo Magdalena\"><\/iframe><\/div><\/code><\/span><\/p>\n<figure id=\"attachment_405\" aria-describedby=\"caption-attachment-405\" style=\"width: 600px\" class=\"wp-caption alignnone\"><img loading=\"lazy\" decoding=\"async\" class=\"size-full wp-image-405\" src=\"https:\/\/wp.catedu.es\/cpjuandelanuza\/wp-content\/uploads\/sites\/245\/2024\/08\/AHPZ_MF_COYNE_003836.jpg\" alt=\"\" width=\"600\" height=\"814\" srcset=\"https:\/\/wp.catedu.es\/cpjuandelanuza\/wp-content\/uploads\/sites\/245\/2024\/08\/AHPZ_MF_COYNE_003836.jpg 600w, https:\/\/wp.catedu.es\/cpjuandelanuza\/wp-content\/uploads\/sites\/245\/2024\/08\/AHPZ_MF_COYNE_003836-221x300.jpg 221w\" sizes=\"auto, (max-width: 600px) 100vw, 600px\" \/><figcaption id=\"caption-attachment-405\" class=\"wp-caption-text\">En esta imagen del Archivo Hist\u00f3rico Provincial de Zaragoza. Archivo fotogr\u00e1fico Coyne podemos ver el antiguo edificio de la delegaci\u00f3n de Hacienda que se derribar\u00eda para construir el edificio proyectado por Ricardo Magdalena que albergar\u00eda las escuelas municipales del Buen Pastor. A la izquierda de la iglesia, una licorer\u00eda.<\/figcaption><\/figure>\n<figure id=\"attachment_402\" aria-describedby=\"caption-attachment-402\" style=\"width: 605px\" class=\"wp-caption alignnone\"><img loading=\"lazy\" decoding=\"async\" class=\"wp-image-402 size-full\" src=\"https:\/\/wp.catedu.es\/cpjuandelanuza\/wp-content\/uploads\/sites\/245\/2024\/08\/AHPZ_MF_COYNE_000025.jpg\" alt=\"\" width=\"605\" height=\"800\" srcset=\"https:\/\/wp.catedu.es\/cpjuandelanuza\/wp-content\/uploads\/sites\/245\/2024\/08\/AHPZ_MF_COYNE_000025.jpg 605w, https:\/\/wp.catedu.es\/cpjuandelanuza\/wp-content\/uploads\/sites\/245\/2024\/08\/AHPZ_MF_COYNE_000025-227x300.jpg 227w\" sizes=\"auto, (max-width: 605px) 100vw, 605px\" \/><figcaption id=\"caption-attachment-402\" class=\"wp-caption-text\">En esta imagen del Archivo Coyne podemos observar el edificio para las nuevas escuelas municipales siendo construido.<\/figcaption><\/figure>\n<p><img loading=\"lazy\" decoding=\"async\" class=\"alignnone size-large wp-image-413\" src=\"https:\/\/wp.catedu.es\/cpjuandelanuza\/wp-content\/uploads\/sites\/245\/2024\/08\/AMZ_4-1_0001117-661x1024.jpg\" alt=\"\" width=\"560\" height=\"868\" srcset=\"https:\/\/wp.catedu.es\/cpjuandelanuza\/wp-content\/uploads\/sites\/245\/2024\/08\/AMZ_4-1_0001117-661x1024.jpg 661w, https:\/\/wp.catedu.es\/cpjuandelanuza\/wp-content\/uploads\/sites\/245\/2024\/08\/AMZ_4-1_0001117-194x300.jpg 194w, https:\/\/wp.catedu.es\/cpjuandelanuza\/wp-content\/uploads\/sites\/245\/2024\/08\/AMZ_4-1_0001117-768x1189.jpg 768w, https:\/\/wp.catedu.es\/cpjuandelanuza\/wp-content\/uploads\/sites\/245\/2024\/08\/AMZ_4-1_0001117-992x1536.jpg 992w, https:\/\/wp.catedu.es\/cpjuandelanuza\/wp-content\/uploads\/sites\/245\/2024\/08\/AMZ_4-1_0001117-1323x2048.jpg 1323w, https:\/\/wp.catedu.es\/cpjuandelanuza\/wp-content\/uploads\/sites\/245\/2024\/08\/AMZ_4-1_0001117.jpg 1550w\" sizes=\"auto, (max-width: 560px) 100vw, 560px\" \/><\/p>\n<figure id=\"attachment_404\" aria-describedby=\"caption-attachment-404\" style=\"width: 600px\" class=\"wp-caption alignnone\"><img loading=\"lazy\" decoding=\"async\" class=\"wp-image-404 size-full\" src=\"https:\/\/wp.catedu.es\/cpjuandelanuza\/wp-content\/uploads\/sites\/245\/2024\/08\/AHPZ_MF_COYNE_003839.jpg\" alt=\"\" width=\"600\" height=\"824\" srcset=\"https:\/\/wp.catedu.es\/cpjuandelanuza\/wp-content\/uploads\/sites\/245\/2024\/08\/AHPZ_MF_COYNE_003839.jpg 600w, https:\/\/wp.catedu.es\/cpjuandelanuza\/wp-content\/uploads\/sites\/245\/2024\/08\/AHPZ_MF_COYNE_003839-218x300.jpg 218w\" sizes=\"auto, (max-width: 600px) 100vw, 600px\" \/><figcaption id=\"caption-attachment-404\" class=\"wp-caption-text\">Otra foto m\u00e1s actual donde se ve el edificio. Archivo Hist\u00f3rico Provincial de Zaragoza. Archivo fotogr\u00e1fico Coyne. Documento audiovisual<\/figcaption><\/figure>\n<div class=\"h5p-iframe-wrapper\"><iframe id=\"h5p-iframe-15\" class=\"h5p-iframe\" data-content-id=\"15\" style=\"height:1px\" src=\"about:blank\" frameBorder=\"0\" scrolling=\"no\" title=\"Plaza del Justicia - construcci\u00f3n del edificio\"><\/iframe><\/div>\n<p>En 1911 se trasladaron los alumnos de las escuelas de la calle Est\u00e9banes y de San Antonio Abad al nuevo edificio.<\/p>\n<div class=\"mceTemp\"><\/div>\n<p style=\"text-align: left\">\n","protected":false},"excerpt":{"rendered":"<p>Si sales del edificio y andas hacia la derecha, en la fachada junto a la primera ventana ver\u00e1s una inscripci\u00f3n en el ladrillo hecha a mano: 1-7 A\u00d1O 1911. Es la fecha en la que termin\u00f3 la obra de construcci\u00f3n<\/p>\n","protected":false},"author":416,"featured_media":0,"parent":0,"menu_order":0,"comment_status":"closed","ping_status":"closed","template":"","meta":{"footnotes":""},"class_list":["post-68","page","type-page","status-publish","hentry"],"_links":{"self":[{"href":"https:\/\/wp.catedu.es\/cpjuandelanuza\/wp-json\/wp\/v2\/pages\/68","targetHints":{"allow":["GET"]}}],"collection":[{"href":"https:\/\/wp.catedu.es\/cpjuandelanuza\/wp-json\/wp\/v2\/pages"}],"about":[{"href":"https:\/\/wp.catedu.es\/cpjuandelanuza\/wp-json\/wp\/v2\/types\/page"}],"author":[{"embeddable":true,"href":"https:\/\/wp.catedu.es\/cpjuandelanuza\/wp-json\/wp\/v2\/users\/416"}],"replies":[{"embeddable":true,"href":"https:\/\/wp.catedu.es\/cpjuandelanuza\/wp-json\/wp\/v2\/comments?post=68"}],"version-history":[{"count":24,"href":"https:\/\/wp.catedu.es\/cpjuandelanuza\/wp-json\/wp\/v2\/pages\/68\/revisions"}],"predecessor-version":[{"id":791,"href":"https:\/\/wp.catedu.es\/cpjuandelanuza\/wp-json\/wp\/v2\/pages\/68\/revisions\/791"}],"wp:attachment":[{"href":"https:\/\/wp.catedu.es\/cpjuandelanuza\/wp-json\/wp\/v2\/media?parent=68"}],"curies":[{"name":"wp","href":"https:\/\/api.w.org\/{rel}","templated":true}]}}

<p>Si sales del edificio y andas hacia la derecha, en la fachada junto a la primera ventana verás una inscripción en el ladrillo hecha a mano: 1-7 AÑO 1911. Es la fecha en la que terminó la obra de construcción del edificio.</p>
<figure id="attachment_209" aria-describedby="caption-attachment-209" style="width: 560px" class="wp-caption aligncenter"><img loading="lazy" decoding="async" class="wp-image-209 size-large" src="https://wp.catedu.es/cpjuandelanuza/wp-content/uploads/sites/245/2023/04/IMG_6319-768x1024.jpg" alt="Inscripción a mano en ladrillo 1-7 AÑO 1911" width="560" height="747" srcset="https://wp.catedu.es/cpjuandelanuza/wp-content/uploads/sites/245/2023/04/IMG_6319-768x1024.jpg 768w, https://wp.catedu.es/cpjuandelanuza/wp-content/uploads/sites/245/2023/04/IMG_6319-225x300.jpg 225w, https://wp.catedu.es/cpjuandelanuza/wp-content/uploads/sites/245/2023/04/IMG_6319-1152x1536.jpg 1152w, https://wp.catedu.es/cpjuandelanuza/wp-content/uploads/sites/245/2023/04/IMG_6319-rotated.jpg 1512w" sizes="auto, (max-width: 560px) 100vw, 560px" /><figcaption id="caption-attachment-209" class="wp-caption-text">1-7 AÑO 1911</figcaption></figure>
<p>En 1869 ya se había registrado la necesidad de construcción en Zaragoza de más escuelas municipales gratuitas. El Ayuntamiento de Zaragoza encargó en 1907-1908 al arquitecto municipal Ricardo Magdalena la construcción de un edificio en el solar de la antigua delegación de Hacienda para albergar la escuela de párvulos a la que llamarían «Buen Pastor», como la asociación benéfica que había dado servicio anteriormente y que da nombre a la calle. La construcción se presupuestó en 105.538 pesetas y 7 céntimos aunque finalmente el coste ascendió a casi 10.000 pesetas más de lo presupuestado.</p>
<div class="h5p-iframe-wrapper"><iframe id="h5p-iframe-16" class="h5p-iframe" data-content-id="16" style="height:1px" src="about:blank" frameBorder="0" scrolling="no" title="Proyecto construcción edificio"></iframe></div>
<figure id="attachment_70" aria-describedby="caption-attachment-70" style="width: 273px" class="wp-caption aligncenter"><img loading="lazy" decoding="async" class="wp-image-70 size-full" src="https://wp.catedu.es/cpjuandelanuza/wp-content/uploads/sites/245/2023/03/FIRMA.png" alt="Firma del Arquitecto Municipal Ricardo Magdalena en el proyecto de construcción del edificio. " width="273" height="164" /><figcaption id="caption-attachment-70" class="wp-caption-text">Firma del Arquitecto Municipal Ricardo Magdalena en el proyecto de construcción del edificio. Archivo Municipal de Zaragoza.</figcaption></figure>
<p><span style="background-color: #ffffff"><code><div class="h5p-iframe-wrapper"><iframe id="h5p-iframe-1" class="h5p-iframe" data-content-id="1" style="height:1px" src="about:blank" frameBorder="0" scrolling="no" title="Planos originales de Ricardo Magdalena"></iframe></div></code></span></p>
<figure id="attachment_405" aria-describedby="caption-attachment-405" style="width: 600px" class="wp-caption alignnone"><img loading="lazy" decoding="async" class="size-full wp-image-405" src="https://wp.catedu.es/cpjuandelanuza/wp-content/uploads/sites/245/2024/08/AHPZ_MF_COYNE_003836.jpg" alt="" width="600" height="814" srcset="https://wp.catedu.es/cpjuandelanuza/wp-content/uploads/sites/245/2024/08/AHPZ_MF_COYNE_003836.jpg 600w, https://wp.catedu.es/cpjuandelanuza/wp-content/uploads/sites/245/2024/08/AHPZ_MF_COYNE_003836-221x300.jpg 221w" sizes="auto, (max-width: 600px) 100vw, 600px" /><figcaption id="caption-attachment-405" class="wp-caption-text">En esta imagen del Archivo Histórico Provincial de Zaragoza. Archivo fotográfico Coyne podemos ver el antiguo edificio de la delegación de Hacienda que se derribaría para construir el edificio proyectado por Ricardo Magdalena que albergaría las escuelas municipales del Buen Pastor. A la izquierda de la iglesia, una licorería.</figcaption></figure>
<figure id="attachment_402" aria-describedby="caption-attachment-402" style="width: 605px" class="wp-caption alignnone"><img loading="lazy" decoding="async" class="wp-image-402 size-full" src="https://wp.catedu.es/cpjuandelanuza/wp-content/uploads/sites/245/2024/08/AHPZ_MF_COYNE_000025.jpg" alt="" width="605" height="800" srcset="https://wp.catedu.es/cpjuandelanuza/wp-content/uploads/sites/245/2024/08/AHPZ_MF_COYNE_000025.jpg 605w, https://wp.catedu.es/cpjuandelanuza/wp-content/uploads/sites/245/2024/08/AHPZ_MF_COYNE_000025-227x300.jpg 227w" sizes="auto, (max-width: 605px) 100vw, 605px" /><figcaption id="caption-attachment-402" class="wp-caption-text">En esta imagen del Archivo Coyne podemos observar el edificio para las nuevas escuelas municipales siendo construido.</figcaption></figure>
<p><img loading="lazy" decoding="async" class="alignnone size-large wp-image-413" src="https://wp.catedu.es/cpjuandelanuza/wp-content/uploads/sites/245/2024/08/AMZ_4-1_0001117-661x1024.jpg" alt="" width="560" height="868" srcset="https://wp.catedu.es/cpjuandelanuza/wp-content/uploads/sites/245/2024/08/AMZ_4-1_0001117-661x1024.jpg 661w, https://wp.catedu.es/cpjuandelanuza/wp-content/uploads/sites/245/2024/08/AMZ_4-1_0001117-194x300.jpg 194w, https://wp.catedu.es/cpjuandelanuza/wp-content/uploads/sites/245/2024/08/AMZ_4-1_0001117-768x1189.jpg 768w, https://wp.catedu.es/cpjuandelanuza/wp-content/uploads/sites/245/2024/08/AMZ_4-1_0001117-992x1536.jpg 992w, https://wp.catedu.es/cpjuandelanuza/wp-content/uploads/sites/245/2024/08/AMZ_4-1_0001117-1323x2048.jpg 1323w, https://wp.catedu.es/cpjuandelanuza/wp-content/uploads/sites/245/2024/08/AMZ_4-1_0001117.jpg 1550w" sizes="auto, (max-width: 560px) 100vw, 560px" /></p>
<figure id="attachment_404" aria-describedby="caption-attachment-404" style="width: 600px" class="wp-caption alignnone"><img loading="lazy" decoding="async" class="wp-image-404 size-full" src="https://wp.catedu.es/cpjuandelanuza/wp-content/uploads/sites/245/2024/08/AHPZ_MF_COYNE_003839.jpg" alt="" width="600" height="824" srcset="https://wp.catedu.es/cpjuandelanuza/wp-content/uploads/sites/245/2024/08/AHPZ_MF_COYNE_003839.jpg 600w, https://wp.catedu.es/cpjuandelanuza/wp-content/uploads/sites/245/2024/08/AHPZ_MF_COYNE_003839-218x300.jpg 218w" sizes="auto, (max-width: 600px) 100vw, 600px" /><figcaption id="caption-attachment-404" class="wp-caption-text">Otra foto más actual donde se ve el edificio. Archivo Histórico Provincial de Zaragoza. Archivo fotográfico Coyne. Documento audiovisual</figcaption></figure>
<div class="h5p-iframe-wrapper"><iframe id="h5p-iframe-15" class="h5p-iframe" data-content-id="15" style="height:1px" src="about:blank" frameBorder="0" scrolling="no" title="Plaza del Justicia - construcción del edificio"></iframe></div>
<p>En 1911 se trasladaron los alumnos de las escuelas de la calle Estébanes y de San Antonio Abad al nuevo edificio.</p>
<div class="mceTemp"></div>
<p style="text-align: left">

<p>Si sales del edificio y andas hacia la derecha, en la fachada junto a la primera ventana verás una inscripción en el ladrillo hecha a mano: 1-7 AÑO 1911. Es la fecha en la que terminó la obra de construcción</p>
