{"id":11,"date":"2015-04-22T17:27:35","date_gmt":"2015-04-22T16:27:35","guid":{"rendered":"http:\/\/wp.catedu.es\/economiarycza\/?page_id=11"},"modified":"2017-11-29T10:02:53","modified_gmt":"2017-11-29T09:02:53","slug":"1o-bachillerato","status":"publish","type":"page","link":"https:\/\/wp.catedu.es\/economiarycza\/1o-bachillerato\/","title":{"rendered":"Econom\u00eda 1\u00ba"},"content":{"rendered":"<p><code>\u00a0<\/code><\/p>\n<table style=\"height: 165px;border-color: #4c80e0;width: 570px\">\n<tbody>\n<tr>\n<td style=\"width: 20px\" colspan=\"2\">\n<h1 style=\"text-align: center\"><span style=\"color: #3366ff\"><strong>\u00a0<\/strong><\/span><\/h1>\n<p><a href=\"http:\/\/wp.catedu.es\/economiarycza\/wp-content\/uploads\/sites\/22\/2015\/04\/Contenidos-y-secuenciaci\u00f3n.pdf\" target=\"_blank\">Secuenciaci\u00f3n de contenidos.<\/a><\/p>\n<p style=\"text-align: left\">Cuestiones tipo test\u00a0\u00a0\u00a0 <a href=\"http:\/\/www.ecobachillerato.com\/cuestionarios\/cuestionarios.htm\">ecobachillerato<\/a><\/p>\n<p style=\"text-align: left\">\n<\/td>\n<\/tr>\n<\/tbody>\n<\/table>\n<h4>\u00a0DOCUCUMENTOS TV.\u00a0 <a href=\"http:\/\/www.rtve.es\/television\/20111005\/documentos-tv-generacion-perdida\/466307.shtml\">1<\/a><\/h4>\n<p><a href=\"http:\/\/www.youtube.com\/watch?v=YrwrlMRVx8s&amp;feature=related\">El paro juvenil<\/a><\/p>\n<h3><a href=\"http:\/\/josesande.com\/2013\/04\/29\/nuestro-preocupante-paro-de-larga-duracion\/\">Nuestro preocupante paro de larga\u00a0duraci\u00f3n.<\/a><\/h3>\n<h1><span style=\"color: #ff0000\"><a style=\"color: #ff0000\" href=\"https:\/\/www.google.es\/publicdata\/explore?ds=z8o7pt6rd5uqa6_&amp;met_y=unemployment_rate&amp;idim=country:es:it:fr&amp;hl=es&amp;dl=es#!ctype=l&amp;strail=false&amp;bcs=d&amp;nselm=h&amp;met_y=unemployment_rate&amp;fdim_y=seasonality:sa&amp;scale_y=lin&amp;ind_y=false&amp;rdim=country_group&amp;idim=country:es:it:de:el:uk:se:is:fr&amp;ifdim=country_group&amp;hl=es&amp;dl=es&amp;ind=false\" target=\"_blank\">Ciclo del paro en Espa\u00f1a.<\/a><\/span><\/h1>\n<ul>\n<li>\n<h5><a href=\"http:\/\/economia.elpais.com\/economia\/2012\/02\/01\/actualidad\/1328122769_946552.html\">Manual para cobrar el paro<\/a><\/h5>\n<\/li>\n<li>\n<h3><span style=\"color: #ff0000\">Distintos videos:<\/span><\/h3>\n<\/li>\n<li style=\"text-align: center\"><span style=\"color: #000000\"><a style=\"color: #000000\" href=\"https:\/\/www.youtube.com\/watch?v=cXeh7IoCZlI\">Video explicativo PIB del Instituto Nacional de Estad\u00edstica<\/a><\/span><\/li>\n<li style=\"text-align: center\"><span style=\"color: #000000\"><a style=\"color: #000000\" href=\"https:\/\/www.youtube.com\/watch?v=IIU1RxFgjdc\">Video explicativo IPC del Instituto Nacional de Estad\u00edstica<\/a>.<\/span><\/li>\n<li style=\"text-align: center\"><span style=\"color: #000000\"><a style=\"color: #000000\" href=\"https:\/\/www.youtube.com\/watch?v=ZyspdtferZY\">Video explicativo sobre la Encuesta de Presupuestos Familiares del INE<\/a><\/span><\/li>\n<\/ul>\n<p><a href=\"https:\/\/vimeo.com\/15948799\">Documental: La PYME responsable. El valor de ser grande.<\/a><\/p>\n<p><a href=\"https:\/\/vimeo.com\/15948799\">Documental: La PYME responsable. El valor de ser grande.<\/a><\/p>\n<p><strong><a href=\"http:\/\/www.slideshare.net\/Norberta01\/los-recursos-econmicos-de-espaa\">Los recursos econ\u00f3micos de espa\u00f1a<\/a><\/strong><\/p>\n<p>&nbsp;<\/p>\n<p><span style=\"color: #ff0000\">Ejercicio<a href=\"http:\/\/wp.catedu.es\/economiarycza\/wp-content\/uploads\/sites\/22\/2015\/04\/factores.pdf\" target=\"_blank\"> factores<\/a> productivos<\/span><\/p>\n<ul>\n<li>\n<h3><span style=\"color: #000000\"><a style=\"color: #000000\" href=\"http:\/\/openmultimedia.ie.edu\/OpenProducts\/microeconomia\/microeconomia\/ejercicios.html\">Recurso interactivo para los gr\u00e1ficos de oferta y demanda.<\/a><a style=\"color: #000000\" href=\"http:\/\/ciberconta.unizar.es\/LECCION\/Demanda\/INICIO.HTML\">\u00a0<\/a><\/span><\/h3>\n<\/li>\n<li><a href=\"http:\/\/www.economiavisual.com\/la-demanda\/\" target=\"_blank\">Econom\u00eda visual.<\/a><\/li>\n<li>\n<h3><span style=\"color: #000000\"><a style=\"color: #000000\" href=\"http:\/\/ciberconta.unizar.es\/LECCION\/Demanda\/INICIO.HTML\">Funcionamiento de los mercados a trav\u00e9s de gr\u00e1ficos de oferta y demanda.<\/a><\/span><\/h3>\n<\/li>\n<li>\n<h3><span style=\"color: #000000\"><a style=\"color: #000000\" href=\"http:\/\/cadenaser.com\/ser\/2016\/01\/19\/gastro\/1453202124_964739.html#?ssm=14092012-Ser-rs-1-Fb\" target=\"_blank\">Ejemplo exceso de oferta en el mercado.<\/a><\/span><\/h3>\n<\/li>\n<\/ul>\n<ul>\n<li><span style=\"color: #000000\"><a style=\"color: #000000\" href=\"http:\/\/wp.catedu.es\/economiarycza\/wp-content\/uploads\/sites\/22\/2015\/04\/EJERCICIO_repaso_oferta_y_demanda.pdf\" target=\"_blank\">\u00a0 EJERCICIO DE REPASO OFERTA Y DEMANDA.<\/a><\/span><\/li>\n<li><span style=\"color: #0000ff\"><span style=\"color: #0000ff\"><a href=\"http:\/\/trucoslondres.com\/precio-ser-mejor-cambridge\/\" target=\"_blank\">El coste de oportunidad de ser el mejor estudiante en la universidad.<\/a> <span style=\"color: #3366ff\">(<\/span><\/span><span style=\"color: #3366ff\">El Precio de Ser el Mejor en Cambridge)<\/span><\/span><\/li>\n<\/ul>\n<p style=\"text-align: center\"><a href=\"http:\/\/www.slideshare.net\/guest750dcf\/tema-iv-la-produccin-y-la-empresa-los-sectores-econmicos\" target=\"_blank\"><strong>Tema IV. La Producci\u00f3n y La Empresa. Los Sectores Econ\u00f3micos<\/strong><\/a><\/p>\n<h2 style=\"text-align: center\"><strong>SEGUNDA EVALUACI\u00d3N<\/strong><\/h2>\n<p style=\"text-align: center\"><a href=\"http:\/\/www.slideshare.net\/posttic\/clculo-del-punto-muerto\" target=\"_blank\"><strong>C\u00e1lculo del Punto Muerto<\/strong><\/a><\/p>\n<div style=\"margin-bottom: 5px;text-align: center\"><\/div>\n<h5><span style=\"color: #000000\"><a style=\"color: #000000\" href=\"http:\/\/www.editgrid.com\/user\/antigecko\/umbral\">Calcula tu umbral de rentabilidad<\/a> (fuente: Pymes y aut\u00f3nomos) <span style=\"color: #ff0000\"><a style=\"color: #ff0000\" href=\"http:\/\/wp.catedu.es\/economiarycza\/wp-content\/uploads\/sites\/22\/2015\/04\/umbral.xls\">Descargar<\/a><strong><br \/>\n<\/strong><\/span><\/span><\/h5>\n<h5><span style=\"color: #000000\"><a style=\"color: #000000\" href=\"http:\/\/www.youtube.com\/watch?v=ALPpvzgFElg\">Planeta Zara<\/a><\/span><\/h5>\n<ul>\n<li>\n<h5><span style=\"color: #000000\"><a style=\"color: #000000\" href=\"http:\/\/www.sgae.es\/acerca-de\/los-socios-sgae\/\">Sociedad General de Autores y Editores (SGAE).<\/a><\/span><\/h5>\n<\/li>\n<li>\n<h5><span style=\"color: #000000\"><a style=\"color: #000000\" href=\"http:\/\/www.oepm.es\/es\/index.html\">Patentes y marcas.<\/a><\/span><\/h5>\n<\/li>\n<li>\n<h5><span style=\"color: #000000\"><a style=\"color: #000000\" href=\"http:\/\/www.slideshare.net\/juanmibecerra\/los-presupuestos-generales-del-estado-presentation\">Presupuestos Generales del Estado<\/a><\/span><\/h5>\n<\/li>\n<\/ul>\n<p><strong><a href=\"http:\/\/economia.elpais.com\/economia\/2012\/02\/17\/actualidad\/1329491637_532783.html\">\u201cEspa\u00f1a en el pa\u00eds de las maravillas\u201d \u2013 Suplemento Negocios de El Pa\u00eds \u2013 19 de febrero de 2012<\/a><\/strong><br \/>\n<a href=\"http:\/\/www.librosdetextogratis.com\/spa\/visor_manual.php?id=NjQz\">Punto muerto<\/a><\/p>\n<p style=\"text-align: center\">Ejercicio costes<span style=\"color: #ff0000\"> <a style=\"color: #ff0000\" href=\"http:\/\/wp.catedu.es\/economiarycza\/wp-content\/uploads\/sites\/22\/2015\/04\/ejercos.pdf\">Descargar<\/a><\/span><\/p>\n<ul>\n<li style=\"text-align: left\"><span style=\"color: #ff0000\"><a style=\"color: #ff0000\" href=\"http:\/\/wp.catedu.es\/economiarycza\/wp-content\/uploads\/sites\/22\/2015\/04\/Cuadro-Tipos-de-Mercado.docx\" target=\"_blank\">Cuadro tipos de mercado<\/a><\/span><\/li>\n<\/ul>\n<h4 style=\"text-align: center\"><a href=\"http:\/\/www.slideshare.net\/jbuces\/modelos-de-mercado-8232059\" target=\"_blank\"><strong> Modelos de mercado <\/strong> <\/a><\/h4>\n<ul>\n<li><span style=\"color: #000000\"><a style=\"color: #000000\" href=\"http:\/\/www.pwc.es\/es_ES\/es\/publicaciones\/legal-fiscal\/assets\/paying-taxes-2014-hacienda-infografia.pdf\">Cuestiones fiscales en el mundo<\/a><\/span><\/li>\n<li><span style=\"color: #000000\"><a style=\"color: #000000\" href=\"http:\/\/www.seg-social.es\/Internet_1\/Pensionistas\/Revalorizacion\/Resumencuantias2007\/index.htm\">Seguridad Social: Pensionistas<\/a><\/span><\/li>\n<\/ul>\n<h2 style=\"text-align: center\"><span style=\"color: #ff0000\"><a style=\"color: #ff0000\" href=\"https:\/\/politicafiscalayala.wordpress.com\/tarea\/\" target=\"_blank\">Excelente actividad sobre pol\u00edtica fiscal<\/a><\/span><\/h2>\n<h2 style=\"text-align: center\"><strong>TERCERA EVALUACI\u00d3N<\/strong><\/h2>\n<p><span style=\"color: #ff0000\"><strong><span style=\"text-decoration: underline\"><span style=\"font-size: 14pt\"><a title=\"FABRICANDO MADE IN SPAIN\" href=\"http:\/\/www.rtve.es\/television\/fabricando-made-in-spain\/\">FABRICANDO MADE IN SPAIN<\/a><\/span><\/span><\/strong><\/span><\/p>\n<p><span style=\"color: #ff0000\"><strong><span style=\"font-size: 14pt\"><a title=\"ipc\" href=\"http:\/\/www.ine.es\/jaxi\/menu.do?type=pcaxis&amp;path=\/t25\/p180&amp;file=inebase&amp;L=0\">IPC\u00a0<\/a><\/span><\/strong><\/span><\/p>\n<ul>\n<ul>\n<li><span style=\"color: #000000\"><a style=\"color: #000000\" title=\"Doce a\u00f1os de la econom\u00eda espa\u00f1ola en 12 gr\u00e1ficos \" href=\"http:\/\/www.actibva.com\/magazine\/economia\/doce-anos-de-la-economia-espanola-en-12-graficos-por-perpe\">Doce a\u00f1os de la econom\u00eda espa\u00f1ola en 12 gr\u00e1ficos.<\/a> <\/span><\/li>\n<\/ul>\n<\/ul>\n<ul>\n<li><span style=\"font-size: 12pt;color: #ff0000\"><a style=\"color: #ff0000\" title=\"PIB nominal y PIB real\" href=\"http:\/\/www.aulafacil.com\/Macro\/Lecc-4-macro.htm\">Ejercicio PIB nominal y PIB real<\/a><\/span><\/li>\n<\/ul>\n<p style=\"text-align: center\"><span style=\"color: #0000ff\"><a style=\"color: #0000ff\" title=\"PIB nominal y PIB real\" href=\"http:\/\/www.aulafacil.com\/Macro\/Lecc-4-macro.htm\"><span style=\"text-decoration: underline\"><span style=\"font-size: 12pt\">POL\u00cdTICA MONETARIA<\/span><\/span><\/a><\/span><\/p>\n<p>&nbsp;<\/p>\n<p class=\"MsoNormal\"><span style=\"color: #000000;font-size: 10pt\"><strong><span style=\"text-decoration: underline\"><a style=\"color: #000000;text-decoration: underline\" title=\"SISTEMA FINANCIERO\" href=\"http:\/\/www.edufinet.com\/edufinext\/index.php\/sistema-financiero\">SISTEMA FINANCIERO<\/a><\/span><\/strong><\/span><\/p>\n<p><span style=\"font-size: 10pt;color: #000000\"><a style=\"color: #000000\" title=\"Todo sobre Tarjetas de D\u00e9bito\" href=\"http:\/\/www.tarjetadedebito.com.es\/\">Todo sobre Tarjetas de D\u00e9bito<\/a><\/span><\/p>\n<p><span style=\"color: #000000\"><a style=\"color: #000000\" title=\"Banco de Espa\u00f1a\" href=\"http:\/\/www.bde.es\/webbde\/es\/secciones\/sobreelbanco\/organiza\/organica.html\"><span style=\"font-size: 12pt\">Banco de Espa\u00f1a.<\/span><\/a><\/span><\/p>\n<p><span style=\"font-size: 12pt;color: #000000\"><a style=\"color: #000000\" title=\"Uni\u00f3n Europea\" href=\"http:\/\/europa.eu\/about-eu\/countries\/index_es.htm\">Uni\u00f3n Europea<\/a>.<\/span><\/p>\n<p><span style=\"font-size: 12pt;color: #000000\"><a style=\"color: #000000\" title=\"Viajar por Europa\" href=\"http:\/\/europa.eu\/travel\/money\/index_es.htm\">Moneda Unica.<\/a><\/span><\/p>\n<div class=\"embed-container\"><iframe loading=\"lazy\" width=\"847\" height=\"476\" src=\"https:\/\/www.youtube.com\/embed\/wmUzyLfCgsY?feature=oembed\" frameborder=\"0\" gesture=\"media\" allow=\"encrypted-media\" allowfullscreen><\/iframe><\/div>\n<p>&nbsp;<\/p>\n<p style=\"text-align: center\"><a title=\"Banco de Espa\u00f1a\" href=\"http:\/\/www.bde.es\/webbde\/es\/secciones\/sobreelbanco\/organiza\/organica.html\"><span style=\"color: #008000\">\u00a0<\/span><\/a><span style=\"text-decoration: underline;color: #0000ff\"><span style=\"font-size: 12pt\">COMERCIO EXTERIOR<\/span><\/span><\/p>\n<ul>\n<li><span style=\"color: #000000\"><a style=\"color: #000000\" href=\"http:\/\/wp.catedu.es\/economiarycza\/wp-content\/uploads\/sites\/22\/2015\/04\/Balanza_Comercial_17_08_11.pdf\" target=\"_blank\"><span style=\"font-size: 12pt\">Balanza comercial.<\/span><\/a><\/span><\/li>\n<li><span style=\"color: #000000\"><a style=\"color: #000000\" href=\"http:\/\/wp.catedu.es\/economiarycza\/wp-content\/uploads\/sites\/22\/2015\/04\/sector_exterior.pdf\" target=\"_blank\"><span style=\"font-size: 12pt\">Sector Exterior.<\/span><\/a><\/span><\/li>\n<li>\n<h3><span style=\"color: #ff0000\"><a style=\"color: #ff0000\" href=\"http:\/\/wp.catedu.es\/economiarycza\/wp-content\/uploads\/sites\/22\/2015\/04\/balanza-de-pagos-ejercicio-4.pdf\" target=\"_blank\">Ejercicio Balanza de Pagos &#8211; Soluci\u00f3n.<\/a><\/span><\/h3>\n<\/li>\n<\/ul>\n<p>&nbsp;<\/p>\n<p style=\"text-align: center\"><span style=\"text-decoration: underline;color: #0000ff\"><span style=\"font-size: 12pt\">MERCADO DE DIVISAS<\/span><\/span><\/p>\n<ul>\n<li><span style=\"color: #000000\"><a style=\"color: #000000\" title=\"Mercado de divisas - Peri\u00f3dico Cinco D\u00edas\" href=\"http:\/\/www.cincodias.com\/divisas\/\"><span style=\"font-size: 12pt\">Tipo de cambio<\/span><\/a><\/span><\/li>\n<li><span style=\"font-size: 12pt\"><span style=\"color: #000000\"><a style=\"color: #000000\" title=\"Conversor de divisas\" href=\"http:\/\/www.oanda.com\/lang\/es\/currency\/converter\/\">Conversor de divisas<\/a><\/span><br \/>\n<\/span><\/li>\n<\/ul>\n<h2><a href=\"http:\/\/wp.catedu.es\/economiarycza\/wp-content\/uploads\/sites\/22\/2015\/04\/Captura-de-pantalla-de-2015-04-22-182542.png\"><img loading=\"lazy\" decoding=\"async\" class=\" size-medium wp-image-33 aligncenter\" src=\"http:\/\/wp.catedu.es\/economiarycza\/wp-content\/uploads\/sites\/22\/2015\/04\/Captura-de-pantalla-de-2015-04-22-182542-300x112.png\" alt=\"Captura de pantalla de 2015-04-22 18:25:42\" width=\"300\" height=\"112\" srcset=\"https:\/\/wp.catedu.es\/economiarycza\/wp-content\/uploads\/sites\/22\/2015\/04\/Captura-de-pantalla-de-2015-04-22-182542-300x112.png 300w, https:\/\/wp.catedu.es\/economiarycza\/wp-content\/uploads\/sites\/22\/2015\/04\/Captura-de-pantalla-de-2015-04-22-182542.png 504w\" sizes=\"auto, (max-width: 300px) 100vw, 300px\" \/><\/a><a href=\"http:\/\/www.rtve.es\/alacarta\/videos\/documentos-tv\/documentos-tv-monedas-cambio\/2063367\/\" target=\"_blank\"><span class=\"textBox mantitle\" style=\"color: #ff0000\">Documentos TV &#8211; Monedas de cambio<\/span><\/a><\/h2>\n<p>&nbsp;<\/p>\n","protected":false},"excerpt":{"rendered":"<p>\u00a0 \u00a0 Secuenciaci\u00f3n de contenidos. Cuestiones tipo test\u00a0\u00a0\u00a0 ecobachillerato \u00a0DOCUCUMENTOS TV.\u00a0 1 El paro juvenil Nuestro preocupante paro de larga\u00a0duraci\u00f3n. Ciclo del paro en Espa\u00f1a. Manual para cobrar el paro Distintos videos: Video explicativo PIB del Instituto Nacional de Estad\u00edstica Video explicativo IPC del Instituto Nacional de Estad\u00edstica. Video explicativo sobre la Encuesta de Presupuestos &hellip; <\/p>\n<p><a class=\"more-link btn\" href=\"https:\/\/wp.catedu.es\/economiarycza\/1o-bachillerato\/\">Seguir leyendo<\/a><\/p>\n","protected":false},"author":1,"featured_media":0,"parent":0,"menu_order":0,"comment_status":"closed","ping_status":"open","template":"","meta":{"footnotes":""},"class_list":["post-11","page","type-page","status-publish","hentry","nodate","item-wrap"],"_links":{"self":[{"href":"https:\/\/wp.catedu.es\/economiarycza\/wp-json\/wp\/v2\/pages\/11","targetHints":{"allow":["GET"]}}],"collection":[{"href":"https:\/\/wp.catedu.es\/economiarycza\/wp-json\/wp\/v2\/pages"}],"about":[{"href":"https:\/\/wp.catedu.es\/economiarycza\/wp-json\/wp\/v2\/types\/page"}],"author":[{"embeddable":true,"href":"https:\/\/wp.catedu.es\/economiarycza\/wp-json\/wp\/v2\/users\/1"}],"replies":[{"embeddable":true,"href":"https:\/\/wp.catedu.es\/economiarycza\/wp-json\/wp\/v2\/comments?post=11"}],"version-history":[{"count":91,"href":"https:\/\/wp.catedu.es\/economiarycza\/wp-json\/wp\/v2\/pages\/11\/revisions"}],"predecessor-version":[{"id":850,"href":"https:\/\/wp.catedu.es\/economiarycza\/wp-json\/wp\/v2\/pages\/11\/revisions\/850"}],"wp:attachment":[{"href":"https:\/\/wp.catedu.es\/economiarycza\/wp-json\/wp\/v2\/media?parent=11"}],"curies":[{"name":"wp","href":"https:\/\/api.w.org\/{rel}","templated":true}]}}