{"id":15,"date":"2016-11-30T23:38:56","date_gmt":"2016-11-30T22:38:56","guid":{"rendered":"http:\/\/wp.catedu.es\/elaboracionproductosalimentarios\/?page_id=15"},"modified":"2016-11-30T23:38:56","modified_gmt":"2016-11-30T22:38:56","slug":"quienes-somos","status":"publish","type":"page","link":"https:\/\/wp.catedu.es\/elaboracionproductosalimentarios\/","title":{"rendered":"\u00bfQuienes somos?"},"content":{"rendered":"<p><strong><\/strong><em><\/em><\/p>\n<p>Los miembros constituyentes de este blog son profesoras y alumnos del ciclo formativo de FP de grado medio de elaboraci\u00f3n de productos alimenticios que se imparte por primera vez en el IES Mart\u00ednez Vargas de Barbastro.<\/p>\n<p>La competencia general de este t\u00edtulo consiste en elaborar y envasar productos alimenticios de acuerdo con los planes de producci\u00f3n y calidad, efectuando el mantenimiento de primer nivel de los equipos y aplicando la legislaci\u00f3n vigente de higiene y seguridad alimentaria, de protecci\u00f3n ambiental y de prevenci\u00f3n de riesgos laborales.<\/p>\n<p>La creaci\u00f3n\u00a0de este blog tiene como objetivo mostrar de una manera m\u00e1s visual a los lectores las actividades y proyectos que se hacen en clase, informar a los usuarios de noticias de inter\u00e9s alimentario, compartir experiencias&#8230;<\/p>\n<p>Para cualquier informaci\u00f3n adicional pod\u00e9is encontrarnos en la siguiente direcci\u00f3n:<\/p>\n<p>IES Mart\u00ednez Vargas<\/p>\n<p>Camino de la Boquera S\/n<\/p>\n<p>22300 Barbastro (Huesca)<\/p>\n<p>Tel. 974 310294<\/p>\n<p>iesmvbarbastro@educa.aragon.es<\/p>\n","protected":false},"excerpt":{"rendered":"<p>Los miembros constituyentes de este blog son profesoras y alumnos del ciclo formativo de FP de grado medio de elaboraci\u00f3n de productos alimenticios que se imparte por primera vez en el IES Mart\u00ednez Vargas de Barbastro. La competencia general de este t\u00edtulo consiste en elaborar y envasar productos alimenticios de acuerdo con los planes de [&hellip;]<\/p>\n","protected":false},"author":124,"featured_media":0,"parent":0,"menu_order":0,"comment_status":"closed","ping_status":"closed","template":"","meta":{"footnotes":""},"class_list":["post-15","page","type-page","status-publish","hentry"],"_links":{"self":[{"href":"https:\/\/wp.catedu.es\/elaboracionproductosalimentarios\/wp-json\/wp\/v2\/pages\/15","targetHints":{"allow":["GET"]}}],"collection":[{"href":"https:\/\/wp.catedu.es\/elaboracionproductosalimentarios\/wp-json\/wp\/v2\/pages"}],"about":[{"href":"https:\/\/wp.catedu.es\/elaboracionproductosalimentarios\/wp-json\/wp\/v2\/types\/page"}],"author":[{"embeddable":true,"href":"https:\/\/wp.catedu.es\/elaboracionproductosalimentarios\/wp-json\/wp\/v2\/users\/124"}],"replies":[{"embeddable":true,"href":"https:\/\/wp.catedu.es\/elaboracionproductosalimentarios\/wp-json\/wp\/v2\/comments?post=15"}],"version-history":[{"count":1,"href":"https:\/\/wp.catedu.es\/elaboracionproductosalimentarios\/wp-json\/wp\/v2\/pages\/15\/revisions"}],"predecessor-version":[{"id":16,"href":"https:\/\/wp.catedu.es\/elaboracionproductosalimentarios\/wp-json\/wp\/v2\/pages\/15\/revisions\/16"}],"wp:attachment":[{"href":"https:\/\/wp.catedu.es\/elaboracionproductosalimentarios\/wp-json\/wp\/v2\/media?parent=15"}],"curies":[{"name":"wp","href":"https:\/\/api.w.org\/{rel}","templated":true}]}}