{"id":310,"date":"2020-04-13T11:47:17","date_gmt":"2020-04-13T10:47:17","guid":{"rendered":"http:\/\/wp.catedu.es\/escuelaruralencasa\/?page_id=310"},"modified":"2020-04-15T19:07:41","modified_gmt":"2020-04-15T18:07:41","slug":"medios-tecnologicos","status":"publish","type":"page","link":"https:\/\/wp.catedu.es\/escuelaruralencasa\/tecnologia\/medios-tecnologicos\/","title":{"rendered":"Medios tecnol\u00f3gicos"},"content":{"rendered":"<div style=\"width: 100%;\">\n<div style=\"position: relative; padding-bottom: 100.00%; padding-top: 0; height: 0;\"><iframe loading=\"lazy\" style=\"position: absolute; top: 0; left: 0; width: 100%; height: 100%;\" src=\"https:\/\/view.genial.ly\/5e974ba5fd084a0da964f341\" width=\"1200px\" height=\"1200px\" frameborder=\"0\" scrolling=\"yes\" allowfullscreen=\"allowfullscreen\"><\/iframe><\/div>\n<\/div>\n<p>&nbsp;<\/p>\n<p><img loading=\"lazy\" decoding=\"async\" class=\"aligncenter size-full wp-image-142\" src=\"http:\/\/wp.catedu.es\/escuelaruralencasa\/wp-content\/uploads\/sites\/189\/2020\/04\/escuelacontigoencasa.png\" alt=\"\" width=\"551\" height=\"169\" srcset=\"https:\/\/wp.catedu.es\/escuelaruralencasa\/wp-content\/uploads\/sites\/189\/2020\/04\/escuelacontigoencasa.png 551w, https:\/\/wp.catedu.es\/escuelaruralencasa\/wp-content\/uploads\/sites\/189\/2020\/04\/escuelacontigoencasa-300x92.png 300w\" sizes=\"auto, (max-width: 551px) 100vw, 551px\" \/>La tecnolog\u00eda no puede ser un obst\u00e1culo para desarrollar la actividad educativa, es una excelente ayuda si est\u00e1 disponible y su ausencia nos obliga a plantear soluciones complementarias que solucionen las carencias. Equipos, conectividad, disponibilidad de datos&#8230; son los retos a los que nos enfrentamos y para los que encontramos soluciones.<\/p>\n","protected":false},"excerpt":{"rendered":"<p>&nbsp; La tecnolog\u00eda no puede ser un obst\u00e1culo para desarrollar la actividad educativa, es una excelente ayuda si est\u00e1 disponible y su ausencia nos obliga a plantear soluciones complementarias que solucionen las carencias. Equipos, conectividad, disponibilidad de datos&#8230; son los<\/p>\n","protected":false},"author":264,"featured_media":0,"parent":26,"menu_order":0,"comment_status":"closed","ping_status":"closed","template":"","meta":{"footnotes":""},"class_list":["post-310","page","type-page","status-publish","hentry"],"_links":{"self":[{"href":"https:\/\/wp.catedu.es\/escuelaruralencasa\/wp-json\/wp\/v2\/pages\/310","targetHints":{"allow":["GET"]}}],"collection":[{"href":"https:\/\/wp.catedu.es\/escuelaruralencasa\/wp-json\/wp\/v2\/pages"}],"about":[{"href":"https:\/\/wp.catedu.es\/escuelaruralencasa\/wp-json\/wp\/v2\/types\/page"}],"author":[{"embeddable":true,"href":"https:\/\/wp.catedu.es\/escuelaruralencasa\/wp-json\/wp\/v2\/users\/264"}],"replies":[{"embeddable":true,"href":"https:\/\/wp.catedu.es\/escuelaruralencasa\/wp-json\/wp\/v2\/comments?post=310"}],"version-history":[{"count":2,"href":"https:\/\/wp.catedu.es\/escuelaruralencasa\/wp-json\/wp\/v2\/pages\/310\/revisions"}],"predecessor-version":[{"id":518,"href":"https:\/\/wp.catedu.es\/escuelaruralencasa\/wp-json\/wp\/v2\/pages\/310\/revisions\/518"}],"up":[{"embeddable":true,"href":"https:\/\/wp.catedu.es\/escuelaruralencasa\/wp-json\/wp\/v2\/pages\/26"}],"wp:attachment":[{"href":"https:\/\/wp.catedu.es\/escuelaruralencasa\/wp-json\/wp\/v2\/media?parent=310"}],"curies":[{"name":"wp","href":"https:\/\/api.w.org\/{rel}","templated":true}]}}