{"id":423,"date":"2020-04-13T14:20:01","date_gmt":"2020-04-13T13:20:01","guid":{"rendered":"http:\/\/wp.catedu.es\/escuelaruralencasa\/?page_id=423"},"modified":"2020-04-16T18:38:27","modified_gmt":"2020-04-16T17:38:27","slug":"423-2","status":"publish","type":"page","link":"https:\/\/wp.catedu.es\/escuelaruralencasa\/comunidad-educativa\/423-2\/","title":{"rendered":"Formaci\u00f3n"},"content":{"rendered":"<div style=\"width: 100%;\">\n<div style=\"position: relative; padding-bottom: 56.25%; padding-top: 0; height: 0;\"><iframe loading=\"lazy\" style=\"position: absolute; top: 0; left: 0; width: 100%; height: 100%;\" src=\"https:\/\/view.genial.ly\/5e988fbf8a1e5e0e205ca367\" width=\"1200px\" height=\"675px\" frameborder=\"0\" scrolling=\"yes\" allowfullscreen=\"allowfullscreen\"><\/iframe><\/div>\n<\/div>\n<p>&nbsp;<\/p>\n<p><img loading=\"lazy\" decoding=\"async\" class=\"aligncenter size-full wp-image-420\" src=\"http:\/\/wp.catedu.es\/escuelaruralencasa\/wp-content\/uploads\/sites\/189\/2020\/04\/escuelacontigoencasa-1.png\" alt=\"\" width=\"551\" height=\"169\" srcset=\"https:\/\/wp.catedu.es\/escuelaruralencasa\/wp-content\/uploads\/sites\/189\/2020\/04\/escuelacontigoencasa-1.png 551w, https:\/\/wp.catedu.es\/escuelaruralencasa\/wp-content\/uploads\/sites\/189\/2020\/04\/escuelacontigoencasa-1-300x92.png 300w\" sizes=\"auto, (max-width: 551px) 100vw, 551px\" \/>La formaci\u00f3n se ha convertido en una necesidad para superar los obst\u00e1culos que nos plantea este reto social y sanitario, una formaci\u00f3n que se plantea para toda la comunidad educativa porque tanto las familias como el profesorado necesitan ese apoyo competencial para afrontar el reto. Por eso el profesorado imparte formaci\u00f3n a sus iguales, ayuda a superar las carencias en la capacitaci\u00f3n familiar y pone, en fin, sus conocimientos y buenas pr\u00e1cticas al servicio de la comunidad educativa.<\/p>\n","protected":false},"excerpt":{"rendered":"<p>&nbsp; La formaci\u00f3n se ha convertido en una necesidad para superar los obst\u00e1culos que nos plantea este reto social y sanitario, una formaci\u00f3n que se plantea para toda la comunidad educativa porque tanto las familias como el profesorado necesitan ese<\/p>\n","protected":false},"author":264,"featured_media":0,"parent":28,"menu_order":0,"comment_status":"closed","ping_status":"closed","template":"","meta":{"footnotes":""},"class_list":["post-423","page","type-page","status-publish","hentry"],"_links":{"self":[{"href":"https:\/\/wp.catedu.es\/escuelaruralencasa\/wp-json\/wp\/v2\/pages\/423","targetHints":{"allow":["GET"]}}],"collection":[{"href":"https:\/\/wp.catedu.es\/escuelaruralencasa\/wp-json\/wp\/v2\/pages"}],"about":[{"href":"https:\/\/wp.catedu.es\/escuelaruralencasa\/wp-json\/wp\/v2\/types\/page"}],"author":[{"embeddable":true,"href":"https:\/\/wp.catedu.es\/escuelaruralencasa\/wp-json\/wp\/v2\/users\/264"}],"replies":[{"embeddable":true,"href":"https:\/\/wp.catedu.es\/escuelaruralencasa\/wp-json\/wp\/v2\/comments?post=423"}],"version-history":[{"count":3,"href":"https:\/\/wp.catedu.es\/escuelaruralencasa\/wp-json\/wp\/v2\/pages\/423\/revisions"}],"predecessor-version":[{"id":548,"href":"https:\/\/wp.catedu.es\/escuelaruralencasa\/wp-json\/wp\/v2\/pages\/423\/revisions\/548"}],"up":[{"embeddable":true,"href":"https:\/\/wp.catedu.es\/escuelaruralencasa\/wp-json\/wp\/v2\/pages\/28"}],"wp:attachment":[{"href":"https:\/\/wp.catedu.es\/escuelaruralencasa\/wp-json\/wp\/v2\/media?parent=423"}],"curies":[{"name":"wp","href":"https:\/\/api.w.org\/{rel}","templated":true}]}}