{"id":131,"date":"2017-03-24T18:39:06","date_gmt":"2017-03-24T17:39:06","guid":{"rendered":"http:\/\/wp.catedu.es\/geohistoria\/?page_id=131"},"modified":"2017-03-24T18:39:06","modified_gmt":"2017-03-24T17:39:06","slug":"clases-de-historia","status":"publish","type":"page","link":"https:\/\/wp.catedu.es\/geohistoria\/clases-de-historia\/","title":{"rendered":"Clases de Historia"},"content":{"rendered":"<p><a href=\"http:\/\/www.claseshistoria.com\/general\/temario.htm\" target=\"_blank\"><img loading=\"lazy\" decoding=\"async\" class=\"aligncenter size-full wp-image-132\" src=\"http:\/\/wp.catedu.es\/geohistoria\/wp-content\/uploads\/sites\/77\/2017\/03\/clases-historia.jpg\" alt=\"clases historia\" width=\"700\" height=\"412\" srcset=\"https:\/\/wp.catedu.es\/geohistoria\/wp-content\/uploads\/sites\/77\/2017\/03\/clases-historia.jpg 700w, https:\/\/wp.catedu.es\/geohistoria\/wp-content\/uploads\/sites\/77\/2017\/03\/clases-historia-300x177.jpg 300w, https:\/\/wp.catedu.es\/geohistoria\/wp-content\/uploads\/sites\/77\/2017\/03\/clases-historia-595x350.jpg 595w, https:\/\/wp.catedu.es\/geohistoria\/wp-content\/uploads\/sites\/77\/2017\/03\/clases-historia-150x88.jpg 150w\" sizes=\"auto, (max-width: 700px) 100vw, 700px\" \/><\/a><\/p>\n<p><a title=\"Clases de Historia\" href=\"http:\/\/www.claseshistoria.com\/general\/temario.htm\" target=\"_blank\">Clases de Historia <\/a>es una p\u00e1gina dirigida a estudiantes de Bachillerato y de ESO.<\/p>\n<p>Se organiza en:<img loading=\"lazy\" decoding=\"async\" class=\"size-full wp-image-133 alignright\" src=\"http:\/\/wp.catedu.es\/geohistoria\/wp-content\/uploads\/sites\/77\/2017\/03\/clases-historia_2.jpg\" alt=\"clases historia_2\" width=\"235\" height=\"821\" srcset=\"https:\/\/wp.catedu.es\/geohistoria\/wp-content\/uploads\/sites\/77\/2017\/03\/clases-historia_2.jpg 235w, https:\/\/wp.catedu.es\/geohistoria\/wp-content\/uploads\/sites\/77\/2017\/03\/clases-historia_2-86x300.jpg 86w, https:\/\/wp.catedu.es\/geohistoria\/wp-content\/uploads\/sites\/77\/2017\/03\/clases-historia_2-100x350.jpg 100w, https:\/\/wp.catedu.es\/geohistoria\/wp-content\/uploads\/sites\/77\/2017\/03\/clases-historia_2-43x150.jpg 43w\" sizes=\"auto, (max-width: 235px) 100vw, 235px\" \/><\/p>\n<ul>\n<li><strong>Secciones tem\u00e1ticas:<br \/>\n<\/strong><\/p>\n<ul>\n<li>Historia Contempor\u00e1nea<\/li>\n<li>Historia de Arte<\/li>\n<li>Geograf\u00eda de Espa\u00f1a<\/li>\n<li>Bilingual Space<\/li>\n<li>Historia de Am\u00e9rica<\/li>\n<\/ul>\n<\/li>\n<li><strong>Recursos para el aula:<\/strong>\n<ul>\n<li>Mapas conceptuales<\/li>\n<li>Textos hist\u00f3ricos<\/li>\n<li>Comentario de textos<\/li>\n<li>Confecci\u00f3n de un esquema<\/li>\n<li>Confecci\u00f3n de un mapa conceptual<\/li>\n<li>L\u00edneas de tiempo<\/li>\n<li>Glosario<\/li>\n<li>Audiovisuales<\/li>\n<li>Ejercicios interactivos<\/li>\n<\/ul>\n<\/li>\n<\/ul>\n","protected":false},"excerpt":{"rendered":"<p>Clases de Historia es una p\u00e1gina dirigida a estudiantes de Bachillerato y de ESO. Se organiza en: Secciones tem\u00e1ticas: Historia Contempor\u00e1nea Historia de Arte Geograf\u00eda de Espa\u00f1a Bilingual Space Historia de Am\u00e9rica Recursos para el aula: Mapas conceptuales Textos hist\u00f3ricos Comentario de textos Confecci\u00f3n de un esquema Confecci\u00f3n de un &#8230; <a class=\"continue-reading-link\" href=\"https:\/\/wp.catedu.es\/geohistoria\/clases-de-historia\/\"> Continue reading<\/a><\/p>\n","protected":false},"author":143,"featured_media":0,"parent":0,"menu_order":0,"comment_status":"closed","ping_status":"closed","template":"","meta":{"footnotes":""},"class_list":["post-131","page","type-page","status-publish","hentry"],"_links":{"self":[{"href":"https:\/\/wp.catedu.es\/geohistoria\/wp-json\/wp\/v2\/pages\/131","targetHints":{"allow":["GET"]}}],"collection":[{"href":"https:\/\/wp.catedu.es\/geohistoria\/wp-json\/wp\/v2\/pages"}],"about":[{"href":"https:\/\/wp.catedu.es\/geohistoria\/wp-json\/wp\/v2\/types\/page"}],"author":[{"embeddable":true,"href":"https:\/\/wp.catedu.es\/geohistoria\/wp-json\/wp\/v2\/users\/143"}],"replies":[{"embeddable":true,"href":"https:\/\/wp.catedu.es\/geohistoria\/wp-json\/wp\/v2\/comments?post=131"}],"version-history":[{"count":1,"href":"https:\/\/wp.catedu.es\/geohistoria\/wp-json\/wp\/v2\/pages\/131\/revisions"}],"predecessor-version":[{"id":134,"href":"https:\/\/wp.catedu.es\/geohistoria\/wp-json\/wp\/v2\/pages\/131\/revisions\/134"}],"wp:attachment":[{"href":"https:\/\/wp.catedu.es\/geohistoria\/wp-json\/wp\/v2\/media?parent=131"}],"curies":[{"name":"wp","href":"https:\/\/api.w.org\/{rel}","templated":true}]}}