{"id":18,"date":"2015-02-11T13:27:12","date_gmt":"2015-02-11T12:27:12","guid":{"rendered":"http:\/\/wp.catedu.es\/infantilalmozara\/?page_id=18"},"modified":"2015-03-30T13:11:24","modified_gmt":"2015-03-30T12:11:24","slug":"quienes-somos","status":"publish","type":"page","link":"https:\/\/wp.catedu.es\/infantilalmozara\/quienes-somos\/","title":{"rendered":"Quienes somos"},"content":{"rendered":"<p>Somos las maestras del equipo de educaci\u00f3n infantil del CEIP La Almozara.<\/p>\n<p>Este es nuestro blog. A trav\u00e9s de \u00e9l, informamos de algunas de las actividades que estamos realizando con nuestros alumnos.<\/p>\n<p>&nbsp;<\/p>\n<p>&nbsp;<\/p>\n","protected":false},"excerpt":{"rendered":"<p>Somos las maestras del equipo de educaci\u00f3n infantil del CEIP La Almozara. Este es nuestro blog. A trav\u00e9s de \u00e9l, informamos de algunas de las actividades que estamos realizando con nuestros alumnos. &nbsp; &nbsp;<\/p>\n","protected":false},"author":39,"featured_media":0,"parent":0,"menu_order":0,"comment_status":"closed","ping_status":"closed","template":"full-width-page.php","meta":{"footnotes":""},"class_list":["post-18","page","type-page","status-publish","hentry"],"_links":{"self":[{"href":"https:\/\/wp.catedu.es\/infantilalmozara\/wp-json\/wp\/v2\/pages\/18","targetHints":{"allow":["GET"]}}],"collection":[{"href":"https:\/\/wp.catedu.es\/infantilalmozara\/wp-json\/wp\/v2\/pages"}],"about":[{"href":"https:\/\/wp.catedu.es\/infantilalmozara\/wp-json\/wp\/v2\/types\/page"}],"author":[{"embeddable":true,"href":"https:\/\/wp.catedu.es\/infantilalmozara\/wp-json\/wp\/v2\/users\/39"}],"replies":[{"embeddable":true,"href":"https:\/\/wp.catedu.es\/infantilalmozara\/wp-json\/wp\/v2\/comments?post=18"}],"version-history":[{"count":3,"href":"https:\/\/wp.catedu.es\/infantilalmozara\/wp-json\/wp\/v2\/pages\/18\/revisions"}],"predecessor-version":[{"id":139,"href":"https:\/\/wp.catedu.es\/infantilalmozara\/wp-json\/wp\/v2\/pages\/18\/revisions\/139"}],"wp:attachment":[{"href":"https:\/\/wp.catedu.es\/infantilalmozara\/wp-json\/wp\/v2\/media?parent=18"}],"curies":[{"name":"wp","href":"https:\/\/api.w.org\/{rel}","templated":true}]}}