{"id":79,"date":"2017-09-28T22:57:49","date_gmt":"2017-09-28T21:57:49","guid":{"rendered":"http:\/\/wp.catedu.es\/lanuzadigital\/?page_id=79"},"modified":"2017-11-01T23:32:42","modified_gmt":"2017-11-01T22:32:42","slug":"funciones","status":"publish","type":"page","link":"https:\/\/wp.catedu.es\/lanuzadigital\/mia\/funciones\/","title":{"rendered":"Funciones"},"content":{"rendered":"<p style=\"text-align: justify;\">La labor que desarrolla esta figura en el centro es fundamental para la extensi\u00f3n del uso de las TIC en los centros educativos y requiere un perfil de profesor que, adem\u00e1s de tener una buena formaci\u00f3n t\u00e9cnica, posea conocimientos sobre organizaci\u00f3n y metodolog\u00eda de uso educativo de las TIC que le permitan liderar, de acuerdo con el Equipo Directivo, iniciativas encaminadas a la plena integraci\u00f3n de las TIC en el centro.<\/p>\n<p style=\"text-align: justify;\"><strong>FUNCIONES<\/strong>:<\/p>\n<ol>\n<li style=\"text-align: justify;\">Coordinar la elaboraci\u00f3n y dinamizar la puesta en marcha del <strong>plan de integraci\u00f3n de las TIC<\/strong> en el centro educativo.<\/li>\n<li style=\"text-align: justify;\">Coordinar <strong>sesiones formativas e informativas<\/strong> con el profesorado del centro, para formar sobre el uso de los equipos y los programas e informar de los materiales curriculares disponibles.<\/li>\n<li style=\"text-align: justify;\">Coordinar el horario de <strong>utilizaci\u00f3n de las aulas inform\u00e1ticas o equipamientos m\u00f3viles<\/strong> y la normativa de uso.<\/li>\n<li style=\"text-align: justify;\">\u00a0Controlar la instalaci\u00f3n de <strong>nuevo software<\/strong> en los equipos.<\/li>\n<li style=\"text-align: justify;\">Colaborar con el Equipo Directivo en el mantenimiento actualizado del <strong>inventario de equipamiento inform\u00e1tico<\/strong>.<\/li>\n<li style=\"text-align: justify;\">Gestionar, junto con el Equipo Directivo del Centro, el<strong> mantenimiento de los equipos inform\u00e1ticos<\/strong> tanto con las empresas contratadas por el Departamento como con las que pueda haber contratado directamente el centro: dar los partes de aver\u00eda, hacer un seguimiento de las reparaciones.<\/li>\n<li style=\"text-align: justify;\">Asesorar a la Direcci\u00f3n del centro en la elaboraci\u00f3n de los<strong> presupuestos relacionados con los equipos e infraestructuras inform\u00e1ticas y de comunicaciones<\/strong>. Asistir a las reuniones de la CCP en las que este \u00f3rgano trate cuestiones relacionadas con los programas de integraci\u00f3n de la TIC en el centro.<\/li>\n<li style=\"text-align: justify;\">Coordinarse con los CIFES (antiguos CPR\u2019s), Servicios Provinciales y\u00a0Servicios Centrales del Departamento as\u00ed como <strong>ser interlocutor<\/strong> entre \u00e9stos y el centro.<\/li>\n<\/ol>\n","protected":false},"excerpt":{"rendered":"<p>La labor que desarrolla esta figura en el centro es fundamental para la extensi\u00f3n del uso de las TIC en los centros educativos y requiere un perfil de profesor que, adem\u00e1s de tener una buena formaci\u00f3n t\u00e9cnica, posea conocimientos sobre organizaci\u00f3n y metodolog\u00eda de uso educativo de las TIC que le permitan liderar, de acuerdo &hellip; <\/p>\n<p><a class=\"more-link btn\" href=\"https:\/\/wp.catedu.es\/lanuzadigital\/mia\/funciones\/\">Seguir leyendo<\/a><\/p>\n","protected":false},"author":68,"featured_media":0,"parent":61,"menu_order":2,"comment_status":"closed","ping_status":"closed","template":"","meta":{"footnotes":""},"class_list":["post-79","page","type-page","status-publish","hentry","nodate","item-wrap"],"_links":{"self":[{"href":"https:\/\/wp.catedu.es\/lanuzadigital\/wp-json\/wp\/v2\/pages\/79","targetHints":{"allow":["GET"]}}],"collection":[{"href":"https:\/\/wp.catedu.es\/lanuzadigital\/wp-json\/wp\/v2\/pages"}],"about":[{"href":"https:\/\/wp.catedu.es\/lanuzadigital\/wp-json\/wp\/v2\/types\/page"}],"author":[{"embeddable":true,"href":"https:\/\/wp.catedu.es\/lanuzadigital\/wp-json\/wp\/v2\/users\/68"}],"replies":[{"embeddable":true,"href":"https:\/\/wp.catedu.es\/lanuzadigital\/wp-json\/wp\/v2\/comments?post=79"}],"version-history":[{"count":2,"href":"https:\/\/wp.catedu.es\/lanuzadigital\/wp-json\/wp\/v2\/pages\/79\/revisions"}],"predecessor-version":[{"id":81,"href":"https:\/\/wp.catedu.es\/lanuzadigital\/wp-json\/wp\/v2\/pages\/79\/revisions\/81"}],"up":[{"embeddable":true,"href":"https:\/\/wp.catedu.es\/lanuzadigital\/wp-json\/wp\/v2\/pages\/61"}],"wp:attachment":[{"href":"https:\/\/wp.catedu.es\/lanuzadigital\/wp-json\/wp\/v2\/media?parent=79"}],"curies":[{"name":"wp","href":"https:\/\/api.w.org\/{rel}","templated":true}]}}