{"id":36,"date":"2020-09-20T11:57:04","date_gmt":"2020-09-20T10:57:04","guid":{"rendered":"http:\/\/wp.catedu.es\/matematicasvdp\/?page_id=36"},"modified":"2021-10-06T20:00:42","modified_gmt":"2021-10-06T19:00:42","slug":"eso","status":"publish","type":"page","link":"https:\/\/wp.catedu.es\/matematicasvdp\/programaciones\/eso\/","title":{"rendered":"ESO"},"content":{"rendered":"<p>En el siguiente enlace encontrar\u00e1s la programaci\u00f3n de la materia de\u00a0 de Matem\u00e1ticas y del Taller de Matem\u00e1ticas de la ESO.<\/p>\n<p style=\"text-align: center\"><a href=\"http:\/\/wp.catedu.es\/matematicasvdp\/wp-content\/uploads\/sites\/196\/2021\/10\/Programacion-CORTA-ESO-21-22.pdf\" rel=\"attachment wp-att-145\">PROGRAMACI\u00d3N ESO<\/a><\/p>\n<p>A cada alumno al inicio del curso se le entrega una programaci\u00f3n corta con la secuenciaci\u00f3n de los contenidos,\u00a0 los procedimientos de evaluaci\u00f3n, criterios de calificaci\u00f3n y otros aspectos importantes a tener en cuenta.<\/p>\n<p><a href=\"http:\/\/wp.catedu.es\/matematicasvdp\/wp-content\/uploads\/sites\/196\/2021\/10\/MAT-1o-ESO_Corta-ALUMNOS-1.pdf\">1\u00baESO<\/a>\u00a0 \u00a0 \u00a0 <a href=\"http:\/\/wp.catedu.es\/matematicasvdp\/wp-content\/uploads\/sites\/196\/2021\/10\/MAT-2o-ESO_Corta-ALUMNOS-1.pdf\">2\u00baESO<\/a>\u00a0 \u00a0 \u00a0<a href=\"http:\/\/wp.catedu.es\/matematicasvdp\/wp-content\/uploads\/sites\/196\/2021\/10\/MAT-3o-ESO-academicas_Corta-ALUMNOS-1.pdf\">3\u00baESO ACAD\u00c9MICAS<\/a>\u00a0 \u00a0 \u00a0<a href=\"http:\/\/wp.catedu.es\/matematicasvdp\/wp-content\/uploads\/sites\/196\/2021\/10\/MAT-3o-ESO-aplicadas_Corta-ALUMNOS-1.pdf\">3\u00baESO APLICADAS<\/a><\/p>\n<p><a href=\"http:\/\/wp.catedu.es\/matematicasvdp\/wp-content\/uploads\/sites\/196\/2021\/10\/MAT-4o-ESO-academicas_Corta-ALUMNOS.pdf\">4\u00baESO ACAD\u00c9MICAS<\/a>\u00a0 \u00a0 \u00a0 \u00a0 \u00a0<a href=\"http:\/\/wp.catedu.es\/matematicasvdp\/wp-content\/uploads\/sites\/196\/2021\/10\/MAT-4o-ESO-aplicadas_Corta-ALUMNOS.pdf\"> 4\u00ba ESO APLICADAS<\/a><\/p>\n","protected":false},"excerpt":{"rendered":"<p>En el siguiente enlace encontrar\u00e1s la programaci\u00f3n de la materia de\u00a0 de Matem\u00e1ticas y del Taller de Matem\u00e1ticas de la ESO. PROGRAMACI\u00d3N ESO A cada alumno al inicio del curso se le entrega una programaci\u00f3n corta con la secuenciaci\u00f3n de los contenidos,\u00a0 los procedimientos de evaluaci\u00f3n, criterios de calificaci\u00f3n y otros aspectos importantes a tener [&hellip;]<\/p>\n","protected":false},"author":354,"featured_media":0,"parent":19,"menu_order":1,"comment_status":"closed","ping_status":"closed","template":"","meta":{"footnotes":""},"class_list":["post-36","page","type-page","status-publish","hentry"],"_links":{"self":[{"href":"https:\/\/wp.catedu.es\/matematicasvdp\/wp-json\/wp\/v2\/pages\/36","targetHints":{"allow":["GET"]}}],"collection":[{"href":"https:\/\/wp.catedu.es\/matematicasvdp\/wp-json\/wp\/v2\/pages"}],"about":[{"href":"https:\/\/wp.catedu.es\/matematicasvdp\/wp-json\/wp\/v2\/types\/page"}],"author":[{"embeddable":true,"href":"https:\/\/wp.catedu.es\/matematicasvdp\/wp-json\/wp\/v2\/users\/354"}],"replies":[{"embeddable":true,"href":"https:\/\/wp.catedu.es\/matematicasvdp\/wp-json\/wp\/v2\/comments?post=36"}],"version-history":[{"count":11,"href":"https:\/\/wp.catedu.es\/matematicasvdp\/wp-json\/wp\/v2\/pages\/36\/revisions"}],"predecessor-version":[{"id":267,"href":"https:\/\/wp.catedu.es\/matematicasvdp\/wp-json\/wp\/v2\/pages\/36\/revisions\/267"}],"up":[{"embeddable":true,"href":"https:\/\/wp.catedu.es\/matematicasvdp\/wp-json\/wp\/v2\/pages\/19"}],"wp:attachment":[{"href":"https:\/\/wp.catedu.es\/matematicasvdp\/wp-json\/wp\/v2\/media?parent=36"}],"curies":[{"name":"wp","href":"https:\/\/api.w.org\/{rel}","templated":true}]}}

<p>En el siguiente enlace encontrarás la programación de la materia de  de Matemáticas y del Taller de Matemáticas de la ESO.</p>
<p style="text-align: center"><a href="http://wp.catedu.es/matematicasvdp/wp-content/uploads/sites/196/2021/10/Programacion-CORTA-ESO-21-22.pdf" rel="attachment wp-att-145">PROGRAMACIÓN ESO</a></p>
<p>A cada alumno al inicio del curso se le entrega una programación corta con la secuenciación de los contenidos,  los procedimientos de evaluación, criterios de calificación y otros aspectos importantes a tener en cuenta.</p>
<p><a href="http://wp.catedu.es/matematicasvdp/wp-content/uploads/sites/196/2021/10/MAT-1o-ESO_Corta-ALUMNOS-1.pdf">1ºESO</a>      <a href="http://wp.catedu.es/matematicasvdp/wp-content/uploads/sites/196/2021/10/MAT-2o-ESO_Corta-ALUMNOS-1.pdf">2ºESO</a>     <a href="http://wp.catedu.es/matematicasvdp/wp-content/uploads/sites/196/2021/10/MAT-3o-ESO-academicas_Corta-ALUMNOS-1.pdf">3ºESO ACADÉMICAS</a>     <a href="http://wp.catedu.es/matematicasvdp/wp-content/uploads/sites/196/2021/10/MAT-3o-ESO-aplicadas_Corta-ALUMNOS-1.pdf">3ºESO APLICADAS</a></p>
<p><a href="http://wp.catedu.es/matematicasvdp/wp-content/uploads/sites/196/2021/10/MAT-4o-ESO-academicas_Corta-ALUMNOS.pdf">4ºESO ACADÉMICAS</a>         <a href="http://wp.catedu.es/matematicasvdp/wp-content/uploads/sites/196/2021/10/MAT-4o-ESO-aplicadas_Corta-ALUMNOS.pdf"> 4º ESO APLICADAS</a></p>

<p>En el siguiente enlace encontrarás la programación de la materia de  de Matemáticas y del Taller de Matemáticas de la ESO. PROGRAMACIÓN ESO A cada alumno al inicio del curso se le entrega una programación corta con la secuenciación de los contenidos,  los procedimientos de evaluación, criterios de calificación y otros aspectos importantes a tener [&hellip;]</p>
