{"id":93,"date":"2020-10-21T09:55:56","date_gmt":"2020-10-21T08:55:56","guid":{"rendered":"http:\/\/wp.catedu.es\/matematicasvdp\/?page_id=93"},"modified":"2020-11-14T10:13:17","modified_gmt":"2020-11-14T09:13:17","slug":"autorizaciones","status":"publish","type":"page","link":"https:\/\/wp.catedu.es\/matematicasvdp\/autorizaciones\/","title":{"rendered":"AUTORIZACIONES"},"content":{"rendered":"<p>&nbsp;<\/p>\n<p><a href=\"http:\/\/wp.catedu.es\/matematicasvdp\/wp-content\/uploads\/sites\/196\/2020\/11\/AUTORIZACION-EXAMEN-BTO1.pdf\">Realizaci\u00f3n de examen fuera del horario lectivo.<\/a><\/p>\n<p><a href=\"http:\/\/wp.catedu.es\/matematicasvdp\/wp-content\/uploads\/sites\/196\/2020\/11\/AUTORIZACION-EXAMEN-RECUPERACION.pdf\">Realizaci\u00f3n de examen de recuperaci\u00f3n fuera del horario lectivo.<\/a><\/p>\n","protected":false},"excerpt":{"rendered":"<p>&nbsp; Realizaci\u00f3n de examen fuera del horario lectivo. Realizaci\u00f3n de examen de recuperaci\u00f3n fuera del horario lectivo.<\/p>\n","protected":false},"author":354,"featured_media":0,"parent":0,"menu_order":10,"comment_status":"closed","ping_status":"closed","template":"","meta":{"footnotes":""},"class_list":["post-93","page","type-page","status-publish","hentry"],"_links":{"self":[{"href":"https:\/\/wp.catedu.es\/matematicasvdp\/wp-json\/wp\/v2\/pages\/93","targetHints":{"allow":["GET"]}}],"collection":[{"href":"https:\/\/wp.catedu.es\/matematicasvdp\/wp-json\/wp\/v2\/pages"}],"about":[{"href":"https:\/\/wp.catedu.es\/matematicasvdp\/wp-json\/wp\/v2\/types\/page"}],"author":[{"embeddable":true,"href":"https:\/\/wp.catedu.es\/matematicasvdp\/wp-json\/wp\/v2\/users\/354"}],"replies":[{"embeddable":true,"href":"https:\/\/wp.catedu.es\/matematicasvdp\/wp-json\/wp\/v2\/comments?post=93"}],"version-history":[{"count":3,"href":"https:\/\/wp.catedu.es\/matematicasvdp\/wp-json\/wp\/v2\/pages\/93\/revisions"}],"predecessor-version":[{"id":220,"href":"https:\/\/wp.catedu.es\/matematicasvdp\/wp-json\/wp\/v2\/pages\/93\/revisions\/220"}],"wp:attachment":[{"href":"https:\/\/wp.catedu.es\/matematicasvdp\/wp-json\/wp\/v2\/media?parent=93"}],"curies":[{"name":"wp","href":"https:\/\/api.w.org\/{rel}","templated":true}]}}