{"id":29,"date":"2024-11-15T13:06:51","date_gmt":"2024-11-15T12:06:51","guid":{"rendered":"https:\/\/wp.catedu.es\/orientateruel\/?page_id=29"},"modified":"2025-04-02T10:46:16","modified_gmt":"2025-04-02T08:46:16","slug":"uet","status":"publish","type":"page","link":"https:\/\/wp.catedu.es\/orientateruel\/uet\/","title":{"rendered":"UET"},"content":{"rendered":"\n<figure class=\"wp-block-embed is-type-wp-embed is-provider-incrustado wp-block-embed-incrustado\"><div class=\"wp-block-embed__wrapper\">\n<blockquote class=\"wp-embedded-content\" data-secret=\"1OJ0dYIMnC\"><a href=\"https:\/\/wp.catedu.es\/orientateruel\/teruel-apuesta-por-la-formacion-como-requisito-para-la-alfabetizacion-emocional\/\">UET_INFORMACI\u00d3N: \u00abTeruel apuesta por la formaci\u00f3n como requisito para la alfabetizaci\u00f3n emocional\u00bb<\/a><\/blockquote><iframe loading=\"lazy\" class=\"wp-embedded-content\" sandbox=\"allow-scripts\" security=\"restricted\" style=\"position: absolute; visibility: hidden;\" title=\"\u00abUET_INFORMACI\u00d3N: \u00abTeruel apuesta por la formaci\u00f3n como requisito para la alfabetizaci\u00f3n emocional\u00bb\u00bb \u2014 \" src=\"https:\/\/wp.catedu.es\/orientateruel\/teruel-apuesta-por-la-formacion-como-requisito-para-la-alfabetizacion-emocional\/embed\/#?secret=41SBcBrQME#?secret=1OJ0dYIMnC\" data-secret=\"1OJ0dYIMnC\" width=\"600\" height=\"338\" frameborder=\"0\" marginwidth=\"0\" marginheight=\"0\" scrolling=\"no\"><\/iframe>\n<\/div><\/figure>\n\n\n\n<figure class=\"wp-block-embed is-type-wp-embed is-provider-incrustado wp-block-embed-incrustado\"><div class=\"wp-block-embed__wrapper\">\n<blockquote class=\"wp-embedded-content\" data-secret=\"pwHcOQqxzC\"><a href=\"https:\/\/wp.catedu.es\/orientateruel\/uet_taller-nuevos-enfoques-para-el-bienestar-emocional-el-papel-del-movimiento\/\">UET_TALLER \u00abNUEVOS ENFOQUES PARA EL BIENESTAR EMOCIONAL: EL PAPEL DEL MOVIMIENTO\u00bb<\/a><\/blockquote><iframe loading=\"lazy\" class=\"wp-embedded-content\" sandbox=\"allow-scripts\" security=\"restricted\" style=\"position: absolute; visibility: hidden;\" title=\"\u00abUET_TALLER \u00abNUEVOS ENFOQUES PARA EL BIENESTAR EMOCIONAL: EL PAPEL DEL MOVIMIENTO\u00bb\u00bb \u2014 \" src=\"https:\/\/wp.catedu.es\/orientateruel\/uet_taller-nuevos-enfoques-para-el-bienestar-emocional-el-papel-del-movimiento\/embed\/#?secret=DM5DsWyr9z#?secret=pwHcOQqxzC\" data-secret=\"pwHcOQqxzC\" width=\"600\" height=\"338\" frameborder=\"0\" marginwidth=\"0\" marginheight=\"0\" scrolling=\"no\"><\/iframe>\n<\/div><\/figure>\n\n\n\n<figure class=\"wp-block-embed is-type-wp-embed is-provider-incrustado wp-block-embed-incrustado\"><div class=\"wp-block-embed__wrapper\">\n<blockquote class=\"wp-embedded-content\" data-secret=\"UvkuekDqBG\"><a href=\"https:\/\/wp.catedu.es\/orientateruel\/uet_plan-de-actuacion-2024-2025\/\">UET_PLAN DE ACTUACI\u00d3N 2024 &#8211; 2025<\/a><\/blockquote><iframe loading=\"lazy\" class=\"wp-embedded-content\" sandbox=\"allow-scripts\" security=\"restricted\" style=\"position: absolute; visibility: hidden;\" title=\"\u00abUET_PLAN DE ACTUACI\u00d3N 2024 &#8211; 2025\u00bb \u2014 \" src=\"https:\/\/wp.catedu.es\/orientateruel\/uet_plan-de-actuacion-2024-2025\/embed\/#?secret=2vywO1GGbD#?secret=UvkuekDqBG\" data-secret=\"UvkuekDqBG\" width=\"600\" height=\"338\" frameborder=\"0\" marginwidth=\"0\" marginheight=\"0\" scrolling=\"no\"><\/iframe>\n<\/div><\/figure>\n\n\n\n<figure class=\"wp-block-embed is-type-wp-embed is-provider-incrustado wp-block-embed-incrustado\"><div class=\"wp-block-embed__wrapper\">\n<blockquote class=\"wp-embedded-content\" data-secret=\"stKD7Nsp82\"><a href=\"https:\/\/wp.catedu.es\/orientateruel\/uet_programa-de-promocion-de-la-salud-somos-imprescindibles\/\">UET_PROGRAMA DE PROMOCI\u00d3N DE LA SALUD: \u00abSomos IMPRESCINDIBLES\u00bb<\/a><\/blockquote><iframe loading=\"lazy\" class=\"wp-embedded-content\" sandbox=\"allow-scripts\" security=\"restricted\" style=\"position: absolute; visibility: hidden;\" title=\"\u00abUET_PROGRAMA DE PROMOCI\u00d3N DE LA SALUD: \u00abSomos IMPRESCINDIBLES\u00bb\u00bb \u2014 \" src=\"https:\/\/wp.catedu.es\/orientateruel\/uet_programa-de-promocion-de-la-salud-somos-imprescindibles\/embed\/#?secret=UZC6v3uxN4#?secret=stKD7Nsp82\" data-secret=\"stKD7Nsp82\" width=\"600\" height=\"338\" frameborder=\"0\" marginwidth=\"0\" marginheight=\"0\" scrolling=\"no\"><\/iframe>\n<\/div><\/figure>\n\n\n\n<figure class=\"wp-block-embed is-type-wp-embed is-provider-incrustado wp-block-embed-incrustado\"><div class=\"wp-block-embed__wrapper\">\n<blockquote class=\"wp-embedded-content\" data-secret=\"XOYawPmx4s\"><a href=\"https:\/\/wp.catedu.es\/orientateruel\/uet_-reunion-utrillas-04-11-24-conclusiones\/\">UET_ REUNI\u00d3N UTRILLAS 04\/11\/24: Conclusiones<\/a><\/blockquote><iframe loading=\"lazy\" class=\"wp-embedded-content\" sandbox=\"allow-scripts\" security=\"restricted\" style=\"position: absolute; visibility: hidden;\" title=\"\u00abUET_ REUNI\u00d3N UTRILLAS 04\/11\/24: Conclusiones\u00bb \u2014 \" src=\"https:\/\/wp.catedu.es\/orientateruel\/uet_-reunion-utrillas-04-11-24-conclusiones\/embed\/#?secret=AVDOpmM38U#?secret=XOYawPmx4s\" data-secret=\"XOYawPmx4s\" width=\"600\" height=\"338\" frameborder=\"0\" marginwidth=\"0\" marginheight=\"0\" scrolling=\"no\"><\/iframe>\n<\/div><\/figure>\n\n\n\n<figure class=\"wp-block-embed is-type-wp-embed is-provider-incrustado wp-block-embed-incrustado\"><div class=\"wp-block-embed__wrapper\">\n<blockquote class=\"wp-embedded-content\" data-secret=\"WoLgIdMjzL\"><a href=\"https:\/\/wp.catedu.es\/orientateruel\/uet_duelo-infanto-juvenil-manual-hacia-el-agradecido-recuerdo\/\">UET_DUELO INFANTO-JUVENIL: Manual \u00abHacia el agradecido recuerdo\u00bb<\/a><\/blockquote><iframe loading=\"lazy\" class=\"wp-embedded-content\" sandbox=\"allow-scripts\" security=\"restricted\" style=\"position: absolute; visibility: hidden;\" title=\"\u00abUET_DUELO INFANTO-JUVENIL: Manual \u00abHacia el agradecido recuerdo\u00bb\u00bb \u2014 \" src=\"https:\/\/wp.catedu.es\/orientateruel\/uet_duelo-infanto-juvenil-manual-hacia-el-agradecido-recuerdo\/embed\/#?secret=F0fiEPosgS#?secret=WoLgIdMjzL\" data-secret=\"WoLgIdMjzL\" width=\"600\" height=\"338\" frameborder=\"0\" marginwidth=\"0\" marginheight=\"0\" scrolling=\"no\"><\/iframe>\n<\/div><\/figure>\n\n\n\n<figure class=\"wp-block-embed is-type-wp-embed is-provider-incrustado wp-block-embed-incrustado\"><div class=\"wp-block-embed__wrapper\">\n<blockquote class=\"wp-embedded-content\" data-secret=\"UU4imnDkKf\"><a href=\"https:\/\/wp.catedu.es\/orientateruel\/uet_acuerdo-de-colaboracion-educacion-salud-mental-resolucion-de-3-de-diciembre-de-2024-boa\/\">UET_ACUERDO DE COLABORACI\u00d3N EDUCACI\u00d3N &#8211; SALUD MENTAL: Resoluci\u00f3n de 3 de diciembre de 2024 (BOA)<\/a><\/blockquote><iframe loading=\"lazy\" class=\"wp-embedded-content\" sandbox=\"allow-scripts\" security=\"restricted\" style=\"position: absolute; visibility: hidden;\" title=\"\u00abUET_ACUERDO DE COLABORACI\u00d3N EDUCACI\u00d3N &#8211; SALUD MENTAL: Resoluci\u00f3n de 3 de diciembre de 2024 (BOA)\u00bb \u2014 \" src=\"https:\/\/wp.catedu.es\/orientateruel\/uet_acuerdo-de-colaboracion-educacion-salud-mental-resolucion-de-3-de-diciembre-de-2024-boa\/embed\/#?secret=oZrZdokJ2u#?secret=UU4imnDkKf\" data-secret=\"UU4imnDkKf\" width=\"600\" height=\"338\" frameborder=\"0\" marginwidth=\"0\" marginheight=\"0\" scrolling=\"no\"><\/iframe>\n<\/div><\/figure>\n\n\n\n<figure class=\"wp-block-embed is-type-wp-embed is-provider-incrustado wp-block-embed-incrustado\"><div class=\"wp-block-embed__wrapper\">\n<blockquote class=\"wp-embedded-content\" data-secret=\"CihhGgwZq0\"><a href=\"https:\/\/wp.catedu.es\/orientateruel\/uet_salud-mental-y-pantallas-la-aep-actualiza-sus-recomendaciones-sobre-el-uso-de-pantallas-en-la-infancia-y-adolescencia-en-base-a-la-nueva-evidencia-cientifica\/\">UET_SALUD MENTAL Y PANTALLAS: \u00abLa AEP actualiza sus recomendaciones sobre el uso de pantallas en la infancia y adolescencia en base a la nueva evidencia cient\u00edfica\u00bb<\/a><\/blockquote><iframe loading=\"lazy\" class=\"wp-embedded-content\" sandbox=\"allow-scripts\" security=\"restricted\" style=\"position: absolute; visibility: hidden;\" title=\"\u00abUET_SALUD MENTAL Y PANTALLAS: \u00abLa AEP actualiza sus recomendaciones sobre el uso de pantallas en la infancia y adolescencia en base a la nueva evidencia cient\u00edfica\u00bb\u00bb \u2014 \" src=\"https:\/\/wp.catedu.es\/orientateruel\/uet_salud-mental-y-pantallas-la-aep-actualiza-sus-recomendaciones-sobre-el-uso-de-pantallas-en-la-infancia-y-adolescencia-en-base-a-la-nueva-evidencia-cientifica\/embed\/#?secret=hTYIflggrN#?secret=CihhGgwZq0\" data-secret=\"CihhGgwZq0\" width=\"600\" height=\"338\" frameborder=\"0\" marginwidth=\"0\" marginheight=\"0\" scrolling=\"no\"><\/iframe>\n<\/div><\/figure>\n\n\n\n<figure class=\"wp-block-embed is-type-wp-embed is-provider-incrustado wp-block-embed-incrustado\"><div class=\"wp-block-embed__wrapper\">\n<blockquote class=\"wp-embedded-content\" data-secret=\"2ikL77oRmu\"><a href=\"https:\/\/wp.catedu.es\/orientateruel\/uet_dia-internacional-de-las-personas-con-discapacidad-la-salud-mental-nos-preocupa\/\">UET_D\u00cdA INTERNACIONAL DE LAS PERSONAS CON DISCAPACIDAD: \u00abLa salud mental nos preocupa\u00bb<\/a><\/blockquote><iframe loading=\"lazy\" class=\"wp-embedded-content\" sandbox=\"allow-scripts\" security=\"restricted\" style=\"position: absolute; visibility: hidden;\" title=\"\u00abUET_D\u00cdA INTERNACIONAL DE LAS PERSONAS CON DISCAPACIDAD: \u00abLa salud mental nos preocupa\u00bb\u00bb \u2014 \" src=\"https:\/\/wp.catedu.es\/orientateruel\/uet_dia-internacional-de-las-personas-con-discapacidad-la-salud-mental-nos-preocupa\/embed\/#?secret=lsRNDPHEoJ#?secret=2ikL77oRmu\" data-secret=\"2ikL77oRmu\" width=\"600\" height=\"338\" frameborder=\"0\" marginwidth=\"0\" marginheight=\"0\" scrolling=\"no\"><\/iframe>\n<\/div><\/figure>\n\n\n\n<figure class=\"wp-block-embed is-type-wp-embed is-provider-incrustado wp-block-embed-incrustado\"><div class=\"wp-block-embed__wrapper\">\n<blockquote class=\"wp-embedded-content\" data-secret=\"QzgQV7xHK6\"><a href=\"https:\/\/wp.catedu.es\/orientateruel\/familias-conscientes-fortaleciendo-la-salud-mental-de-nuestrs-hijs\/\">UET_SALUD EMOCIONAL: \u00abFamilias Conscientes. Fortaleciendo la salud mental de nuestr@s hij@s\u00bb<\/a><\/blockquote><iframe loading=\"lazy\" class=\"wp-embedded-content\" sandbox=\"allow-scripts\" security=\"restricted\" style=\"position: absolute; visibility: hidden;\" title=\"\u00abUET_SALUD EMOCIONAL: \u00abFamilias Conscientes. Fortaleciendo la salud mental de nuestr@s hij@s\u00bb\u00bb \u2014 \" src=\"https:\/\/wp.catedu.es\/orientateruel\/familias-conscientes-fortaleciendo-la-salud-mental-de-nuestrs-hijs\/embed\/#?secret=UikaPhiKcs#?secret=QzgQV7xHK6\" data-secret=\"QzgQV7xHK6\" width=\"600\" height=\"338\" frameborder=\"0\" marginwidth=\"0\" marginheight=\"0\" scrolling=\"no\"><\/iframe>\n<\/div><\/figure>\n\n\n\n<figure class=\"wp-block-embed is-type-wp-embed is-provider-incrustado wp-block-embed-incrustado\"><div class=\"wp-block-embed__wrapper\">\n<blockquote class=\"wp-embedded-content\" data-secret=\"nQOSNKFZEi\"><a href=\"https:\/\/wp.catedu.es\/orientateruel\/uet_tutorias-afectivas-proyecto-em-benimaclet\/\">UET_TUTOR\u00cdAS AFECTIVAS: \u00abProyecto Escuela Municipal de Benimaclet\u00bb<\/a><\/blockquote><iframe loading=\"lazy\" class=\"wp-embedded-content\" sandbox=\"allow-scripts\" security=\"restricted\" style=\"position: absolute; visibility: hidden;\" title=\"\u00abUET_TUTOR\u00cdAS AFECTIVAS: \u00abProyecto Escuela Municipal de Benimaclet\u00bb\u00bb \u2014 \" src=\"https:\/\/wp.catedu.es\/orientateruel\/uet_tutorias-afectivas-proyecto-em-benimaclet\/embed\/#?secret=FN7i1bwECm#?secret=nQOSNKFZEi\" data-secret=\"nQOSNKFZEi\" width=\"600\" height=\"338\" frameborder=\"0\" marginwidth=\"0\" marginheight=\"0\" scrolling=\"no\"><\/iframe>\n<\/div><\/figure>\n","protected":false},"excerpt":{"rendered":"","protected":false},"author":441,"featured_media":0,"parent":0,"menu_order":0,"comment_status":"closed","ping_status":"closed","template":"","meta":{"footnotes":""},"class_list":["post-29","page","type-page","status-publish","hentry"],"_links":{"self":[{"href":"https:\/\/wp.catedu.es\/orientateruel\/wp-json\/wp\/v2\/pages\/29","targetHints":{"allow":["GET"]}}],"collection":[{"href":"https:\/\/wp.catedu.es\/orientateruel\/wp-json\/wp\/v2\/pages"}],"about":[{"href":"https:\/\/wp.catedu.es\/orientateruel\/wp-json\/wp\/v2\/types\/page"}],"author":[{"embeddable":true,"href":"https:\/\/wp.catedu.es\/orientateruel\/wp-json\/wp\/v2\/users\/441"}],"replies":[{"embeddable":true,"href":"https:\/\/wp.catedu.es\/orientateruel\/wp-json\/wp\/v2\/comments?post=29"}],"version-history":[{"count":13,"href":"https:\/\/wp.catedu.es\/orientateruel\/wp-json\/wp\/v2\/pages\/29\/revisions"}],"predecessor-version":[{"id":272,"href":"https:\/\/wp.catedu.es\/orientateruel\/wp-json\/wp\/v2\/pages\/29\/revisions\/272"}],"wp:attachment":[{"href":"https:\/\/wp.catedu.es\/orientateruel\/wp-json\/wp\/v2\/media?parent=29"}],"curies":[{"name":"wp","href":"https:\/\/api.w.org\/{rel}","templated":true}]}}