{"id":94,"date":"2019-11-22T19:44:53","date_gmt":"2019-11-22T18:44:53","guid":{"rendered":"http:\/\/wp.catedu.es\/radiolab\/?page_id=94"},"modified":"2020-04-16T10:03:17","modified_gmt":"2020-04-16T09:03:17","slug":"formacion","status":"publish","type":"page","link":"https:\/\/wp.catedu.es\/radiolab\/formacion\/","title":{"rendered":"Formaci\u00f3n"},"content":{"rendered":"<p>Desde RADIOLAB dise\u00f1amos las formaciones pensando en lo que puede ser m\u00e1s \u00fatil para ayudarte en tu trabajo con la radio en el aula, pero nos ayudar\u00eda mucho conocer de primera mano tu opini\u00f3n, por lo que te agradecer\u00edamos que completases el siguiente <a href=\"http:\/\/wp.catedu.es\/radiolab\/solicitud-formacion-en-radio\/\">formulario<\/a>.<\/p>\n<p>Las formaciones dise\u00f1adas para el curso 19-20 son:<\/p>\n<table style=\"border-collapse: collapse; width: 100%; height: 374px;\">\n<tbody>\n<tr style=\"height: 374px;\">\n<td style=\"width: 30.6775%; border-color: #ffffff; height: 374px;\">\n<p><figure id=\"attachment_41\" aria-describedby=\"caption-attachment-41\" style=\"width: 211px\" class=\"wp-caption alignnone\"><a href=\"http:\/\/wp.catedu.es\/radiolab\/wp-content\/uploads\/sites\/113\/2019\/11\/RADIOLAB.png\" target=\"_blank\" rel=\"noopener noreferrer\"><img fetchpriority=\"high\" decoding=\"async\" class=\"wp-image-41 size-medium\" src=\"http:\/\/wp.catedu.es\/radiolab\/wp-content\/uploads\/sites\/113\/2019\/11\/RADIOLAB-211x300.png\" alt=\"Mapa de la Formaci\u00f3n en Radio Educativa en Arag\u00f3n\" width=\"211\" height=\"300\" srcset=\"https:\/\/wp.catedu.es\/radiolab\/wp-content\/uploads\/sites\/113\/2019\/11\/RADIOLAB-211x300.png 211w, https:\/\/wp.catedu.es\/radiolab\/wp-content\/uploads\/sites\/113\/2019\/11\/RADIOLAB.png 397w\" sizes=\"(max-width: 211px) 100vw, 211px\" \/><\/a><figcaption id=\"caption-attachment-41\" class=\"wp-caption-text\">Formaci\u00f3n en Radio Educativa en Arag\u00f3n<\/figcaption><\/figure><\/td>\n<td style=\"width: 69.3225%; border-color: #ffffff; height: 374px; vertical-align: top;\">\n<ul>\n<li><a href=\"http:\/\/wp.catedu.es\/radiolab\/jornada-inicial-radiolab\/\">Jornada Inicial RADIOLAB.<\/a><\/li>\n<li><a href=\"http:\/\/wp.catedu.es\/radiolab\/radiolab-comenzamos\/\">Curso RADIOLAB \u00a1Comenzamos!<\/a><\/li>\n<\/ul>\n<\/td>\n<\/tr>\n<\/tbody>\n<\/table>\n","protected":false},"excerpt":{"rendered":"<p>Desde RADIOLAB dise\u00f1amos las formaciones pensando en lo que puede ser m\u00e1s \u00fatil para ayudarte en tu trabajo con la radio en el aula, pero nos ayudar\u00eda mucho conocer de primera mano tu opini\u00f3n, por lo que te agradecer\u00edamos que completases el siguiente formulario. Las formaciones dise\u00f1adas para el curso 19-20 son: Jornada Inicial RADIOLAB. Curso RADIOLAB \u00a1Comenzamos!<\/p>\n","protected":false},"author":302,"featured_media":0,"parent":0,"menu_order":0,"comment_status":"closed","ping_status":"closed","template":"full-width.php","meta":{"footnotes":""},"class_list":["post-94","page","type-page","status-publish","hentry","excerpt"],"_links":{"self":[{"href":"https:\/\/wp.catedu.es\/radiolab\/wp-json\/wp\/v2\/pages\/94","targetHints":{"allow":["GET"]}}],"collection":[{"href":"https:\/\/wp.catedu.es\/radiolab\/wp-json\/wp\/v2\/pages"}],"about":[{"href":"https:\/\/wp.catedu.es\/radiolab\/wp-json\/wp\/v2\/types\/page"}],"author":[{"embeddable":true,"href":"https:\/\/wp.catedu.es\/radiolab\/wp-json\/wp\/v2\/users\/302"}],"replies":[{"embeddable":true,"href":"https:\/\/wp.catedu.es\/radiolab\/wp-json\/wp\/v2\/comments?post=94"}],"version-history":[{"count":8,"href":"https:\/\/wp.catedu.es\/radiolab\/wp-json\/wp\/v2\/pages\/94\/revisions"}],"predecessor-version":[{"id":173,"href":"https:\/\/wp.catedu.es\/radiolab\/wp-json\/wp\/v2\/pages\/94\/revisions\/173"}],"wp:attachment":[{"href":"https:\/\/wp.catedu.es\/radiolab\/wp-json\/wp\/v2\/media?parent=94"}],"curies":[{"name":"wp","href":"https:\/\/api.w.org\/{rel}","templated":true}]}}