{"id":375,"date":"2020-02-23T08:15:47","date_gmt":"2020-02-23T07:15:47","guid":{"rendered":"http:\/\/wp.catedu.es\/seminarioeducacionfisicabmb\/?page_id=375"},"modified":"2020-02-23T08:19:21","modified_gmt":"2020-02-23T07:19:21","slug":"quienes-somos","status":"publish","type":"page","link":"https:\/\/wp.catedu.es\/seminarioeducacionfisicabmb\/quienes-somos\/","title":{"rendered":"Quienes somos"},"content":{"rendered":"<h2 style=\"text-align: center\"><span style=\"color: #3366ff\"><b>QUIENES SOMOS<\/b><\/span><\/h2>\n<p><span style=\"font-weight: 400\">Grupo de profesores de la especialidad de educaci\u00f3n f\u00edsica tanto de primaria como de secundaria de las localidades pr\u00f3ximas a Barbastro, Monz\u00f3n y Bin\u00e9far en la provincia de Huesca, con ganas de compartir experiencias y de seguir aprendiendo de nuestros compa\u00f1eros. Nos juntamos una o dos veces al mes para realizar una actividad relacionada con nuestra \u00e1rea. Adem\u00e1s de aprender en cada sesi\u00f3n tambi\u00e9n intercambiamos experiencias profesionales y personales. Y cada a\u00f1o nos parece m\u00e1s enriquecedor el seminario. La mejor prueba es que el n\u00famero de compa\u00f1eros ha aumentado y la relaci\u00f3n entre nosotros es muy buena.<\/span><\/p>\n<p style=\"text-align: center\"><img loading=\"lazy\" decoding=\"async\" class=\"alignnone  wp-image-376\" src=\"http:\/\/wp.catedu.es\/seminarioeducacionfisicabmb\/wp-content\/uploads\/sites\/158\/2020\/02\/seminario--270x300.png\" alt=\"\" width=\"535\" height=\"594\" srcset=\"https:\/\/wp.catedu.es\/seminarioeducacionfisicabmb\/wp-content\/uploads\/sites\/158\/2020\/02\/seminario--270x300.png 270w, https:\/\/wp.catedu.es\/seminarioeducacionfisicabmb\/wp-content\/uploads\/sites\/158\/2020\/02\/seminario-.png 675w\" sizes=\"auto, (max-width: 535px) 100vw, 535px\" \/><\/p>\n<p style=\"text-align: center\"><span style=\"font-weight: 400\">\u00a1Los Compis!<\/span><\/p>\n","protected":false},"excerpt":{"rendered":"<p>QUIENES SOMOS Grupo de profesores de la especialidad de educaci\u00f3n f\u00edsica tanto de primaria como de secundaria de las localidades pr\u00f3ximas a Barbastro, Monz\u00f3n y Bin\u00e9far en la provincia de Huesca, con ganas de compartir experiencias y de seguir aprendiendo de nuestros compa\u00f1eros. Nos juntamos una o dos veces al mes para realizar una actividad &hellip; <\/p>\n<p><a class=\"more-link btn\" href=\"https:\/\/wp.catedu.es\/seminarioeducacionfisicabmb\/quienes-somos\/\">Seguir leyendo<\/a><\/p>\n","protected":false},"author":187,"featured_media":0,"parent":0,"menu_order":0,"comment_status":"closed","ping_status":"closed","template":"","meta":{"footnotes":""},"class_list":["post-375","page","type-page","status-publish","hentry","nodate","item-wrap"],"_links":{"self":[{"href":"https:\/\/wp.catedu.es\/seminarioeducacionfisicabmb\/wp-json\/wp\/v2\/pages\/375","targetHints":{"allow":["GET"]}}],"collection":[{"href":"https:\/\/wp.catedu.es\/seminarioeducacionfisicabmb\/wp-json\/wp\/v2\/pages"}],"about":[{"href":"https:\/\/wp.catedu.es\/seminarioeducacionfisicabmb\/wp-json\/wp\/v2\/types\/page"}],"author":[{"embeddable":true,"href":"https:\/\/wp.catedu.es\/seminarioeducacionfisicabmb\/wp-json\/wp\/v2\/users\/187"}],"replies":[{"embeddable":true,"href":"https:\/\/wp.catedu.es\/seminarioeducacionfisicabmb\/wp-json\/wp\/v2\/comments?post=375"}],"version-history":[{"count":4,"href":"https:\/\/wp.catedu.es\/seminarioeducacionfisicabmb\/wp-json\/wp\/v2\/pages\/375\/revisions"}],"predecessor-version":[{"id":381,"href":"https:\/\/wp.catedu.es\/seminarioeducacionfisicabmb\/wp-json\/wp\/v2\/pages\/375\/revisions\/381"}],"wp:attachment":[{"href":"https:\/\/wp.catedu.es\/seminarioeducacionfisicabmb\/wp-json\/wp\/v2\/media?parent=375"}],"curies":[{"name":"wp","href":"https:\/\/api.w.org\/{rel}","templated":true}]}}