{"id":17,"date":"2019-01-27T11:16:04","date_gmt":"2019-01-27T10:16:04","guid":{"rendered":"http:\/\/wp.catedu.es\/steamjam\/?page_id=17"},"modified":"2019-02-02T16:04:06","modified_gmt":"2019-02-02T15:04:06","slug":"que-es-steam-jam","status":"publish","type":"page","link":"https:\/\/wp.catedu.es\/steamjam\/","title":{"rendered":"QU\u00c9 ES STEAM JAM 2019"},"content":{"rendered":"<p style=\"text-align: justify\"><span style=\"color: #333333\"><b>STEAM JAM<\/b><\/span><span style=\"font-weight: 400\"> nace como respuesta formativa para el sector educativo con el reto de crear puentes metodol\u00f3gicos eficaces entre las materias STEAM hacia una educaci\u00f3n integral para el Siglo XXI. <\/span><\/p>\n<p style=\"text-align: justify\"><span style=\"color: #333333\"><b>STEAM JAM<\/b><\/span><span style=\"font-weight: 400\"> se nutre de la metodolog\u00eda del <\/span><span style=\"color: #333333\"><b>Design Thinking<\/b><\/span><span style=\"font-weight: 400\"> y la disciplina de<\/span><span style=\"color: #333333\"><b> Dise\u00f1o de Servicios<\/b><\/span><span style=\"font-weight: 400\">, donde ponemos a disposici\u00f3n del profesorado la experiencia de participar en el proceso de un proyecto de dise\u00f1o en el \u00e1mbito educativo trabajando colaborativamente.<\/span><\/p>\n<p style=\"text-align: justify\"><span style=\"color: #333333\"><b>STEAM JAM<\/b><\/span><span style=\"font-weight: 400\"> es un evento formativo en primera persona, 100% pragm\u00e1tico, en el cual con <\/span><span style=\"color: #333333\"><b>metodolog\u00edas \u00e1giles<\/b><\/span><span style=\"font-weight: 400\"> cada equipo trabajar\u00e1 sobre la base de un reto dado.<\/span><\/p>\n<p style=\"text-align: justify\"><span style=\"color: #333333\"><strong>STEAM JAM<\/strong> <\/span>es una experiencia que ofrece a los docentes <a href=\"http:\/\/web.catedu.es\/webcatedu\/\" target=\"_blank\" rel=\"noopener\"><strong>CATEDU (Centro de Tecnolog\u00edas para la Educaci\u00f3n)<\/strong> <strong>del<\/strong> <strong>Departamento de Educaci\u00f3n, Cultura y Deporte<\/strong><\/a>, en colaboraci\u00f3n con <a href=\"http:\/\/www.aragon.es\/DepartamentosOrganismosPublicos\/Departamentos\/EconomiaIndustriaEmpleo\/AreasTematicas\/FomentoIndustrialyPYME\/CentroAragonesDisenoIndustrial\" target=\"_blank\" rel=\"noopener\"><strong>CADI (Centro aragon\u00e9s de dise\u00f1o)<\/strong> <strong>del Departamento de Econom\u00eda, Industria y Empleo<\/strong><\/a>, ambos del <span style=\"color: #333333\"><strong>Gobierno de Arag\u00f3n.<\/strong><\/span><\/p>\n<p><a href=\"http:\/\/wp.catedu.es\/steamjam\/wp-content\/uploads\/sites\/125\/2019\/01\/enaged.png\" target=\"_blank\" rel=\"noopener\" data-rel=\"lightbox-image-0\" data-rl_title=\"\" data-rl_caption=\"\"><img loading=\"lazy\" decoding=\"async\" class=\"aligncenter wp-image-75 size-full\" title=\"\" src=\"http:\/\/wp.catedu.es\/steamjam\/wp-content\/uploads\/sites\/125\/2019\/01\/enaged.png\" alt=\"STEAM JAM 2019\" width=\"560\" height=\"315\" srcset=\"https:\/\/wp.catedu.es\/steamjam\/wp-content\/uploads\/sites\/125\/2019\/01\/enaged.png 560w, https:\/\/wp.catedu.es\/steamjam\/wp-content\/uploads\/sites\/125\/2019\/01\/enaged-300x169.png 300w\" sizes=\"auto, (max-width: 560px) 100vw, 560px\" \/><\/a><\/p>\n","protected":false},"excerpt":{"rendered":"<p>STEAM JAM nace como respuesta formativa para el sector educativo con el reto de crear puentes metodol\u00f3gicos eficaces entre las materias STEAM hacia una educaci\u00f3n integral para el Siglo XXI. STEAM JAM se nutre de la metodolog\u00eda del Design Thinking<\/p>\n","protected":false},"author":252,"featured_media":0,"parent":0,"menu_order":0,"comment_status":"closed","ping_status":"closed","template":"","meta":{"footnotes":""},"class_list":["post-17","page","type-page","status-publish","hentry"],"_links":{"self":[{"href":"https:\/\/wp.catedu.es\/steamjam\/wp-json\/wp\/v2\/pages\/17","targetHints":{"allow":["GET"]}}],"collection":[{"href":"https:\/\/wp.catedu.es\/steamjam\/wp-json\/wp\/v2\/pages"}],"about":[{"href":"https:\/\/wp.catedu.es\/steamjam\/wp-json\/wp\/v2\/types\/page"}],"author":[{"embeddable":true,"href":"https:\/\/wp.catedu.es\/steamjam\/wp-json\/wp\/v2\/users\/252"}],"replies":[{"embeddable":true,"href":"https:\/\/wp.catedu.es\/steamjam\/wp-json\/wp\/v2\/comments?post=17"}],"version-history":[{"count":10,"href":"https:\/\/wp.catedu.es\/steamjam\/wp-json\/wp\/v2\/pages\/17\/revisions"}],"predecessor-version":[{"id":188,"href":"https:\/\/wp.catedu.es\/steamjam\/wp-json\/wp\/v2\/pages\/17\/revisions\/188"}],"wp:attachment":[{"href":"https:\/\/wp.catedu.es\/steamjam\/wp-json\/wp\/v2\/media?parent=17"}],"curies":[{"name":"wp","href":"https:\/\/api.w.org\/{rel}","templated":true}]}}