{"id":23,"date":"2017-11-19T07:19:34","date_gmt":"2017-11-19T06:19:34","guid":{"rendered":"http:\/\/wp.catedu.es\/unratondepatio\/?page_id=23"},"modified":"2017-11-19T17:40:03","modified_gmt":"2017-11-19T16:40:03","slug":"raton","status":"publish","type":"page","link":"https:\/\/wp.catedu.es\/unratondepatio\/raton\/","title":{"rendered":"Rat\u00f3n"},"content":{"rendered":"<p style=\"text-align: center\"><strong>BIOGRAF\u00cdA<\/strong><\/p>\n<p style=\"text-align: left\">El rat\u00f3n nace el 18 de Julio de 2015 d\u00eda en el que le coloco la camiseta de +E.F., a partir de ah\u00ed y con la ayuda de Isabel y Beti llega a las segundas jornadas de +E.F. el 28 de Noviembre de 2015, donde se entrega plastificado a los asistentes para que lo puedan llevar como llavero. Desde ese momento empiezo a usarlo para todo introduciendolo en el aula de una manera m\u00e1s activa, ya sea con dibujos plastificados o a trav\u00e9s de las Tics, donde empiezo a vestirlo con diferentes tem\u00e1ticas la mayor\u00eda de educaci\u00f3n f\u00edsica, pero tambi\u00e9n lo uso para el resto de \u00e1reas que imparto como tutor.<\/p>\n<p style=\"text-align: left\">El 19 de enero de 2017 lo modifico y tambi\u00e9n cambio la camiseta, quedando como lo conocemos ahora, sigo trabajando con \u00e9l y en \u00e9l, y forma parte de mi aula vaya donde vaya.<\/p>\n<p style=\"text-align: left\">Ahora os voy a contar un poco m\u00e1s sobre \u00e9l, tiene dos a\u00f1os y sus deportes favoritos son la carrera, la nataci\u00f3n y el datchball, le gusta la fruta y la verdura aunque come de todo y tiene debilidad por los Toblerone. Es madrugador y le encanta estar con los alumnos en clase, el colegio es lo que m\u00e1s le gusta. Tiene muchos amigos con los que suele ir a jugar y evidentemente le encantan las Tics.<\/p>\n","protected":false},"excerpt":{"rendered":"<p>BIOGRAF\u00cdA El rat\u00f3n nace el 18 de Julio de 2015 d\u00eda en el que le coloco la camiseta de +E.F., a partir de ah\u00ed y con la ayuda de Isabel y Beti llega a las segundas jornadas de +E.F. el &hellip; <a href=\"https:\/\/wp.catedu.es\/unratondepatio\/raton\/\">Sigue leyendo <span class=\"meta-nav\">&rarr;<\/span><\/a><\/p>\n","protected":false},"author":187,"featured_media":0,"parent":0,"menu_order":0,"comment_status":"closed","ping_status":"closed","template":"","meta":{"footnotes":""},"class_list":["post-23","page","type-page","status-publish","hentry"],"_links":{"self":[{"href":"https:\/\/wp.catedu.es\/unratondepatio\/wp-json\/wp\/v2\/pages\/23","targetHints":{"allow":["GET"]}}],"collection":[{"href":"https:\/\/wp.catedu.es\/unratondepatio\/wp-json\/wp\/v2\/pages"}],"about":[{"href":"https:\/\/wp.catedu.es\/unratondepatio\/wp-json\/wp\/v2\/types\/page"}],"author":[{"embeddable":true,"href":"https:\/\/wp.catedu.es\/unratondepatio\/wp-json\/wp\/v2\/users\/187"}],"replies":[{"embeddable":true,"href":"https:\/\/wp.catedu.es\/unratondepatio\/wp-json\/wp\/v2\/comments?post=23"}],"version-history":[{"count":4,"href":"https:\/\/wp.catedu.es\/unratondepatio\/wp-json\/wp\/v2\/pages\/23\/revisions"}],"predecessor-version":[{"id":50,"href":"https:\/\/wp.catedu.es\/unratondepatio\/wp-json\/wp\/v2\/pages\/23\/revisions\/50"}],"wp:attachment":[{"href":"https:\/\/wp.catedu.es\/unratondepatio\/wp-json\/wp\/v2\/media?parent=23"}],"curies":[{"name":"wp","href":"https:\/\/api.w.org\/{rel}","templated":true}]}}

Ratón

<p style="text-align: center"><strong>BIOGRAFÍA</strong></p>
<p style="text-align: left">El ratón nace el 18 de Julio de 2015 día en el que le coloco la camiseta de +E.F., a partir de ahí y con la ayuda de Isabel y Beti llega a las segundas jornadas de +E.F. el 28 de Noviembre de 2015, donde se entrega plastificado a los asistentes para que lo puedan llevar como llavero. Desde ese momento empiezo a usarlo para todo introduciendolo en el aula de una manera más activa, ya sea con dibujos plastificados o a través de las Tics, donde empiezo a vestirlo con diferentes temáticas la mayoría de educación física, pero también lo uso para el resto de áreas que imparto como tutor.</p>
<p style="text-align: left">El 19 de enero de 2017 lo modifico y también cambio la camiseta, quedando como lo conocemos ahora, sigo trabajando con él y en él, y forma parte de mi aula vaya donde vaya.</p>
<p style="text-align: left">Ahora os voy a contar un poco más sobre él, tiene dos años y sus deportes favoritos son la carrera, la natación y el datchball, le gusta la fruta y la verdura aunque come de todo y tiene debilidad por los Toblerone. Es madrugador y le encanta estar con los alumnos en clase, el colegio es lo que más le gusta. Tiene muchos amigos con los que suele ir a jugar y evidentemente le encantan las Tics.</p>

<p>BIOGRAFÍA El ratón nace el 18 de Julio de 2015 día en el que le coloco la camiseta de +E.F., a partir de ahí y con la ayuda de Isabel y Beti llega a las segundas jornadas de +E.F. el &hellip; <a href="https://wp.catedu.es/unratondepatio/raton/">Sigue leyendo <span class="meta-nav">&rarr;</span></a></p>
