{"id":66,"date":"2018-11-02T08:02:28","date_gmt":"2018-11-02T07:02:28","guid":{"rendered":"http:\/\/wp.catedu.es\/unratondepatio\/?page_id=66"},"modified":"2019-10-13T11:53:18","modified_gmt":"2019-10-13T10:53:18","slug":"imagenes-del-raton","status":"publish","type":"page","link":"https:\/\/wp.catedu.es\/unratondepatio\/imagenes-del-raton\/","title":{"rendered":"Im\u00e1genes del Rat\u00f3n"},"content":{"rendered":"<p>En esta p\u00e1gina os dejo las im\u00e1genes del rat\u00f3n por si os las quer\u00e9is descargar y utilizarlas:<\/p>\n<p style=\"text-align: center\"><img fetchpriority=\"high\" decoding=\"async\" class=\"alignnone size-medium wp-image-67\" src=\"http:\/\/wp.catedu.es\/unratondepatio\/wp-content\/uploads\/sites\/96\/2018\/11\/RAT\u00d3N-2017-ANCLA-217x300.jpg\" alt=\"RAT\u00d3N 2017 ANCLA\" width=\"217\" height=\"300\" srcset=\"https:\/\/wp.catedu.es\/unratondepatio\/wp-content\/uploads\/sites\/96\/2018\/11\/RAT\u00d3N-2017-ANCLA-217x300.jpg 217w, https:\/\/wp.catedu.es\/unratondepatio\/wp-content\/uploads\/sites\/96\/2018\/11\/RAT\u00d3N-2017-ANCLA-768x1063.jpg 768w, https:\/\/wp.catedu.es\/unratondepatio\/wp-content\/uploads\/sites\/96\/2018\/11\/RAT\u00d3N-2017-ANCLA-740x1024.jpg 740w, https:\/\/wp.catedu.es\/unratondepatio\/wp-content\/uploads\/sites\/96\/2018\/11\/RAT\u00d3N-2017-ANCLA.jpg 1193w\" sizes=\"(max-width: 217px) 100vw, 217px\" \/> <img decoding=\"async\" class=\"alignnone size-medium wp-image-68\" src=\"http:\/\/wp.catedu.es\/unratondepatio\/wp-content\/uploads\/sites\/96\/2018\/11\/RAT\u00d3N-2017-JORNADAS-EF-BINEFAR-217x300.jpg\" alt=\"RAT\u00d3N 2017 JORNADAS EF BINEFAR\" width=\"217\" height=\"300\" srcset=\"https:\/\/wp.catedu.es\/unratondepatio\/wp-content\/uploads\/sites\/96\/2018\/11\/RAT\u00d3N-2017-JORNADAS-EF-BINEFAR-217x300.jpg 217w, https:\/\/wp.catedu.es\/unratondepatio\/wp-content\/uploads\/sites\/96\/2018\/11\/RAT\u00d3N-2017-JORNADAS-EF-BINEFAR-768x1063.jpg 768w, https:\/\/wp.catedu.es\/unratondepatio\/wp-content\/uploads\/sites\/96\/2018\/11\/RAT\u00d3N-2017-JORNADAS-EF-BINEFAR-740x1024.jpg 740w, https:\/\/wp.catedu.es\/unratondepatio\/wp-content\/uploads\/sites\/96\/2018\/11\/RAT\u00d3N-2017-JORNADAS-EF-BINEFAR.jpg 1193w\" sizes=\"(max-width: 217px) 100vw, 217px\" \/><\/p>\n<p style=\"text-align: center\"><strong>RAT\u00d3N 2017 Y RAT\u00d3N JORNADAS BIN\u00c9FAR 2018<\/strong><\/p>\n<p style=\"text-align: center\"><img decoding=\"async\" class=\"alignnone size-medium wp-image-69\" src=\"http:\/\/wp.catedu.es\/unratondepatio\/wp-content\/uploads\/sites\/96\/2018\/11\/RAT\u00d3N-2017-LIVERPOOL-217x300.jpg\" alt=\"RAT\u00d3N 2017 LIVERPOOL\" width=\"217\" height=\"300\" srcset=\"https:\/\/wp.catedu.es\/unratondepatio\/wp-content\/uploads\/sites\/96\/2018\/11\/RAT\u00d3N-2017-LIVERPOOL-217x300.jpg 217w, https:\/\/wp.catedu.es\/unratondepatio\/wp-content\/uploads\/sites\/96\/2018\/11\/RAT\u00d3N-2017-LIVERPOOL-768x1063.jpg 768w, https:\/\/wp.catedu.es\/unratondepatio\/wp-content\/uploads\/sites\/96\/2018\/11\/RAT\u00d3N-2017-LIVERPOOL-740x1024.jpg 740w, https:\/\/wp.catedu.es\/unratondepatio\/wp-content\/uploads\/sites\/96\/2018\/11\/RAT\u00d3N-2017-LIVERPOOL.jpg 1193w\" sizes=\"(max-width: 217px) 100vw, 217px\" \/> <img loading=\"lazy\" decoding=\"async\" class=\"alignnone size-medium wp-image-70\" src=\"http:\/\/wp.catedu.es\/unratondepatio\/wp-content\/uploads\/sites\/96\/2018\/11\/IMG_5836-217x300.jpg\" alt=\"IMG_5836\" width=\"217\" height=\"300\" srcset=\"https:\/\/wp.catedu.es\/unratondepatio\/wp-content\/uploads\/sites\/96\/2018\/11\/IMG_5836-217x300.jpg 217w, https:\/\/wp.catedu.es\/unratondepatio\/wp-content\/uploads\/sites\/96\/2018\/11\/IMG_5836.jpg 740w\" sizes=\"(max-width: 217px) 100vw, 217px\" \/><\/p>\n<p style=\"text-align: center\"><strong>RAT\u00d3N LIIVERPOOL Y RAT\u00d3N PRIMEROS AUXILIOS<\/strong><\/p>\n<p style=\"text-align: center\"><img loading=\"lazy\" decoding=\"async\" class=\"alignnone size-medium wp-image-71\" src=\"http:\/\/wp.catedu.es\/unratondepatio\/wp-content\/uploads\/sites\/96\/2018\/11\/RAT\u00d3N-2017-RUGBY-238x300.jpg\" alt=\"RAT\u00d3N 2017 RUGBY\" width=\"238\" height=\"300\" srcset=\"https:\/\/wp.catedu.es\/unratondepatio\/wp-content\/uploads\/sites\/96\/2018\/11\/RAT\u00d3N-2017-RUGBY-238x300.jpg 238w, https:\/\/wp.catedu.es\/unratondepatio\/wp-content\/uploads\/sites\/96\/2018\/11\/RAT\u00d3N-2017-RUGBY-768x969.jpg 768w, https:\/\/wp.catedu.es\/unratondepatio\/wp-content\/uploads\/sites\/96\/2018\/11\/RAT\u00d3N-2017-RUGBY-811x1024.jpg 811w, https:\/\/wp.catedu.es\/unratondepatio\/wp-content\/uploads\/sites\/96\/2018\/11\/RAT\u00d3N-2017-RUGBY.jpg 1426w\" sizes=\"(max-width: 238px) 100vw, 238px\" \/> <img loading=\"lazy\" decoding=\"async\" class=\"alignnone size-medium wp-image-72\" src=\"http:\/\/wp.catedu.es\/unratondepatio\/wp-content\/uploads\/sites\/96\/2018\/11\/RAT\u00d3N-2017-SABER-M\u00c1S-237x300.jpg\" alt=\"RAT\u00d3N 2017 SABER M\u00c1S\" width=\"237\" height=\"300\" srcset=\"https:\/\/wp.catedu.es\/unratondepatio\/wp-content\/uploads\/sites\/96\/2018\/11\/RAT\u00d3N-2017-SABER-M\u00c1S-237x300.jpg 237w, https:\/\/wp.catedu.es\/unratondepatio\/wp-content\/uploads\/sites\/96\/2018\/11\/RAT\u00d3N-2017-SABER-M\u00c1S-768x973.jpg 768w, https:\/\/wp.catedu.es\/unratondepatio\/wp-content\/uploads\/sites\/96\/2018\/11\/RAT\u00d3N-2017-SABER-M\u00c1S-808x1024.jpg 808w, https:\/\/wp.catedu.es\/unratondepatio\/wp-content\/uploads\/sites\/96\/2018\/11\/RAT\u00d3N-2017-SABER-M\u00c1S.jpg 1500w\" sizes=\"(max-width: 237px) 100vw, 237px\" \/><\/p>\n<p style=\"text-align: center\"><strong>RAT\u00d3N RUGBY Y RAT\u00d3N SABER M\u00c1S<\/strong><\/p>\n<p style=\"text-align: center\"><img loading=\"lazy\" decoding=\"async\" class=\"alignnone  wp-image-117\" src=\"http:\/\/wp.catedu.es\/unratondepatio\/wp-content\/uploads\/sites\/96\/2019\/10\/RAT\u00d3N-2017-ANCLA-TOLERANCIA-0-194x300.jpg\" alt=\"\" width=\"225\" height=\"342\" \/> <img loading=\"lazy\" decoding=\"async\" class=\"alignnone  wp-image-118\" src=\"http:\/\/wp.catedu.es\/unratondepatio\/wp-content\/uploads\/sites\/96\/2019\/10\/RAT\u00d3N-2017-COMPIS-2-217x300.jpg\" alt=\"\" width=\"251\" height=\"343\" \/><\/p>\n<p style=\"text-align: center\"><strong>RAT\u00d3N TOLERANICIA 0 Y RA\u00b4T\u00d3N COMPIS<\/strong><\/p>\n<p style=\"text-align: center\"><img loading=\"lazy\" decoding=\"async\" class=\"alignnone size-medium wp-image-120\" src=\"http:\/\/wp.catedu.es\/unratondepatio\/wp-content\/uploads\/sites\/96\/2019\/10\/RAT\u00d3N-2017-EF-ESTADILLA-FONZ-217x300.jpg\" alt=\"\" width=\"217\" height=\"300\" srcset=\"https:\/\/wp.catedu.es\/unratondepatio\/wp-content\/uploads\/sites\/96\/2019\/10\/RAT\u00d3N-2017-EF-ESTADILLA-FONZ-217x300.jpg 217w, https:\/\/wp.catedu.es\/unratondepatio\/wp-content\/uploads\/sites\/96\/2019\/10\/RAT\u00d3N-2017-EF-ESTADILLA-FONZ-768x1063.jpg 768w, https:\/\/wp.catedu.es\/unratondepatio\/wp-content\/uploads\/sites\/96\/2019\/10\/RAT\u00d3N-2017-EF-ESTADILLA-FONZ-740x1024.jpg 740w, https:\/\/wp.catedu.es\/unratondepatio\/wp-content\/uploads\/sites\/96\/2019\/10\/RAT\u00d3N-2017-EF-ESTADILLA-FONZ.jpg 1193w\" sizes=\"(max-width: 217px) 100vw, 217px\" \/> <img loading=\"lazy\" decoding=\"async\" class=\"alignnone size-medium wp-image-121\" src=\"http:\/\/wp.catedu.es\/unratondepatio\/wp-content\/uploads\/sites\/96\/2019\/10\/Vestido-grecia-Hombre-Modificado-248x300.jpg\" alt=\"\" width=\"248\" height=\"300\" srcset=\"https:\/\/wp.catedu.es\/unratondepatio\/wp-content\/uploads\/sites\/96\/2019\/10\/Vestido-grecia-Hombre-Modificado-248x300.jpg 248w, https:\/\/wp.catedu.es\/unratondepatio\/wp-content\/uploads\/sites\/96\/2019\/10\/Vestido-grecia-Hombre-Modificado-768x931.jpg 768w, https:\/\/wp.catedu.es\/unratondepatio\/wp-content\/uploads\/sites\/96\/2019\/10\/Vestido-grecia-Hombre-Modificado-845x1024.jpg 845w\" sizes=\"(max-width: 248px) 100vw, 248px\" \/><\/p>\n<p style=\"text-align: center\"><strong>RAT\u00d3N ESTADILLA FONZ Y RAT\u00d3N GRECIA<\/strong><\/p>\n<p style=\"text-align: center\"><img loading=\"lazy\" decoding=\"async\" class=\"alignnone size-medium wp-image-122\" src=\"http:\/\/wp.catedu.es\/unratondepatio\/wp-content\/uploads\/sites\/96\/2019\/10\/RAT\u00d3N-2017-BEISBOL-217x300.jpg\" alt=\"\" width=\"217\" height=\"300\" srcset=\"https:\/\/wp.catedu.es\/unratondepatio\/wp-content\/uploads\/sites\/96\/2019\/10\/RAT\u00d3N-2017-BEISBOL-217x300.jpg 217w, https:\/\/wp.catedu.es\/unratondepatio\/wp-content\/uploads\/sites\/96\/2019\/10\/RAT\u00d3N-2017-BEISBOL-768x1063.jpg 768w, https:\/\/wp.catedu.es\/unratondepatio\/wp-content\/uploads\/sites\/96\/2019\/10\/RAT\u00d3N-2017-BEISBOL-740x1024.jpg 740w, https:\/\/wp.catedu.es\/unratondepatio\/wp-content\/uploads\/sites\/96\/2019\/10\/RAT\u00d3N-2017-BEISBOL.jpg 1193w\" sizes=\"(max-width: 217px) 100vw, 217px\" \/> <img loading=\"lazy\" decoding=\"async\" class=\"alignnone size-medium wp-image-123\" src=\"http:\/\/wp.catedu.es\/unratondepatio\/wp-content\/uploads\/sites\/96\/2019\/10\/RAT\u00d3N-2017-DATCHBALL-233x300.jpg\" alt=\"\" width=\"233\" height=\"300\" srcset=\"https:\/\/wp.catedu.es\/unratondepatio\/wp-content\/uploads\/sites\/96\/2019\/10\/RAT\u00d3N-2017-DATCHBALL-233x300.jpg 233w, https:\/\/wp.catedu.es\/unratondepatio\/wp-content\/uploads\/sites\/96\/2019\/10\/RAT\u00d3N-2017-DATCHBALL-768x987.jpg 768w, https:\/\/wp.catedu.es\/unratondepatio\/wp-content\/uploads\/sites\/96\/2019\/10\/RAT\u00d3N-2017-DATCHBALL-796x1024.jpg 796w, https:\/\/wp.catedu.es\/unratondepatio\/wp-content\/uploads\/sites\/96\/2019\/10\/RAT\u00d3N-2017-DATCHBALL.jpg 1400w\" sizes=\"(max-width: 233px) 100vw, 233px\" \/><\/p>\n<p style=\"text-align: center\"><strong>RAT\u00d3N BASEBALL Y RAT\u00d3N DATCHBALL<\/strong><\/p>\n<p style=\"text-align: center\"><img loading=\"lazy\" decoding=\"async\" class=\"alignnone size-medium wp-image-128\" src=\"http:\/\/wp.catedu.es\/unratondepatio\/wp-content\/uploads\/sites\/96\/2019\/10\/IMG_0744-265x300.jpg\" alt=\"\" width=\"265\" height=\"300\" srcset=\"https:\/\/wp.catedu.es\/unratondepatio\/wp-content\/uploads\/sites\/96\/2019\/10\/IMG_0744-265x300.jpg 265w, https:\/\/wp.catedu.es\/unratondepatio\/wp-content\/uploads\/sites\/96\/2019\/10\/IMG_0744-768x871.jpg 768w, https:\/\/wp.catedu.es\/unratondepatio\/wp-content\/uploads\/sites\/96\/2019\/10\/IMG_0744-903x1024.jpg 903w, https:\/\/wp.catedu.es\/unratondepatio\/wp-content\/uploads\/sites\/96\/2019\/10\/IMG_0744.jpg 1912w\" sizes=\"(max-width: 265px) 100vw, 265px\" \/> <img loading=\"lazy\" decoding=\"async\" class=\"alignnone size-medium wp-image-129\" src=\"http:\/\/wp.catedu.es\/unratondepatio\/wp-content\/uploads\/sites\/96\/2019\/10\/RAT\u00d3N-2017-COMBA-258x300.jpg\" alt=\"\" width=\"258\" height=\"300\" srcset=\"https:\/\/wp.catedu.es\/unratondepatio\/wp-content\/uploads\/sites\/96\/2019\/10\/RAT\u00d3N-2017-COMBA-258x300.jpg 258w, https:\/\/wp.catedu.es\/unratondepatio\/wp-content\/uploads\/sites\/96\/2019\/10\/RAT\u00d3N-2017-COMBA-768x893.jpg 768w, https:\/\/wp.catedu.es\/unratondepatio\/wp-content\/uploads\/sites\/96\/2019\/10\/RAT\u00d3N-2017-COMBA-881x1024.jpg 881w, https:\/\/wp.catedu.es\/unratondepatio\/wp-content\/uploads\/sites\/96\/2019\/10\/RAT\u00d3N-2017-COMBA.jpg 1800w\" sizes=\"(max-width: 258px) 100vw, 258px\" \/><\/p>\n<p style=\"text-align: center\"><strong>RAT\u00d3N ESQU\u00cd Y RAT\u00d3N COMBA<\/strong><\/p>\n<p style=\"text-align: center\">\n","protected":false},"excerpt":{"rendered":"<p>En esta p\u00e1gina os dejo las im\u00e1genes del rat\u00f3n por si os las quer\u00e9is descargar y utilizarlas: RAT\u00d3N 2017 Y RAT\u00d3N JORNADAS BIN\u00c9FAR 2018 RAT\u00d3N LIIVERPOOL Y RAT\u00d3N PRIMEROS AUXILIOS RAT\u00d3N RUGBY Y RAT\u00d3N SABER M\u00c1S RAT\u00d3N TOLERANICIA 0 Y &hellip; <a href=\"https:\/\/wp.catedu.es\/unratondepatio\/imagenes-del-raton\/\">Sigue leyendo <span class=\"meta-nav\">&rarr;<\/span><\/a><\/p>\n","protected":false},"author":236,"featured_media":0,"parent":0,"menu_order":0,"comment_status":"closed","ping_status":"closed","template":"","meta":{"footnotes":""},"class_list":["post-66","page","type-page","status-publish","hentry"],"_links":{"self":[{"href":"https:\/\/wp.catedu.es\/unratondepatio\/wp-json\/wp\/v2\/pages\/66","targetHints":{"allow":["GET"]}}],"collection":[{"href":"https:\/\/wp.catedu.es\/unratondepatio\/wp-json\/wp\/v2\/pages"}],"about":[{"href":"https:\/\/wp.catedu.es\/unratondepatio\/wp-json\/wp\/v2\/types\/page"}],"author":[{"embeddable":true,"href":"https:\/\/wp.catedu.es\/unratondepatio\/wp-json\/wp\/v2\/users\/236"}],"replies":[{"embeddable":true,"href":"https:\/\/wp.catedu.es\/unratondepatio\/wp-json\/wp\/v2\/comments?post=66"}],"version-history":[{"count":3,"href":"https:\/\/wp.catedu.es\/unratondepatio\/wp-json\/wp\/v2\/pages\/66\/revisions"}],"predecessor-version":[{"id":130,"href":"https:\/\/wp.catedu.es\/unratondepatio\/wp-json\/wp\/v2\/pages\/66\/revisions\/130"}],"wp:attachment":[{"href":"https:\/\/wp.catedu.es\/unratondepatio\/wp-json\/wp\/v2\/media?parent=66"}],"curies":[{"name":"wp","href":"https:\/\/api.w.org\/{rel}","templated":true}]}}